{"id":4949,"date":"2024-04-02T09:08:38","date_gmt":"2024-04-02T09:08:38","guid":{"rendered":"https:\/\/freeimprobarcelona.com\/?post_type=mec-events&#038;p=4949"},"modified":"2024-04-02T09:15:17","modified_gmt":"2024-04-02T09:15:17","slug":"jam-aniversari-marianne","status":"publish","type":"mec-events","link":"https:\/\/freeimprobarcelona.com\/es\/calendar\/jam-aniversari-marianne\/","title":{"rendered":"Jam Aniversari Marianne"},"content":{"rendered":"<p>Hace ya m\u00e1s de un a\u00f1o que nos dej\u00f3 la musa de la improvisaci\u00f3n de Barcelona Marianne Brull. Desde el ateneo cooperativo la Base del Poble Sec y con la coordinaci\u00f3n de Anna Subirana y Miriam F\u00e8lix se organiza esta Jam de improvisaci\u00f3n libre en honor a Marianne. Est\u00e1 todas y todos invitados. Pase, escuche y disfruta.<\/p>\n","protected":false},"excerpt":{"rendered":"<p>Hace ya m\u00e1s de un a\u00f1o que nos dej\u00f3 la musa de la improvisaci\u00f3n de Barcelona Marianne Brull. Desde el ateneo cooperativo la Base del Poble Sec y con la coordinaci\u00f3n de Anna Subirana y Miriam F\u00e8lix se organiza esta Jam de improvisaci\u00f3n libre en honor a Marianne. Est\u00e1 todas y todos invitados. Pase, escuche [&hellip;]<\/p>\n","protected":false},"author":2,"featured_media":4947,"template":"","meta":{"_et_pb_use_builder":"","_et_pb_old_content":"","_et_gb_content_width":""},"tags":[],"mec_category":[],"mec_speaker":[],"class_list":["post-4949","mec-events","type-mec-events","status-publish","has-post-thumbnail","hentry"],"yoast_head":"<!-- This site is optimized with the Yoast SEO plugin v19.9 - https:\/\/yoast.com\/wordpress\/plugins\/seo\/ -->\n<title>Jam Aniversari Marianne - Free Impro Barcelona<\/title>\n<meta name=\"robots\" content=\"index, follow, max-snippet:-1, max-image-preview:large, max-video-preview:-1\" \/>\n<link rel=\"canonical\" href=\"https:\/\/freeimprobarcelona.com\/es\/calendar\/jam-aniversari-marianne\/\" \/>\n<meta property=\"og:locale\" content=\"es_ES\" \/>\n<meta property=\"og:type\" content=\"article\" \/>\n<meta property=\"og:title\" content=\"Jam Aniversari Marianne - Free Impro Barcelona\" \/>\n<meta property=\"og:description\" content=\"Hace ya m\u00e1s de un a\u00f1o que nos dej\u00f3 la musa de la improvisaci\u00f3n de Barcelona Marianne Brull. Desde el ateneo cooperativo la Base del Poble Sec y con la coordinaci\u00f3n de Anna Subirana y Miriam F\u00e8lix se organiza esta Jam de improvisaci\u00f3n libre en honor a Marianne. Est\u00e1 todas y todos invitados. Pase, escuche [&hellip;]\" \/>\n<meta property=\"og:url\" content=\"https:\/\/freeimprobarcelona.com\/es\/calendar\/jam-aniversari-marianne\/\" \/>\n<meta property=\"og:site_name\" content=\"Free Impro Barcelona\" \/>\n<meta property=\"article:modified_time\" content=\"2024-04-02T09:15:17+00:00\" \/>\n<meta property=\"og:image\" content=\"https:\/\/freeimprobarcelona.com\/wp-content\/uploads\/2024\/04\/WhatsApp-Image-2024-04-01-at-21.02.59.jpeg\" \/>\n\t<meta property=\"og:image:width\" content=\"1131\" \/>\n\t<meta property=\"og:image:height\" content=\"1600\" \/>\n\t<meta property=\"og:image:type\" content=\"image\/jpeg\" \/>\n<meta name=\"twitter:card\" content=\"summary_large_image\" \/>\n<script type=\"application\/ld+json\" class=\"yoast-schema-graph\">{\"@context\":\"https:\/\/schema.org\",\"@graph\":[{\"@type\":\"WebPage\",\"@id\":\"https:\/\/freeimprobarcelona.com\/es\/calendar\/jam-aniversari-marianne\/\",\"url\":\"https:\/\/freeimprobarcelona.com\/es\/calendar\/jam-aniversari-marianne\/\",\"name\":\"Jam Aniversari Marianne - Free Impro Barcelona\",\"isPartOf\":{\"@id\":\"https:\/\/freeimprobarcelona.com\/es\/#website\"},\"datePublished\":\"2024-04-02T09:08:38+00:00\",\"dateModified\":\"2024-04-02T09:15:17+00:00\",\"breadcrumb\":{\"@id\":\"https:\/\/freeimprobarcelona.com\/es\/calendar\/jam-aniversari-marianne\/#breadcrumb\"},\"inLanguage\":\"es\",\"potentialAction\":[{\"@type\":\"ReadAction\",\"target\":[\"https:\/\/freeimprobarcelona.com\/es\/calendar\/jam-aniversari-marianne\/\"]}]},{\"@type\":\"BreadcrumbList\",\"@id\":\"https:\/\/freeimprobarcelona.com\/es\/calendar\/jam-aniversari-marianne\/#breadcrumb\",\"itemListElement\":[{\"@type\":\"ListItem\",\"position\":1,\"name\":\"Inicio\",\"item\":\"https:\/\/freeimprobarcelona.com\/es\/\"},{\"@type\":\"ListItem\",\"position\":2,\"name\":\"Eventos\",\"item\":\"https:\/\/freeimprobarcelona.com\/es\/calendar\/\"},{\"@type\":\"ListItem\",\"position\":3,\"name\":\"Jam Aniversari Marianne\"}]},{\"@type\":\"WebSite\",\"@id\":\"https:\/\/freeimprobarcelona.com\/es\/#website\",\"url\":\"https:\/\/freeimprobarcelona.com\/es\/\",\"name\":\"Free Impro Barcelona\",\"description\":\"Free Impro Barcelona\",\"potentialAction\":[{\"@type\":\"SearchAction\",\"target\":{\"@type\":\"EntryPoint\",\"urlTemplate\":\"https:\/\/freeimprobarcelona.com\/es\/?s={search_term_string}\"},\"query-input\":\"required name=search_term_string\"}],\"inLanguage\":\"es\"}]}<\/script>\n<!-- \/ Yoast SEO plugin. -->","yoast_head_json":{"title":"Jam Aniversari Marianne - Free Impro Barcelona","robots":{"index":"index","follow":"follow","max-snippet":"max-snippet:-1","max-image-preview":"max-image-preview:large","max-video-preview":"max-video-preview:-1"},"canonical":"https:\/\/freeimprobarcelona.com\/es\/calendar\/jam-aniversari-marianne\/","og_locale":"es_ES","og_type":"article","og_title":"Jam Aniversari Marianne - Free Impro Barcelona","og_description":"Hace ya m\u00e1s de un a\u00f1o que nos dej\u00f3 la musa de la improvisaci\u00f3n de Barcelona Marianne Brull. Desde el ateneo cooperativo la Base del Poble Sec y con la coordinaci\u00f3n de Anna Subirana y Miriam F\u00e8lix se organiza esta Jam de improvisaci\u00f3n libre en honor a Marianne. Est\u00e1 todas y todos invitados. Pase, escuche [&hellip;]","og_url":"https:\/\/freeimprobarcelona.com\/es\/calendar\/jam-aniversari-marianne\/","og_site_name":"Free Impro Barcelona","article_modified_time":"2024-04-02T09:15:17+00:00","og_image":[{"width":1131,"height":1600,"url":"https:\/\/freeimprobarcelona.com\/wp-content\/uploads\/2024\/04\/WhatsApp-Image-2024-04-01-at-21.02.59.jpeg","type":"image\/jpeg"}],"twitter_card":"summary_large_image","schema":{"@context":"https:\/\/schema.org","@graph":[{"@type":"WebPage","@id":"https:\/\/freeimprobarcelona.com\/es\/calendar\/jam-aniversari-marianne\/","url":"https:\/\/freeimprobarcelona.com\/es\/calendar\/jam-aniversari-marianne\/","name":"Jam Aniversari Marianne - Free Impro Barcelona","isPartOf":{"@id":"https:\/\/freeimprobarcelona.com\/es\/#website"},"datePublished":"2024-04-02T09:08:38+00:00","dateModified":"2024-04-02T09:15:17+00:00","breadcrumb":{"@id":"https:\/\/freeimprobarcelona.com\/es\/calendar\/jam-aniversari-marianne\/#breadcrumb"},"inLanguage":"es","potentialAction":[{"@type":"ReadAction","target":["https:\/\/freeimprobarcelona.com\/es\/calendar\/jam-aniversari-marianne\/"]}]},{"@type":"BreadcrumbList","@id":"https:\/\/freeimprobarcelona.com\/es\/calendar\/jam-aniversari-marianne\/#breadcrumb","itemListElement":[{"@type":"ListItem","position":1,"name":"Inicio","item":"https:\/\/freeimprobarcelona.com\/es\/"},{"@type":"ListItem","position":2,"name":"Eventos","item":"https:\/\/freeimprobarcelona.com\/es\/calendar\/"},{"@type":"ListItem","position":3,"name":"Jam Aniversari Marianne"}]},{"@type":"WebSite","@id":"https:\/\/freeimprobarcelona.com\/es\/#website","url":"https:\/\/freeimprobarcelona.com\/es\/","name":"Free Impro Barcelona","description":"Free Impro Barcelona","potentialAction":[{"@type":"SearchAction","target":{"@type":"EntryPoint","urlTemplate":"https:\/\/freeimprobarcelona.com\/es\/?s={search_term_string}"},"query-input":"required name=search_term_string"}],"inLanguage":"es"}]}},"_links":{"self":[{"href":"https:\/\/freeimprobarcelona.com\/es\/wp-json\/wp\/v2\/mec-events\/4949","targetHints":{"allow":["GET"]}}],"collection":[{"href":"https:\/\/freeimprobarcelona.com\/es\/wp-json\/wp\/v2\/mec-events"}],"about":[{"href":"https:\/\/freeimprobarcelona.com\/es\/wp-json\/wp\/v2\/types\/mec-events"}],"author":[{"embeddable":true,"href":"https:\/\/freeimprobarcelona.com\/es\/wp-json\/wp\/v2\/users\/2"}],"wp:featuredmedia":[{"embeddable":true,"href":"https:\/\/freeimprobarcelona.com\/es\/wp-json\/wp\/v2\/media\/4947"}],"wp:attachment":[{"href":"https:\/\/freeimprobarcelona.com\/es\/wp-json\/wp\/v2\/media?parent=4949"}],"wp:term":[{"taxonomy":"post_tag","embeddable":true,"href":"https:\/\/freeimprobarcelona.com\/es\/wp-json\/wp\/v2\/tags?post=4949"},{"taxonomy":"mec_category","embeddable":true,"href":"https:\/\/freeimprobarcelona.com\/es\/wp-json\/wp\/v2\/mec_category?post=4949"},{"taxonomy":"mec_speaker","embeddable":true,"href":"https:\/\/freeimprobarcelona.com\/es\/wp-json\/wp\/v2\/mec_speaker?post=4949"}],"curies":[{"name":"wp","href":"https:\/\/api.w.org\/{rel}","templated":true}]}}

<p>Hace ya más de un año que nos dejó la musa de la improvisación de Barcelona Marianne Brull. Desde el ateneo cooperativo la Base del Poble Sec y con la coordinación de Anna Subirana y Miriam Fèlix se organiza esta Jam de improvisación libre en honor a Marianne. Está todas y todos invitados. Pase, escuche y disfruta.</p>

<p>Hace ya más de un año que nos dejó la musa de la improvisación de Barcelona Marianne Brull. Desde el ateneo cooperativo la Base del Poble Sec y con la coordinación de Anna Subirana y Miriam Fèlix se organiza esta Jam de improvisación libre en honor a Marianne. Está todas y todos invitados. Pase, escuche [&hellip;]</p>

<!-- This site is optimized with the Yoast SEO plugin v19.9 - https://yoast.com/wordpress/plugins/seo/ -->
<title>Jam Aniversari Marianne - Free Impro Barcelona</title>
<meta name="robots" content="index, follow, max-snippet:-1, max-image-preview:large, max-video-preview:-1" />
<link rel="canonical" href="https://freeimprobarcelona.com/es/calendar/jam-aniversari-marianne/" />
<meta property="og:locale" content="es_ES" />
<meta property="og:type" content="article" />
<meta property="og:title" content="Jam Aniversari Marianne - Free Impro Barcelona" />
<meta property="og:description" content="Hace ya más de un año que nos dejó la musa de la improvisación de Barcelona Marianne Brull. Desde el ateneo cooperativo la Base del Poble Sec y con la coordinación de Anna Subirana y Miriam Fèlix se organiza esta Jam de improvisación libre en honor a Marianne. Está todas y todos invitados. Pase, escuche [&hellip;]" />
<meta property="og:url" content="https://freeimprobarcelona.com/es/calendar/jam-aniversari-marianne/" />
<meta property="og:site_name" content="Free Impro Barcelona" />
<meta property="article:modified_time" content="2024-04-02T09:15:17+00:00" />
<meta property="og:image" content="https://freeimprobarcelona.com/wp-content/uploads/2024/04/WhatsApp-Image-2024-04-01-at-21.02.59.jpeg" />
	<meta property="og:image:width" content="1131" />
	<meta property="og:image:height" content="1600" />
	<meta property="og:image:type" content="image/jpeg" />
<meta name="twitter:card" content="summary_large_image" />
<script type="application/ld+json" class="yoast-schema-graph">{"@context":"https://schema.org","@graph":[{"@type":"WebPage","@id":"https://freeimprobarcelona.com/es/calendar/jam-aniversari-marianne/","url":"https://freeimprobarcelona.com/es/calendar/jam-aniversari-marianne/","name":"Jam Aniversari Marianne - Free Impro Barcelona","isPartOf":{"@id":"https://freeimprobarcelona.com/es/#website"},"datePublished":"2024-04-02T09:08:38+00:00","dateModified":"2024-04-02T09:15:17+00:00","breadcrumb":{"@id":"https://freeimprobarcelona.com/es/calendar/jam-aniversari-marianne/#breadcrumb"},"inLanguage":"es","potentialAction":[{"@type":"ReadAction","target":["https://freeimprobarcelona.com/es/calendar/jam-aniversari-marianne/"]}]},{"@type":"BreadcrumbList","@id":"https://freeimprobarcelona.com/es/calendar/jam-aniversari-marianne/#breadcrumb","itemListElement":[{"@type":"ListItem","position":1,"name":"Inicio","item":"https://freeimprobarcelona.com/es/"},{"@type":"ListItem","position":2,"name":"Eventos","item":"https://freeimprobarcelona.com/es/calendar/"},{"@type":"ListItem","position":3,"name":"Jam Aniversari Marianne"}]},{"@type":"WebSite","@id":"https://freeimprobarcelona.com/es/#website","url":"https://freeimprobarcelona.com/es/","name":"Free Impro Barcelona","description":"Free Impro Barcelona","potentialAction":[{"@type":"SearchAction","target":{"@type":"EntryPoint","urlTemplate":"https://freeimprobarcelona.com/es/?s={search_term_string}"},"query-input":"required name=search_term_string"}],"inLanguage":"es"}]}</script>
<!-- / Yoast SEO plugin. -->

Hace ya más de un año que nos dejó la musa de la improvisación de Barcelona Marianne Brull. Desde el ateneo cooperativo la Base del Poble Sec y con la coordinación de Anna Subirana y Miriam Fèlix se organiza esta Jam de improvisación libre en honor a Marianne. Está todas y todos invitados. Pase, escuche [&hellip;]
