{"id":4910,"date":"2024-03-24T14:01:14","date_gmt":"2024-03-24T14:01:14","guid":{"rendered":"https:\/\/freeimprobarcelona.com\/calendar\/dimecres-de-so-i-cos-relay-ii\/"},"modified":"2024-03-24T14:04:26","modified_gmt":"2024-03-24T14:04:26","slug":"dimecres-de-so-i-cos-relay-ii","status":"publish","type":"mec-events","link":"https:\/\/freeimprobarcelona.com\/es\/calendar\/dimecres-de-so-i-cos-relay-ii\/","title":{"rendered":"Dimecres de so i cos RELAY II"},"content":{"rendered":"<div class=\"grafic_description_cont\">\n<p>RELAY II\u00a0es una partitura para danza y m\u00fasica, creada por el compositor y percusionista Luis Tabuenca y con la colaboraci\u00f3n de la bailarina y core\u00f3grafa \u00c8lia Gen\u00eds. La palabra &#8220;relay&#8221; sugiere la idea de pasar algo de un lugar a otro de manera continua y fluida, lo que se transmite en una coreograf\u00eda y una composici\u00f3n musical que se transmiten y se transforman entre los int\u00e9rpretes a lo largo de la actuaci\u00f3n.<\/p>\n<p>La coreograf\u00eda y la m\u00fasica est\u00e1 estructurada de manera modular, con secciones que se repiten y se desarrollan de diferentes maneras a medida que el d\u00fao intercambia la energ\u00eda y la inspiraci\u00f3n entre s\u00ed. Esto crea una experiencia de actuaci\u00f3n din\u00e1mica, donde cada momento es \u00fanico y est\u00e1 influenciado por la interacci\u00f3n en tiempo real entre los artistas.<\/p>\n<blockquote class=\"wp-embedded-content\" data-secret=\"CIAdp6hJSD\"><p><a href=\"https:\/\/luistabuenca.com\/\">Home<\/a><\/p><\/blockquote>\n<p><iframe loading=\"lazy\" class=\"wp-embedded-content\" sandbox=\"allow-scripts\" security=\"restricted\" style=\"position: absolute; clip: rect(1px, 1px, 1px, 1px);\" title=\"\u00abHome\u00bb \u2014 LUIS TABUENCA\" src=\"https:\/\/luistabuenca.com\/embed\/#?secret=r0p9pckgxP#?secret=CIAdp6hJSD\" data-secret=\"CIAdp6hJSD\" width=\"600\" height=\"338\" frameborder=\"0\" marginwidth=\"0\" marginheight=\"0\" scrolling=\"no\"><\/iframe><\/p>\n<\/div>\n<div><\/div>\n<div>\n<p>Mi\u00e9rcoles de sonido y cuerpo 2024\u00a0se nutre de las propuestas de:<\/p>\n<p><img decoding=\"async\" title=\"Dimecres de So i Cos_Logos_2024\" src=\"https:\/\/artssantamonica.gencat.cat\/web\/.content\/Imatge\/2024\/Activitats\/01-gener-24\/Dimecres-de-So-i-Cos_Logos_2024.jpg\" alt=\"Dimecres de So i Cos_Logos_2024\" \/><\/p>\n<\/div>\n","protected":false},"excerpt":{"rendered":"<p>RELAY II\u00a0es una partitura para danza y m\u00fasica, creada por el compositor y percusionista Luis Tabuenca y con la colaboraci\u00f3n de la bailarina y core\u00f3grafa \u00c8lia Gen\u00eds. La palabra &#8220;relay&#8221; sugiere la idea de pasar algo de un lugar a otro de manera continua y fluida, lo que se transmite en una coreograf\u00eda y una [&hellip;]<\/p>\n","protected":false},"author":2,"featured_media":4908,"template":"","meta":{"_et_pb_use_builder":"","_et_pb_old_content":"","_et_gb_content_width":""},"tags":[],"mec_category":[715],"mec_speaker":[],"class_list":["post-4910","mec-events","type-mec-events","status-publish","has-post-thumbnail","hentry","mec_category-dimecres-de-so-i-cos-es"],"yoast_head":"<!-- This site is optimized with the Yoast SEO plugin v19.9 - https:\/\/yoast.com\/wordpress\/plugins\/seo\/ -->\n<title>Dimecres de so i cos RELAY II - Free Impro Barcelona<\/title>\n<meta name=\"robots\" content=\"index, follow, max-snippet:-1, max-image-preview:large, max-video-preview:-1\" \/>\n<link rel=\"canonical\" href=\"https:\/\/freeimprobarcelona.com\/es\/calendar\/dimecres-de-so-i-cos-relay-ii\/\" \/>\n<meta property=\"og:locale\" content=\"es_ES\" \/>\n<meta property=\"og:type\" content=\"article\" \/>\n<meta property=\"og:title\" content=\"Dimecres de so i cos RELAY II - Free Impro Barcelona\" \/>\n<meta property=\"og:description\" content=\"RELAY II\u00a0es una partitura para danza y m\u00fasica, creada por el compositor y percusionista Luis Tabuenca y con la colaboraci\u00f3n de la bailarina y core\u00f3grafa \u00c8lia Gen\u00eds. La palabra &#8220;relay&#8221; sugiere la idea de pasar algo de un lugar a otro de manera continua y fluida, lo que se transmite en una coreograf\u00eda y una [&hellip;]\" \/>\n<meta property=\"og:url\" content=\"https:\/\/freeimprobarcelona.com\/es\/calendar\/dimecres-de-so-i-cos-relay-ii\/\" \/>\n<meta property=\"og:site_name\" content=\"Free Impro Barcelona\" \/>\n<meta property=\"article:modified_time\" content=\"2024-03-24T14:04:26+00:00\" \/>\n<meta property=\"og:image\" content=\"https:\/\/freeimprobarcelona.com\/wp-content\/uploads\/2024\/03\/Luis_TabuencaElia_Genis-606x366-1.jpg\" \/>\n\t<meta property=\"og:image:width\" content=\"606\" \/>\n\t<meta property=\"og:image:height\" content=\"366\" \/>\n\t<meta property=\"og:image:type\" content=\"image\/jpeg\" \/>\n<meta name=\"twitter:card\" content=\"summary_large_image\" \/>\n<meta name=\"twitter:label1\" content=\"Tiempo de lectura\" \/>\n\t<meta name=\"twitter:data1\" content=\"1 minuto\" \/>\n<script type=\"application\/ld+json\" class=\"yoast-schema-graph\">{\"@context\":\"https:\/\/schema.org\",\"@graph\":[{\"@type\":\"WebPage\",\"@id\":\"https:\/\/freeimprobarcelona.com\/es\/calendar\/dimecres-de-so-i-cos-relay-ii\/\",\"url\":\"https:\/\/freeimprobarcelona.com\/es\/calendar\/dimecres-de-so-i-cos-relay-ii\/\",\"name\":\"Dimecres de so i cos RELAY II - Free Impro Barcelona\",\"isPartOf\":{\"@id\":\"https:\/\/freeimprobarcelona.com\/es\/#website\"},\"datePublished\":\"2024-03-24T14:01:14+00:00\",\"dateModified\":\"2024-03-24T14:04:26+00:00\",\"breadcrumb\":{\"@id\":\"https:\/\/freeimprobarcelona.com\/es\/calendar\/dimecres-de-so-i-cos-relay-ii\/#breadcrumb\"},\"inLanguage\":\"es\",\"potentialAction\":[{\"@type\":\"ReadAction\",\"target\":[\"https:\/\/freeimprobarcelona.com\/es\/calendar\/dimecres-de-so-i-cos-relay-ii\/\"]}]},{\"@type\":\"BreadcrumbList\",\"@id\":\"https:\/\/freeimprobarcelona.com\/es\/calendar\/dimecres-de-so-i-cos-relay-ii\/#breadcrumb\",\"itemListElement\":[{\"@type\":\"ListItem\",\"position\":1,\"name\":\"Inicio\",\"item\":\"https:\/\/freeimprobarcelona.com\/es\/\"},{\"@type\":\"ListItem\",\"position\":2,\"name\":\"Eventos\",\"item\":\"https:\/\/freeimprobarcelona.com\/es\/calendar\/\"},{\"@type\":\"ListItem\",\"position\":3,\"name\":\"Dimecres de so i cos RELAY II\"}]},{\"@type\":\"WebSite\",\"@id\":\"https:\/\/freeimprobarcelona.com\/es\/#website\",\"url\":\"https:\/\/freeimprobarcelona.com\/es\/\",\"name\":\"Free Impro Barcelona\",\"description\":\"Free Impro Barcelona\",\"potentialAction\":[{\"@type\":\"SearchAction\",\"target\":{\"@type\":\"EntryPoint\",\"urlTemplate\":\"https:\/\/freeimprobarcelona.com\/es\/?s={search_term_string}\"},\"query-input\":\"required name=search_term_string\"}],\"inLanguage\":\"es\"}]}<\/script>\n<!-- \/ Yoast SEO plugin. -->","yoast_head_json":{"title":"Dimecres de so i cos RELAY II - Free Impro Barcelona","robots":{"index":"index","follow":"follow","max-snippet":"max-snippet:-1","max-image-preview":"max-image-preview:large","max-video-preview":"max-video-preview:-1"},"canonical":"https:\/\/freeimprobarcelona.com\/es\/calendar\/dimecres-de-so-i-cos-relay-ii\/","og_locale":"es_ES","og_type":"article","og_title":"Dimecres de so i cos RELAY II - Free Impro Barcelona","og_description":"RELAY II\u00a0es una partitura para danza y m\u00fasica, creada por el compositor y percusionista Luis Tabuenca y con la colaboraci\u00f3n de la bailarina y core\u00f3grafa \u00c8lia Gen\u00eds. La palabra &#8220;relay&#8221; sugiere la idea de pasar algo de un lugar a otro de manera continua y fluida, lo que se transmite en una coreograf\u00eda y una [&hellip;]","og_url":"https:\/\/freeimprobarcelona.com\/es\/calendar\/dimecres-de-so-i-cos-relay-ii\/","og_site_name":"Free Impro Barcelona","article_modified_time":"2024-03-24T14:04:26+00:00","og_image":[{"width":606,"height":366,"url":"https:\/\/freeimprobarcelona.com\/wp-content\/uploads\/2024\/03\/Luis_TabuencaElia_Genis-606x366-1.jpg","type":"image\/jpeg"}],"twitter_card":"summary_large_image","twitter_misc":{"Tiempo de lectura":"1 minuto"},"schema":{"@context":"https:\/\/schema.org","@graph":[{"@type":"WebPage","@id":"https:\/\/freeimprobarcelona.com\/es\/calendar\/dimecres-de-so-i-cos-relay-ii\/","url":"https:\/\/freeimprobarcelona.com\/es\/calendar\/dimecres-de-so-i-cos-relay-ii\/","name":"Dimecres de so i cos RELAY II - Free Impro Barcelona","isPartOf":{"@id":"https:\/\/freeimprobarcelona.com\/es\/#website"},"datePublished":"2024-03-24T14:01:14+00:00","dateModified":"2024-03-24T14:04:26+00:00","breadcrumb":{"@id":"https:\/\/freeimprobarcelona.com\/es\/calendar\/dimecres-de-so-i-cos-relay-ii\/#breadcrumb"},"inLanguage":"es","potentialAction":[{"@type":"ReadAction","target":["https:\/\/freeimprobarcelona.com\/es\/calendar\/dimecres-de-so-i-cos-relay-ii\/"]}]},{"@type":"BreadcrumbList","@id":"https:\/\/freeimprobarcelona.com\/es\/calendar\/dimecres-de-so-i-cos-relay-ii\/#breadcrumb","itemListElement":[{"@type":"ListItem","position":1,"name":"Inicio","item":"https:\/\/freeimprobarcelona.com\/es\/"},{"@type":"ListItem","position":2,"name":"Eventos","item":"https:\/\/freeimprobarcelona.com\/es\/calendar\/"},{"@type":"ListItem","position":3,"name":"Dimecres de so i cos RELAY II"}]},{"@type":"WebSite","@id":"https:\/\/freeimprobarcelona.com\/es\/#website","url":"https:\/\/freeimprobarcelona.com\/es\/","name":"Free Impro Barcelona","description":"Free Impro Barcelona","potentialAction":[{"@type":"SearchAction","target":{"@type":"EntryPoint","urlTemplate":"https:\/\/freeimprobarcelona.com\/es\/?s={search_term_string}"},"query-input":"required name=search_term_string"}],"inLanguage":"es"}]}},"_links":{"self":[{"href":"https:\/\/freeimprobarcelona.com\/es\/wp-json\/wp\/v2\/mec-events\/4910","targetHints":{"allow":["GET"]}}],"collection":[{"href":"https:\/\/freeimprobarcelona.com\/es\/wp-json\/wp\/v2\/mec-events"}],"about":[{"href":"https:\/\/freeimprobarcelona.com\/es\/wp-json\/wp\/v2\/types\/mec-events"}],"author":[{"embeddable":true,"href":"https:\/\/freeimprobarcelona.com\/es\/wp-json\/wp\/v2\/users\/2"}],"wp:featuredmedia":[{"embeddable":true,"href":"https:\/\/freeimprobarcelona.com\/es\/wp-json\/wp\/v2\/media\/4908"}],"wp:attachment":[{"href":"https:\/\/freeimprobarcelona.com\/es\/wp-json\/wp\/v2\/media?parent=4910"}],"wp:term":[{"taxonomy":"post_tag","embeddable":true,"href":"https:\/\/freeimprobarcelona.com\/es\/wp-json\/wp\/v2\/tags?post=4910"},{"taxonomy":"mec_category","embeddable":true,"href":"https:\/\/freeimprobarcelona.com\/es\/wp-json\/wp\/v2\/mec_category?post=4910"},{"taxonomy":"mec_speaker","embeddable":true,"href":"https:\/\/freeimprobarcelona.com\/es\/wp-json\/wp\/v2\/mec_speaker?post=4910"}],"curies":[{"name":"wp","href":"https:\/\/api.w.org\/{rel}","templated":true}]}}

<div class="grafic_description_cont">
<p>RELAY II es una partitura para danza y música, creada por el compositor y percusionista Luis Tabuenca y con la colaboración de la bailarina y coreógrafa Èlia Genís. La palabra &#8220;relay&#8221; sugiere la idea de pasar algo de un lugar a otro de manera continua y fluida, lo que se transmite en una coreografía y una composición musical que se transmiten y se transforman entre los intérpretes a lo largo de la actuación.</p>
<p>La coreografía y la música está estructurada de manera modular, con secciones que se repiten y se desarrollan de diferentes maneras a medida que el dúo intercambia la energía y la inspiración entre sí. Esto crea una experiencia de actuación dinámica, donde cada momento es único y está influenciado por la interacción en tiempo real entre los artistas.</p>
<blockquote class="wp-embedded-content" data-secret="CIAdp6hJSD"><p><a href="https://luistabuenca.com/">Home</a></p></blockquote>
<p><iframe loading="lazy" class="wp-embedded-content" sandbox="allow-scripts" security="restricted" style="position: absolute; clip: rect(1px, 1px, 1px, 1px);" title="«Home» — LUIS TABUENCA" src="https://luistabuenca.com/embed/#?secret=r0p9pckgxP#?secret=CIAdp6hJSD" data-secret="CIAdp6hJSD" width="600" height="338" frameborder="0" marginwidth="0" marginheight="0" scrolling="no"></iframe></p>
</div>
<div></div>
<div>
<p>Miércoles de sonido y cuerpo 2024 se nutre de las propuestas de:</p>
<p><img decoding="async" title="Dimecres de So i Cos_Logos_2024" src="https://artssantamonica.gencat.cat/web/.content/Imatge/2024/Activitats/01-gener-24/Dimecres-de-So-i-Cos_Logos_2024.jpg" alt="Dimecres de So i Cos_Logos_2024" /></p>
</div>

<p>RELAY II es una partitura para danza y música, creada por el compositor y percusionista Luis Tabuenca y con la colaboración de la bailarina y coreógrafa Èlia Genís. La palabra &#8220;relay&#8221; sugiere la idea de pasar algo de un lugar a otro de manera continua y fluida, lo que se transmite en una coreografía y una [&hellip;]</p>

<!-- This site is optimized with the Yoast SEO plugin v19.9 - https://yoast.com/wordpress/plugins/seo/ -->
<title>Dimecres de so i cos RELAY II - Free Impro Barcelona</title>
<meta name="robots" content="index, follow, max-snippet:-1, max-image-preview:large, max-video-preview:-1" />
<link rel="canonical" href="https://freeimprobarcelona.com/es/calendar/dimecres-de-so-i-cos-relay-ii/" />
<meta property="og:locale" content="es_ES" />
<meta property="og:type" content="article" />
<meta property="og:title" content="Dimecres de so i cos RELAY II - Free Impro Barcelona" />
<meta property="og:description" content="RELAY II es una partitura para danza y música, creada por el compositor y percusionista Luis Tabuenca y con la colaboración de la bailarina y coreógrafa Èlia Genís. La palabra &#8220;relay&#8221; sugiere la idea de pasar algo de un lugar a otro de manera continua y fluida, lo que se transmite en una coreografía y una [&hellip;]" />
<meta property="og:url" content="https://freeimprobarcelona.com/es/calendar/dimecres-de-so-i-cos-relay-ii/" />
<meta property="og:site_name" content="Free Impro Barcelona" />
<meta property="article:modified_time" content="2024-03-24T14:04:26+00:00" />
<meta property="og:image" content="https://freeimprobarcelona.com/wp-content/uploads/2024/03/Luis_TabuencaElia_Genis-606x366-1.jpg" />
	<meta property="og:image:width" content="606" />
	<meta property="og:image:height" content="366" />
	<meta property="og:image:type" content="image/jpeg" />
<meta name="twitter:card" content="summary_large_image" />
<meta name="twitter:label1" content="Tiempo de lectura" />
	<meta name="twitter:data1" content="1 minuto" />
<script type="application/ld+json" class="yoast-schema-graph">{"@context":"https://schema.org","@graph":[{"@type":"WebPage","@id":"https://freeimprobarcelona.com/es/calendar/dimecres-de-so-i-cos-relay-ii/","url":"https://freeimprobarcelona.com/es/calendar/dimecres-de-so-i-cos-relay-ii/","name":"Dimecres de so i cos RELAY II - Free Impro Barcelona","isPartOf":{"@id":"https://freeimprobarcelona.com/es/#website"},"datePublished":"2024-03-24T14:01:14+00:00","dateModified":"2024-03-24T14:04:26+00:00","breadcrumb":{"@id":"https://freeimprobarcelona.com/es/calendar/dimecres-de-so-i-cos-relay-ii/#breadcrumb"},"inLanguage":"es","potentialAction":[{"@type":"ReadAction","target":["https://freeimprobarcelona.com/es/calendar/dimecres-de-so-i-cos-relay-ii/"]}]},{"@type":"BreadcrumbList","@id":"https://freeimprobarcelona.com/es/calendar/dimecres-de-so-i-cos-relay-ii/#breadcrumb","itemListElement":[{"@type":"ListItem","position":1,"name":"Inicio","item":"https://freeimprobarcelona.com/es/"},{"@type":"ListItem","position":2,"name":"Eventos","item":"https://freeimprobarcelona.com/es/calendar/"},{"@type":"ListItem","position":3,"name":"Dimecres de so i cos RELAY II"}]},{"@type":"WebSite","@id":"https://freeimprobarcelona.com/es/#website","url":"https://freeimprobarcelona.com/es/","name":"Free Impro Barcelona","description":"Free Impro Barcelona","potentialAction":[{"@type":"SearchAction","target":{"@type":"EntryPoint","urlTemplate":"https://freeimprobarcelona.com/es/?s={search_term_string}"},"query-input":"required name=search_term_string"}],"inLanguage":"es"}]}</script>
<!-- / Yoast SEO plugin. -->

RELAY II es una partitura para danza y música, creada por el compositor y percusionista Luis Tabuenca y con la colaboración de la bailarina y coreógrafa Èlia Genís. La palabra &#8220;relay&#8221; sugiere la idea de pasar algo de un lugar a otro de manera continua y fluida, lo que se transmite en una coreografía y una [&hellip;]
