{"id":4487,"date":"2023-11-25T09:56:14","date_gmt":"2023-11-25T09:56:14","guid":{"rendered":"https:\/\/freeimprobarcelona.com\/?post_type=mec-events&#038;p=4487"},"modified":"2023-11-25T09:58:15","modified_gmt":"2023-11-25T09:58:15","slug":"freejazzsession-clara-torner-oscar-rico","status":"publish","type":"mec-events","link":"https:\/\/freeimprobarcelona.com\/es\/calendar\/freejazzsession-clara-torner-oscar-rico\/","title":{"rendered":"Freejazzsession &#8211; Clara Torner &#038; \u00d2scar Rico"},"content":{"rendered":"<p>Vuelve la sesi\u00f3n mensual de Robadors 23. Esta vez vuelve a tomar el formato solos con dos improvisadores de la escena Barcelonina.<\/p>\n<p>\u00d2scar Rico viola\/\/ Clara Torner Cello<\/p>\n","protected":false},"excerpt":{"rendered":"<p>Vuelve la sesi\u00f3n mensual de Robadors 23. Esta vez vuelve a tomar el formato solos con dos improvisadores de la escena Barcelonina. \u00d2scar Rico viola\/\/ Clara Torner Cello<\/p>\n","protected":false},"author":2,"featured_media":4485,"template":"","meta":{"_et_pb_use_builder":"","_et_pb_old_content":"","_et_gb_content_width":""},"tags":[],"mec_category":[187],"mec_speaker":[733,732],"class_list":["post-4487","mec-events","type-mec-events","status-publish","has-post-thumbnail","hentry","mec_category-ciclo-robadors-23"],"yoast_head":"<!-- This site is optimized with the Yoast SEO plugin v19.9 - https:\/\/yoast.com\/wordpress\/plugins\/seo\/ -->\n<title>Freejazzsession - Clara Torner &amp; \u00d2scar Rico - Free Impro Barcelona<\/title>\n<meta name=\"robots\" content=\"index, follow, max-snippet:-1, max-image-preview:large, max-video-preview:-1\" \/>\n<link rel=\"canonical\" href=\"https:\/\/freeimprobarcelona.com\/es\/calendar\/freejazzsession-clara-torner-oscar-rico\/\" \/>\n<meta property=\"og:locale\" content=\"es_ES\" \/>\n<meta property=\"og:type\" content=\"article\" \/>\n<meta property=\"og:title\" content=\"Freejazzsession - Clara Torner &amp; \u00d2scar Rico - Free Impro Barcelona\" \/>\n<meta property=\"og:description\" content=\"Vuelve la sesi\u00f3n mensual de Robadors 23. Esta vez vuelve a tomar el formato solos con dos improvisadores de la escena Barcelonina. \u00d2scar Rico viola\/\/ Clara Torner Cello\" \/>\n<meta property=\"og:url\" content=\"https:\/\/freeimprobarcelona.com\/es\/calendar\/freejazzsession-clara-torner-oscar-rico\/\" \/>\n<meta property=\"og:site_name\" content=\"Free Impro Barcelona\" \/>\n<meta property=\"article:modified_time\" content=\"2023-11-25T09:58:15+00:00\" \/>\n<meta property=\"og:image\" content=\"https:\/\/freeimprobarcelona.com\/wp-content\/uploads\/2023\/11\/Captura-327.png\" \/>\n\t<meta property=\"og:image:width\" content=\"480\" \/>\n\t<meta property=\"og:image:height\" content=\"633\" \/>\n\t<meta property=\"og:image:type\" content=\"image\/png\" \/>\n<meta name=\"twitter:card\" content=\"summary_large_image\" \/>\n<script type=\"application\/ld+json\" class=\"yoast-schema-graph\">{\"@context\":\"https:\/\/schema.org\",\"@graph\":[{\"@type\":\"WebPage\",\"@id\":\"https:\/\/freeimprobarcelona.com\/es\/calendar\/freejazzsession-clara-torner-oscar-rico\/\",\"url\":\"https:\/\/freeimprobarcelona.com\/es\/calendar\/freejazzsession-clara-torner-oscar-rico\/\",\"name\":\"Freejazzsession - Clara Torner & \u00d2scar Rico - Free Impro Barcelona\",\"isPartOf\":{\"@id\":\"https:\/\/freeimprobarcelona.com\/es\/#website\"},\"datePublished\":\"2023-11-25T09:56:14+00:00\",\"dateModified\":\"2023-11-25T09:58:15+00:00\",\"breadcrumb\":{\"@id\":\"https:\/\/freeimprobarcelona.com\/es\/calendar\/freejazzsession-clara-torner-oscar-rico\/#breadcrumb\"},\"inLanguage\":\"es\",\"potentialAction\":[{\"@type\":\"ReadAction\",\"target\":[\"https:\/\/freeimprobarcelona.com\/es\/calendar\/freejazzsession-clara-torner-oscar-rico\/\"]}]},{\"@type\":\"BreadcrumbList\",\"@id\":\"https:\/\/freeimprobarcelona.com\/es\/calendar\/freejazzsession-clara-torner-oscar-rico\/#breadcrumb\",\"itemListElement\":[{\"@type\":\"ListItem\",\"position\":1,\"name\":\"Inicio\",\"item\":\"https:\/\/freeimprobarcelona.com\/es\/\"},{\"@type\":\"ListItem\",\"position\":2,\"name\":\"Eventos\",\"item\":\"https:\/\/freeimprobarcelona.com\/es\/calendar\/\"},{\"@type\":\"ListItem\",\"position\":3,\"name\":\"Freejazzsession &#8211; Clara Torner &#038; \u00d2scar Rico\"}]},{\"@type\":\"WebSite\",\"@id\":\"https:\/\/freeimprobarcelona.com\/es\/#website\",\"url\":\"https:\/\/freeimprobarcelona.com\/es\/\",\"name\":\"Free Impro Barcelona\",\"description\":\"Free Impro Barcelona\",\"potentialAction\":[{\"@type\":\"SearchAction\",\"target\":{\"@type\":\"EntryPoint\",\"urlTemplate\":\"https:\/\/freeimprobarcelona.com\/es\/?s={search_term_string}\"},\"query-input\":\"required name=search_term_string\"}],\"inLanguage\":\"es\"}]}<\/script>\n<!-- \/ Yoast SEO plugin. -->","yoast_head_json":{"title":"Freejazzsession - Clara Torner & \u00d2scar Rico - Free Impro Barcelona","robots":{"index":"index","follow":"follow","max-snippet":"max-snippet:-1","max-image-preview":"max-image-preview:large","max-video-preview":"max-video-preview:-1"},"canonical":"https:\/\/freeimprobarcelona.com\/es\/calendar\/freejazzsession-clara-torner-oscar-rico\/","og_locale":"es_ES","og_type":"article","og_title":"Freejazzsession - Clara Torner & \u00d2scar Rico - Free Impro Barcelona","og_description":"Vuelve la sesi\u00f3n mensual de Robadors 23. Esta vez vuelve a tomar el formato solos con dos improvisadores de la escena Barcelonina. \u00d2scar Rico viola\/\/ Clara Torner Cello","og_url":"https:\/\/freeimprobarcelona.com\/es\/calendar\/freejazzsession-clara-torner-oscar-rico\/","og_site_name":"Free Impro Barcelona","article_modified_time":"2023-11-25T09:58:15+00:00","og_image":[{"width":480,"height":633,"url":"https:\/\/freeimprobarcelona.com\/wp-content\/uploads\/2023\/11\/Captura-327.png","type":"image\/png"}],"twitter_card":"summary_large_image","schema":{"@context":"https:\/\/schema.org","@graph":[{"@type":"WebPage","@id":"https:\/\/freeimprobarcelona.com\/es\/calendar\/freejazzsession-clara-torner-oscar-rico\/","url":"https:\/\/freeimprobarcelona.com\/es\/calendar\/freejazzsession-clara-torner-oscar-rico\/","name":"Freejazzsession - Clara Torner & \u00d2scar Rico - Free Impro Barcelona","isPartOf":{"@id":"https:\/\/freeimprobarcelona.com\/es\/#website"},"datePublished":"2023-11-25T09:56:14+00:00","dateModified":"2023-11-25T09:58:15+00:00","breadcrumb":{"@id":"https:\/\/freeimprobarcelona.com\/es\/calendar\/freejazzsession-clara-torner-oscar-rico\/#breadcrumb"},"inLanguage":"es","potentialAction":[{"@type":"ReadAction","target":["https:\/\/freeimprobarcelona.com\/es\/calendar\/freejazzsession-clara-torner-oscar-rico\/"]}]},{"@type":"BreadcrumbList","@id":"https:\/\/freeimprobarcelona.com\/es\/calendar\/freejazzsession-clara-torner-oscar-rico\/#breadcrumb","itemListElement":[{"@type":"ListItem","position":1,"name":"Inicio","item":"https:\/\/freeimprobarcelona.com\/es\/"},{"@type":"ListItem","position":2,"name":"Eventos","item":"https:\/\/freeimprobarcelona.com\/es\/calendar\/"},{"@type":"ListItem","position":3,"name":"Freejazzsession &#8211; Clara Torner &#038; \u00d2scar Rico"}]},{"@type":"WebSite","@id":"https:\/\/freeimprobarcelona.com\/es\/#website","url":"https:\/\/freeimprobarcelona.com\/es\/","name":"Free Impro Barcelona","description":"Free Impro Barcelona","potentialAction":[{"@type":"SearchAction","target":{"@type":"EntryPoint","urlTemplate":"https:\/\/freeimprobarcelona.com\/es\/?s={search_term_string}"},"query-input":"required name=search_term_string"}],"inLanguage":"es"}]}},"_links":{"self":[{"href":"https:\/\/freeimprobarcelona.com\/es\/wp-json\/wp\/v2\/mec-events\/4487","targetHints":{"allow":["GET"]}}],"collection":[{"href":"https:\/\/freeimprobarcelona.com\/es\/wp-json\/wp\/v2\/mec-events"}],"about":[{"href":"https:\/\/freeimprobarcelona.com\/es\/wp-json\/wp\/v2\/types\/mec-events"}],"author":[{"embeddable":true,"href":"https:\/\/freeimprobarcelona.com\/es\/wp-json\/wp\/v2\/users\/2"}],"wp:featuredmedia":[{"embeddable":true,"href":"https:\/\/freeimprobarcelona.com\/es\/wp-json\/wp\/v2\/media\/4485"}],"wp:attachment":[{"href":"https:\/\/freeimprobarcelona.com\/es\/wp-json\/wp\/v2\/media?parent=4487"}],"wp:term":[{"taxonomy":"post_tag","embeddable":true,"href":"https:\/\/freeimprobarcelona.com\/es\/wp-json\/wp\/v2\/tags?post=4487"},{"taxonomy":"mec_category","embeddable":true,"href":"https:\/\/freeimprobarcelona.com\/es\/wp-json\/wp\/v2\/mec_category?post=4487"},{"taxonomy":"mec_speaker","embeddable":true,"href":"https:\/\/freeimprobarcelona.com\/es\/wp-json\/wp\/v2\/mec_speaker?post=4487"}],"curies":[{"name":"wp","href":"https:\/\/api.w.org\/{rel}","templated":true}]}}

Freejazzsession &#8211; Clara Torner &#038; Òscar Rico

<p>Vuelve la sesión mensual de Robadors 23. Esta vez vuelve a tomar el formato solos con dos improvisadores de la escena Barcelonina.</p>
<p>Òscar Rico viola// Clara Torner Cello</p>

<p>Vuelve la sesión mensual de Robadors 23. Esta vez vuelve a tomar el formato solos con dos improvisadores de la escena Barcelonina. Òscar Rico viola// Clara Torner Cello</p>

<!-- This site is optimized with the Yoast SEO plugin v19.9 - https://yoast.com/wordpress/plugins/seo/ -->
<title>Freejazzsession - Clara Torner &amp; Òscar Rico - Free Impro Barcelona</title>
<meta name="robots" content="index, follow, max-snippet:-1, max-image-preview:large, max-video-preview:-1" />
<link rel="canonical" href="https://freeimprobarcelona.com/es/calendar/freejazzsession-clara-torner-oscar-rico/" />
<meta property="og:locale" content="es_ES" />
<meta property="og:type" content="article" />
<meta property="og:title" content="Freejazzsession - Clara Torner &amp; Òscar Rico - Free Impro Barcelona" />
<meta property="og:description" content="Vuelve la sesión mensual de Robadors 23. Esta vez vuelve a tomar el formato solos con dos improvisadores de la escena Barcelonina. Òscar Rico viola// Clara Torner Cello" />
<meta property="og:url" content="https://freeimprobarcelona.com/es/calendar/freejazzsession-clara-torner-oscar-rico/" />
<meta property="og:site_name" content="Free Impro Barcelona" />
<meta property="article:modified_time" content="2023-11-25T09:58:15+00:00" />
<meta property="og:image" content="https://freeimprobarcelona.com/wp-content/uploads/2023/11/Captura-327.png" />
	<meta property="og:image:width" content="480" />
	<meta property="og:image:height" content="633" />
	<meta property="og:image:type" content="image/png" />
<meta name="twitter:card" content="summary_large_image" />
<script type="application/ld+json" class="yoast-schema-graph">{"@context":"https://schema.org","@graph":[{"@type":"WebPage","@id":"https://freeimprobarcelona.com/es/calendar/freejazzsession-clara-torner-oscar-rico/","url":"https://freeimprobarcelona.com/es/calendar/freejazzsession-clara-torner-oscar-rico/","name":"Freejazzsession - Clara Torner & Òscar Rico - Free Impro Barcelona","isPartOf":{"@id":"https://freeimprobarcelona.com/es/#website"},"datePublished":"2023-11-25T09:56:14+00:00","dateModified":"2023-11-25T09:58:15+00:00","breadcrumb":{"@id":"https://freeimprobarcelona.com/es/calendar/freejazzsession-clara-torner-oscar-rico/#breadcrumb"},"inLanguage":"es","potentialAction":[{"@type":"ReadAction","target":["https://freeimprobarcelona.com/es/calendar/freejazzsession-clara-torner-oscar-rico/"]}]},{"@type":"BreadcrumbList","@id":"https://freeimprobarcelona.com/es/calendar/freejazzsession-clara-torner-oscar-rico/#breadcrumb","itemListElement":[{"@type":"ListItem","position":1,"name":"Inicio","item":"https://freeimprobarcelona.com/es/"},{"@type":"ListItem","position":2,"name":"Eventos","item":"https://freeimprobarcelona.com/es/calendar/"},{"@type":"ListItem","position":3,"name":"Freejazzsession &#8211; Clara Torner &#038; Òscar Rico"}]},{"@type":"WebSite","@id":"https://freeimprobarcelona.com/es/#website","url":"https://freeimprobarcelona.com/es/","name":"Free Impro Barcelona","description":"Free Impro Barcelona","potentialAction":[{"@type":"SearchAction","target":{"@type":"EntryPoint","urlTemplate":"https://freeimprobarcelona.com/es/?s={search_term_string}"},"query-input":"required name=search_term_string"}],"inLanguage":"es"}]}</script>
<!-- / Yoast SEO plugin. -->

Freejazzsession - Clara Torner & Òscar Rico - Free Impro Barcelona

Vuelve la sesión mensual de Robadors 23. Esta vez vuelve a tomar el formato solos con dos improvisadores de la escena Barcelonina. Òscar Rico viola// Clara Torner Cello
