{"id":4318,"date":"2023-09-06T12:47:59","date_gmt":"2023-09-06T12:47:59","guid":{"rendered":"https:\/\/freeimprobarcelona.com\/?post_type=mec-events&#038;p=4318"},"modified":"2023-09-06T12:51:20","modified_gmt":"2023-09-06T12:51:20","slug":"hector-parra-amb-pere-arquillue-lluisa-espigole-i-imma-santacreu-mixtur-2023","status":"publish","type":"mec-events","link":"https:\/\/freeimprobarcelona.com\/es\/calendar\/hector-parra-amb-pere-arquillue-lluisa-espigole-i-imma-santacreu-mixtur-2023\/","title":{"rendered":"H\u00e8ctor Parra amb Pere Arquillu\u00e9, Llu\u00efsa Espigol\u00e9 i Imma Santacreu  MIXTUR 2023"},"content":{"rendered":"<p>Encontramos especialmente inspirador el camino art\u00edstico que Joan Mir\u00f3 teje con gran tes\u00f3n durante la d\u00e9cada de los a\u00f1os treinta, inmerso dentro de los tumultuosos cambios pol\u00edticos, sociales y econ\u00f3micos que la caracterizaron. La proclamaci\u00f3n de la 2\u00aa Rep\u00fablica, el golpe militar del 36, el horror de la guerra civil y el advenimiento del franquismo, un exilio de cuatro a\u00f1os y la subsecuente fuga de la invasi\u00f3n nazi de Francia culminan, parad\u00f3jicamente, en la formidable serie de 23 constelaciones que pinta entre enero de 1940 y septiembre de 1941. Con estos guaches de peque\u00f1o formato Mir\u00f3 aporta al mundo un modelo ejemplar de tenacidad, de desarrollo art\u00edstico, de armon\u00eda pl\u00e1stica as\u00ed como de integridad humana en un de los momentos m\u00e1s oscuros de la historia.<\/p>\n<p>Partiendo de una petici\u00f3n original de Carmen Mart\u00ednez-Pierret, entre abril de 2020 y 2023 el compositor H\u00e9ctor Parra y el poeta Arnau Pons han estado inmersos en la composici\u00f3n de un ciclo po\u00e9tico-musical inspirado en las\u00a0Constelaciones. En compa\u00f1\u00eda de la pianista Imma Santacreu, H\u00e9ctor Parra ha explorado al piano \u2013primero de forma improvisada y despu\u00e9s haciendo cristalizar una escritura adaptada- todo de una serie de t\u00e9cnicas especiales que utilizan una multitud de objetos para acercar a una forma melodram\u00e1tica surgida directamente de su propia vivencia de los microuniversos sugeridos por cada constelaci\u00f3n, y que pretende interpelar al p\u00fablico a vivirlo en primera persona. As\u00ed, este ciclo es un viaje al mundo interior del propio compositor as\u00ed como al del poeta, que exterioriza la pintura de Mir\u00f3 bajo la forma de un lienzo musical complejo: et\u00e9reo o denso, liso o rugoso, delicado o tosco. En manos de las pianistas Imma Santacreu y Llu\u00efsa Espigol\u00e9 el piano se transforma en un instrumento casi electroac\u00fastico. En combinaci\u00f3n con los poemas escritos por Arnau Pons e interpretados en vivo por el actor Pere Arquillu\u00e9, nace un universo completo y sugerente donde los astros se alinean a cada intervenci\u00f3n sonora, cuando nuestras propias constelaciones de emociones profundas resuenan, a su vez, en el universo po\u00e9tico-musical de la obra.<\/p>\n<p>H\u00e9ctor Parra<\/p>\n<p>Biograf\u00eda<\/p>\n<p>https:\/\/www.lluisaespigole.com\/page2<\/p>\n<p>https:\/\/www.immasantacreu.fr\/index_es.html#seccio_1<\/p>\n<p>Llu\u00efsa Espigol\u00e9 e Imma Santacreu, piano \/ Pere Arquillu\u00e9, recitado<\/p>\n","protected":false},"excerpt":{"rendered":"<p>Encontramos especialmente inspirador el camino art\u00edstico que Joan Mir\u00f3 teje con gran tes\u00f3n durante la d\u00e9cada de los a\u00f1os treinta, inmerso dentro de los tumultuosos cambios pol\u00edticos, sociales y econ\u00f3micos que la caracterizaron. La proclamaci\u00f3n de la 2\u00aa Rep\u00fablica, el golpe militar del 36, el horror de la guerra civil y el advenimiento del franquismo, [&hellip;]<\/p>\n","protected":false},"author":2,"featured_media":4316,"template":"","meta":{"_et_pb_use_builder":"","_et_pb_old_content":"","_et_gb_content_width":""},"tags":[],"mec_category":[1335],"mec_speaker":[],"class_list":["post-4318","mec-events","type-mec-events","status-publish","has-post-thumbnail","hentry","mec_category-festival-mixtur-es"],"yoast_head":"<!-- This site is optimized with the Yoast SEO plugin v19.9 - https:\/\/yoast.com\/wordpress\/plugins\/seo\/ -->\n<title>H\u00e8ctor Parra amb Pere Arquillu\u00e9, Llu\u00efsa Espigol\u00e9 i Imma Santacreu MIXTUR 2023 - Free Impro Barcelona<\/title>\n<meta name=\"robots\" content=\"index, follow, max-snippet:-1, max-image-preview:large, max-video-preview:-1\" \/>\n<link rel=\"canonical\" href=\"https:\/\/freeimprobarcelona.com\/es\/calendar\/hector-parra-amb-pere-arquillue-lluisa-espigole-i-imma-santacreu-mixtur-2023\/\" \/>\n<meta property=\"og:locale\" content=\"es_ES\" \/>\n<meta property=\"og:type\" content=\"article\" \/>\n<meta property=\"og:title\" content=\"H\u00e8ctor Parra amb Pere Arquillu\u00e9, Llu\u00efsa Espigol\u00e9 i Imma Santacreu MIXTUR 2023 - Free Impro Barcelona\" \/>\n<meta property=\"og:description\" content=\"Encontramos especialmente inspirador el camino art\u00edstico que Joan Mir\u00f3 teje con gran tes\u00f3n durante la d\u00e9cada de los a\u00f1os treinta, inmerso dentro de los tumultuosos cambios pol\u00edticos, sociales y econ\u00f3micos que la caracterizaron. La proclamaci\u00f3n de la 2\u00aa Rep\u00fablica, el golpe militar del 36, el horror de la guerra civil y el advenimiento del franquismo, [&hellip;]\" \/>\n<meta property=\"og:url\" content=\"https:\/\/freeimprobarcelona.com\/es\/calendar\/hector-parra-amb-pere-arquillue-lluisa-espigole-i-imma-santacreu-mixtur-2023\/\" \/>\n<meta property=\"og:site_name\" content=\"Free Impro Barcelona\" \/>\n<meta property=\"article:modified_time\" content=\"2023-09-06T12:51:20+00:00\" \/>\n<meta property=\"og:image\" content=\"https:\/\/freeimprobarcelona.com\/wp-content\/uploads\/2023\/09\/Imma-i-Lluisa_may.jpg\" \/>\n\t<meta property=\"og:image:width\" content=\"1000\" \/>\n\t<meta property=\"og:image:height\" content=\"563\" \/>\n\t<meta property=\"og:image:type\" content=\"image\/jpeg\" \/>\n<meta name=\"twitter:card\" content=\"summary_large_image\" \/>\n<meta name=\"twitter:label1\" content=\"Tiempo de lectura\" \/>\n\t<meta name=\"twitter:data1\" content=\"2 minutos\" \/>\n<script type=\"application\/ld+json\" class=\"yoast-schema-graph\">{\"@context\":\"https:\/\/schema.org\",\"@graph\":[{\"@type\":\"WebPage\",\"@id\":\"https:\/\/freeimprobarcelona.com\/es\/calendar\/hector-parra-amb-pere-arquillue-lluisa-espigole-i-imma-santacreu-mixtur-2023\/\",\"url\":\"https:\/\/freeimprobarcelona.com\/es\/calendar\/hector-parra-amb-pere-arquillue-lluisa-espigole-i-imma-santacreu-mixtur-2023\/\",\"name\":\"H\u00e8ctor Parra amb Pere Arquillu\u00e9, Llu\u00efsa Espigol\u00e9 i Imma Santacreu MIXTUR 2023 - Free Impro Barcelona\",\"isPartOf\":{\"@id\":\"https:\/\/freeimprobarcelona.com\/es\/#website\"},\"datePublished\":\"2023-09-06T12:47:59+00:00\",\"dateModified\":\"2023-09-06T12:51:20+00:00\",\"breadcrumb\":{\"@id\":\"https:\/\/freeimprobarcelona.com\/es\/calendar\/hector-parra-amb-pere-arquillue-lluisa-espigole-i-imma-santacreu-mixtur-2023\/#breadcrumb\"},\"inLanguage\":\"es\",\"potentialAction\":[{\"@type\":\"ReadAction\",\"target\":[\"https:\/\/freeimprobarcelona.com\/es\/calendar\/hector-parra-amb-pere-arquillue-lluisa-espigole-i-imma-santacreu-mixtur-2023\/\"]}]},{\"@type\":\"BreadcrumbList\",\"@id\":\"https:\/\/freeimprobarcelona.com\/es\/calendar\/hector-parra-amb-pere-arquillue-lluisa-espigole-i-imma-santacreu-mixtur-2023\/#breadcrumb\",\"itemListElement\":[{\"@type\":\"ListItem\",\"position\":1,\"name\":\"Inicio\",\"item\":\"https:\/\/freeimprobarcelona.com\/es\/\"},{\"@type\":\"ListItem\",\"position\":2,\"name\":\"Eventos\",\"item\":\"https:\/\/freeimprobarcelona.com\/es\/calendar\/\"},{\"@type\":\"ListItem\",\"position\":3,\"name\":\"H\u00e8ctor Parra amb Pere Arquillu\u00e9, Llu\u00efsa Espigol\u00e9 i Imma Santacreu MIXTUR 2023\"}]},{\"@type\":\"WebSite\",\"@id\":\"https:\/\/freeimprobarcelona.com\/es\/#website\",\"url\":\"https:\/\/freeimprobarcelona.com\/es\/\",\"name\":\"Free Impro Barcelona\",\"description\":\"Free Impro Barcelona\",\"potentialAction\":[{\"@type\":\"SearchAction\",\"target\":{\"@type\":\"EntryPoint\",\"urlTemplate\":\"https:\/\/freeimprobarcelona.com\/es\/?s={search_term_string}\"},\"query-input\":\"required name=search_term_string\"}],\"inLanguage\":\"es\"}]}<\/script>\n<!-- \/ Yoast SEO plugin. -->","yoast_head_json":{"title":"H\u00e8ctor Parra amb Pere Arquillu\u00e9, Llu\u00efsa Espigol\u00e9 i Imma Santacreu MIXTUR 2023 - Free Impro Barcelona","robots":{"index":"index","follow":"follow","max-snippet":"max-snippet:-1","max-image-preview":"max-image-preview:large","max-video-preview":"max-video-preview:-1"},"canonical":"https:\/\/freeimprobarcelona.com\/es\/calendar\/hector-parra-amb-pere-arquillue-lluisa-espigole-i-imma-santacreu-mixtur-2023\/","og_locale":"es_ES","og_type":"article","og_title":"H\u00e8ctor Parra amb Pere Arquillu\u00e9, Llu\u00efsa Espigol\u00e9 i Imma Santacreu MIXTUR 2023 - Free Impro Barcelona","og_description":"Encontramos especialmente inspirador el camino art\u00edstico que Joan Mir\u00f3 teje con gran tes\u00f3n durante la d\u00e9cada de los a\u00f1os treinta, inmerso dentro de los tumultuosos cambios pol\u00edticos, sociales y econ\u00f3micos que la caracterizaron. La proclamaci\u00f3n de la 2\u00aa Rep\u00fablica, el golpe militar del 36, el horror de la guerra civil y el advenimiento del franquismo, [&hellip;]","og_url":"https:\/\/freeimprobarcelona.com\/es\/calendar\/hector-parra-amb-pere-arquillue-lluisa-espigole-i-imma-santacreu-mixtur-2023\/","og_site_name":"Free Impro Barcelona","article_modified_time":"2023-09-06T12:51:20+00:00","og_image":[{"width":1000,"height":563,"url":"https:\/\/freeimprobarcelona.com\/wp-content\/uploads\/2023\/09\/Imma-i-Lluisa_may.jpg","type":"image\/jpeg"}],"twitter_card":"summary_large_image","twitter_misc":{"Tiempo de lectura":"2 minutos"},"schema":{"@context":"https:\/\/schema.org","@graph":[{"@type":"WebPage","@id":"https:\/\/freeimprobarcelona.com\/es\/calendar\/hector-parra-amb-pere-arquillue-lluisa-espigole-i-imma-santacreu-mixtur-2023\/","url":"https:\/\/freeimprobarcelona.com\/es\/calendar\/hector-parra-amb-pere-arquillue-lluisa-espigole-i-imma-santacreu-mixtur-2023\/","name":"H\u00e8ctor Parra amb Pere Arquillu\u00e9, Llu\u00efsa Espigol\u00e9 i Imma Santacreu MIXTUR 2023 - Free Impro Barcelona","isPartOf":{"@id":"https:\/\/freeimprobarcelona.com\/es\/#website"},"datePublished":"2023-09-06T12:47:59+00:00","dateModified":"2023-09-06T12:51:20+00:00","breadcrumb":{"@id":"https:\/\/freeimprobarcelona.com\/es\/calendar\/hector-parra-amb-pere-arquillue-lluisa-espigole-i-imma-santacreu-mixtur-2023\/#breadcrumb"},"inLanguage":"es","potentialAction":[{"@type":"ReadAction","target":["https:\/\/freeimprobarcelona.com\/es\/calendar\/hector-parra-amb-pere-arquillue-lluisa-espigole-i-imma-santacreu-mixtur-2023\/"]}]},{"@type":"BreadcrumbList","@id":"https:\/\/freeimprobarcelona.com\/es\/calendar\/hector-parra-amb-pere-arquillue-lluisa-espigole-i-imma-santacreu-mixtur-2023\/#breadcrumb","itemListElement":[{"@type":"ListItem","position":1,"name":"Inicio","item":"https:\/\/freeimprobarcelona.com\/es\/"},{"@type":"ListItem","position":2,"name":"Eventos","item":"https:\/\/freeimprobarcelona.com\/es\/calendar\/"},{"@type":"ListItem","position":3,"name":"H\u00e8ctor Parra amb Pere Arquillu\u00e9, Llu\u00efsa Espigol\u00e9 i Imma Santacreu MIXTUR 2023"}]},{"@type":"WebSite","@id":"https:\/\/freeimprobarcelona.com\/es\/#website","url":"https:\/\/freeimprobarcelona.com\/es\/","name":"Free Impro Barcelona","description":"Free Impro Barcelona","potentialAction":[{"@type":"SearchAction","target":{"@type":"EntryPoint","urlTemplate":"https:\/\/freeimprobarcelona.com\/es\/?s={search_term_string}"},"query-input":"required name=search_term_string"}],"inLanguage":"es"}]}},"_links":{"self":[{"href":"https:\/\/freeimprobarcelona.com\/es\/wp-json\/wp\/v2\/mec-events\/4318","targetHints":{"allow":["GET"]}}],"collection":[{"href":"https:\/\/freeimprobarcelona.com\/es\/wp-json\/wp\/v2\/mec-events"}],"about":[{"href":"https:\/\/freeimprobarcelona.com\/es\/wp-json\/wp\/v2\/types\/mec-events"}],"author":[{"embeddable":true,"href":"https:\/\/freeimprobarcelona.com\/es\/wp-json\/wp\/v2\/users\/2"}],"wp:featuredmedia":[{"embeddable":true,"href":"https:\/\/freeimprobarcelona.com\/es\/wp-json\/wp\/v2\/media\/4316"}],"wp:attachment":[{"href":"https:\/\/freeimprobarcelona.com\/es\/wp-json\/wp\/v2\/media?parent=4318"}],"wp:term":[{"taxonomy":"post_tag","embeddable":true,"href":"https:\/\/freeimprobarcelona.com\/es\/wp-json\/wp\/v2\/tags?post=4318"},{"taxonomy":"mec_category","embeddable":true,"href":"https:\/\/freeimprobarcelona.com\/es\/wp-json\/wp\/v2\/mec_category?post=4318"},{"taxonomy":"mec_speaker","embeddable":true,"href":"https:\/\/freeimprobarcelona.com\/es\/wp-json\/wp\/v2\/mec_speaker?post=4318"}],"curies":[{"name":"wp","href":"https:\/\/api.w.org\/{rel}","templated":true}]}}

Hèctor Parra amb Pere Arquillué, Lluïsa Espigolé i Imma Santacreu  MIXTUR 2023

<p>Encontramos especialmente inspirador el camino artístico que Joan Miró teje con gran tesón durante la década de los años treinta, inmerso dentro de los tumultuosos cambios políticos, sociales y económicos que la caracterizaron. La proclamación de la 2ª República, el golpe militar del 36, el horror de la guerra civil y el advenimiento del franquismo, un exilio de cuatro años y la subsecuente fuga de la invasión nazi de Francia culminan, paradójicamente, en la formidable serie de 23 constelaciones que pinta entre enero de 1940 y septiembre de 1941. Con estos guaches de pequeño formato Miró aporta al mundo un modelo ejemplar de tenacidad, de desarrollo artístico, de armonía plástica así como de integridad humana en un de los momentos más oscuros de la historia.</p>
<p>Partiendo de una petición original de Carmen Martínez-Pierret, entre abril de 2020 y 2023 el compositor Héctor Parra y el poeta Arnau Pons han estado inmersos en la composición de un ciclo poético-musical inspirado en las Constelaciones. En compañía de la pianista Imma Santacreu, Héctor Parra ha explorado al piano –primero de forma improvisada y después haciendo cristalizar una escritura adaptada- todo de una serie de técnicas especiales que utilizan una multitud de objetos para acercar a una forma melodramática surgida directamente de su propia vivencia de los microuniversos sugeridos por cada constelación, y que pretende interpelar al público a vivirlo en primera persona. Así, este ciclo es un viaje al mundo interior del propio compositor así como al del poeta, que exterioriza la pintura de Miró bajo la forma de un lienzo musical complejo: etéreo o denso, liso o rugoso, delicado o tosco. En manos de las pianistas Imma Santacreu y Lluïsa Espigolé el piano se transforma en un instrumento casi electroacústico. En combinación con los poemas escritos por Arnau Pons e interpretados en vivo por el actor Pere Arquillué, nace un universo completo y sugerente donde los astros se alinean a cada intervención sonora, cuando nuestras propias constelaciones de emociones profundas resuenan, a su vez, en el universo poético-musical de la obra.</p>
<p>Héctor Parra</p>
<p>Biografía</p>
<p>https://www.lluisaespigole.com/page2</p>
<p>https://www.immasantacreu.fr/index_es.html#seccio_1</p>
<p>Lluïsa Espigolé e Imma Santacreu, piano / Pere Arquillué, recitado</p>

<p>Encontramos especialmente inspirador el camino artístico que Joan Miró teje con gran tesón durante la década de los años treinta, inmerso dentro de los tumultuosos cambios políticos, sociales y económicos que la caracterizaron. La proclamación de la 2ª República, el golpe militar del 36, el horror de la guerra civil y el advenimiento del franquismo, [&hellip;]</p>

<!-- This site is optimized with the Yoast SEO plugin v19.9 - https://yoast.com/wordpress/plugins/seo/ -->
<title>Hèctor Parra amb Pere Arquillué, Lluïsa Espigolé i Imma Santacreu MIXTUR 2023 - Free Impro Barcelona</title>
<meta name="robots" content="index, follow, max-snippet:-1, max-image-preview:large, max-video-preview:-1" />
<link rel="canonical" href="https://freeimprobarcelona.com/es/calendar/hector-parra-amb-pere-arquillue-lluisa-espigole-i-imma-santacreu-mixtur-2023/" />
<meta property="og:locale" content="es_ES" />
<meta property="og:type" content="article" />
<meta property="og:title" content="Hèctor Parra amb Pere Arquillué, Lluïsa Espigolé i Imma Santacreu MIXTUR 2023 - Free Impro Barcelona" />
<meta property="og:description" content="Encontramos especialmente inspirador el camino artístico que Joan Miró teje con gran tesón durante la década de los años treinta, inmerso dentro de los tumultuosos cambios políticos, sociales y económicos que la caracterizaron. La proclamación de la 2ª República, el golpe militar del 36, el horror de la guerra civil y el advenimiento del franquismo, [&hellip;]" />
<meta property="og:url" content="https://freeimprobarcelona.com/es/calendar/hector-parra-amb-pere-arquillue-lluisa-espigole-i-imma-santacreu-mixtur-2023/" />
<meta property="og:site_name" content="Free Impro Barcelona" />
<meta property="article:modified_time" content="2023-09-06T12:51:20+00:00" />
<meta property="og:image" content="https://freeimprobarcelona.com/wp-content/uploads/2023/09/Imma-i-Lluisa_may.jpg" />
	<meta property="og:image:width" content="1000" />
	<meta property="og:image:height" content="563" />
	<meta property="og:image:type" content="image/jpeg" />
<meta name="twitter:card" content="summary_large_image" />
<meta name="twitter:label1" content="Tiempo de lectura" />
	<meta name="twitter:data1" content="2 minutos" />
<script type="application/ld+json" class="yoast-schema-graph">{"@context":"https://schema.org","@graph":[{"@type":"WebPage","@id":"https://freeimprobarcelona.com/es/calendar/hector-parra-amb-pere-arquillue-lluisa-espigole-i-imma-santacreu-mixtur-2023/","url":"https://freeimprobarcelona.com/es/calendar/hector-parra-amb-pere-arquillue-lluisa-espigole-i-imma-santacreu-mixtur-2023/","name":"Hèctor Parra amb Pere Arquillué, Lluïsa Espigolé i Imma Santacreu MIXTUR 2023 - Free Impro Barcelona","isPartOf":{"@id":"https://freeimprobarcelona.com/es/#website"},"datePublished":"2023-09-06T12:47:59+00:00","dateModified":"2023-09-06T12:51:20+00:00","breadcrumb":{"@id":"https://freeimprobarcelona.com/es/calendar/hector-parra-amb-pere-arquillue-lluisa-espigole-i-imma-santacreu-mixtur-2023/#breadcrumb"},"inLanguage":"es","potentialAction":[{"@type":"ReadAction","target":["https://freeimprobarcelona.com/es/calendar/hector-parra-amb-pere-arquillue-lluisa-espigole-i-imma-santacreu-mixtur-2023/"]}]},{"@type":"BreadcrumbList","@id":"https://freeimprobarcelona.com/es/calendar/hector-parra-amb-pere-arquillue-lluisa-espigole-i-imma-santacreu-mixtur-2023/#breadcrumb","itemListElement":[{"@type":"ListItem","position":1,"name":"Inicio","item":"https://freeimprobarcelona.com/es/"},{"@type":"ListItem","position":2,"name":"Eventos","item":"https://freeimprobarcelona.com/es/calendar/"},{"@type":"ListItem","position":3,"name":"Hèctor Parra amb Pere Arquillué, Lluïsa Espigolé i Imma Santacreu MIXTUR 2023"}]},{"@type":"WebSite","@id":"https://freeimprobarcelona.com/es/#website","url":"https://freeimprobarcelona.com/es/","name":"Free Impro Barcelona","description":"Free Impro Barcelona","potentialAction":[{"@type":"SearchAction","target":{"@type":"EntryPoint","urlTemplate":"https://freeimprobarcelona.com/es/?s={search_term_string}"},"query-input":"required name=search_term_string"}],"inLanguage":"es"}]}</script>
<!-- / Yoast SEO plugin. -->

Hèctor Parra amb Pere Arquillué, Lluïsa Espigolé i Imma Santacreu MIXTUR 2023 - Free Impro Barcelona

Encontramos especialmente inspirador el camino artístico que Joan Miró teje con gran tesón durante la década de los años treinta, inmerso dentro de los tumultuosos cambios políticos, sociales y económicos que la caracterizaron. La proclamación de la 2ª República, el golpe militar del 36, el horror de la guerra civil y el advenimiento del franquismo, [&hellip;]

Hèctor Parra amb Pere Arquillué, Lluïsa Espigolé i Imma Santacreu MIXTUR 2023
