{"id":4259,"date":"2023-09-06T11:15:46","date_gmt":"2023-09-06T11:15:46","guid":{"rendered":"https:\/\/freeimprobarcelona.com\/calendar\/sondar-te-electric-ensemble-mixtur-2023\/"},"modified":"2023-09-06T11:21:36","modified_gmt":"2023-09-06T11:21:36","slug":"sondar-te-electric-ensemble-mixtur-2023","status":"publish","type":"mec-events","link":"https:\/\/freeimprobarcelona.com\/es\/calendar\/sondar-te-electric-ensemble-mixtur-2023\/","title":{"rendered":"Sond\u2019Ar-te Electric Ensemble  MIXTUR 2023"},"content":{"rendered":"<p>Sond\u2019Ar-te Electric Ensemble ha sido uno de los grupos seleccionados en la Convocatoria Mixtur 2022\/23. Presentar\u00e1n un programa que enfatiza algunas de las caracter\u00edsticas del conjunto, como el inter\u00e9s por combinar diversas disciplinas art\u00edsticas, y su implicaci\u00f3n con la esencia del Mixtur. Escucharemos obras de dos destacados compositores portugueses, como son Miguel Azguime (director art\u00edstico del grupo) y Ricardo Ribeiro. Por otro lado, y como muestra de su inter\u00e9s por la nueva creaci\u00f3n, Sond\u2019Ar-te Electric Ensemble estrenar\u00e1 dos encargos realizados por Mixtur a los compositores Joan G\u00f3mez Alemany y V\u00edctor Morat\u00f3. El concierto estrecha a\u00fan m\u00e1s su conexi\u00f3n con el festival al presentar tres miniaturas de los participantes del Taller de Composici\u00f3n, que tambi\u00e9n ser\u00e1n estrenos absolutos. Queremos remarcar tambi\u00e9n que, tal y como sugiere el nombre del conjunto, tanto la electr\u00f3nica y las artes visuales como el v\u00eddeo, tendr\u00e1n un papel destacado en este concierto. Todo esto configura un programa \u00fanico y dise\u00f1ado expresamente para la ocasi\u00f3n.<\/p>\n<p>&nbsp;<\/p>\n<p>Pedro Carneiro, cond \/ S\u00edlvia Cancela, fl \/ Nuno Pinto, cl \/ V\u00edtor Vieira, vl \/ Lu\u00eds Andr\u00e9 Ferreira, vc \/ Elsa Silva, pno \/ Paula Azguime, sound \/ Miguel Azguime, elec<\/p>\n","protected":false},"excerpt":{"rendered":"<p>Sond\u2019Ar-te Electric Ensemble ha sido uno de los grupos seleccionados en la Convocatoria Mixtur 2022\/23. Presentar\u00e1n un programa que enfatiza algunas de las caracter\u00edsticas del conjunto, como el inter\u00e9s por combinar diversas disciplinas art\u00edsticas, y su implicaci\u00f3n con la esencia del Mixtur. Escucharemos obras de dos destacados compositores portugueses, como son Miguel Azguime (director art\u00edstico [&hellip;]<\/p>\n","protected":false},"author":2,"featured_media":4257,"template":"","meta":{"_et_pb_use_builder":"","_et_pb_old_content":"","_et_gb_content_width":""},"tags":[],"mec_category":[1335],"mec_speaker":[],"class_list":["post-4259","mec-events","type-mec-events","status-publish","has-post-thumbnail","hentry","mec_category-festival-mixtur-es"],"yoast_head":"<!-- This site is optimized with the Yoast SEO plugin v19.9 - https:\/\/yoast.com\/wordpress\/plugins\/seo\/ -->\n<title>Sond\u2019Ar-te Electric Ensemble MIXTUR 2023 - Free Impro Barcelona<\/title>\n<meta name=\"robots\" content=\"index, follow, max-snippet:-1, max-image-preview:large, max-video-preview:-1\" \/>\n<link rel=\"canonical\" href=\"https:\/\/freeimprobarcelona.com\/es\/calendar\/sondar-te-electric-ensemble-mixtur-2023\/\" \/>\n<meta property=\"og:locale\" content=\"es_ES\" \/>\n<meta property=\"og:type\" content=\"article\" \/>\n<meta property=\"og:title\" content=\"Sond\u2019Ar-te Electric Ensemble MIXTUR 2023 - Free Impro Barcelona\" \/>\n<meta property=\"og:description\" content=\"Sond\u2019Ar-te Electric Ensemble ha sido uno de los grupos seleccionados en la Convocatoria Mixtur 2022\/23. Presentar\u00e1n un programa que enfatiza algunas de las caracter\u00edsticas del conjunto, como el inter\u00e9s por combinar diversas disciplinas art\u00edsticas, y su implicaci\u00f3n con la esencia del Mixtur. Escucharemos obras de dos destacados compositores portugueses, como son Miguel Azguime (director art\u00edstico [&hellip;]\" \/>\n<meta property=\"og:url\" content=\"https:\/\/freeimprobarcelona.com\/es\/calendar\/sondar-te-electric-ensemble-mixtur-2023\/\" \/>\n<meta property=\"og:site_name\" content=\"Free Impro Barcelona\" \/>\n<meta property=\"article:modified_time\" content=\"2023-09-06T11:21:36+00:00\" \/>\n<meta property=\"og:image\" content=\"https:\/\/freeimprobarcelona.com\/wp-content\/uploads\/2023\/09\/DSC01120SONDARTE-web-SondAr-te-Electric-Ensemble.jpg\" \/>\n\t<meta property=\"og:image:width\" content=\"1500\" \/>\n\t<meta property=\"og:image:height\" content=\"1000\" \/>\n\t<meta property=\"og:image:type\" content=\"image\/jpeg\" \/>\n<meta name=\"twitter:card\" content=\"summary_large_image\" \/>\n<meta name=\"twitter:label1\" content=\"Tiempo de lectura\" \/>\n\t<meta name=\"twitter:data1\" content=\"1 minuto\" \/>\n<script type=\"application\/ld+json\" class=\"yoast-schema-graph\">{\"@context\":\"https:\/\/schema.org\",\"@graph\":[{\"@type\":\"WebPage\",\"@id\":\"https:\/\/freeimprobarcelona.com\/es\/calendar\/sondar-te-electric-ensemble-mixtur-2023\/\",\"url\":\"https:\/\/freeimprobarcelona.com\/es\/calendar\/sondar-te-electric-ensemble-mixtur-2023\/\",\"name\":\"Sond\u2019Ar-te Electric Ensemble MIXTUR 2023 - Free Impro Barcelona\",\"isPartOf\":{\"@id\":\"https:\/\/freeimprobarcelona.com\/es\/#website\"},\"datePublished\":\"2023-09-06T11:15:46+00:00\",\"dateModified\":\"2023-09-06T11:21:36+00:00\",\"breadcrumb\":{\"@id\":\"https:\/\/freeimprobarcelona.com\/es\/calendar\/sondar-te-electric-ensemble-mixtur-2023\/#breadcrumb\"},\"inLanguage\":\"es\",\"potentialAction\":[{\"@type\":\"ReadAction\",\"target\":[\"https:\/\/freeimprobarcelona.com\/es\/calendar\/sondar-te-electric-ensemble-mixtur-2023\/\"]}]},{\"@type\":\"BreadcrumbList\",\"@id\":\"https:\/\/freeimprobarcelona.com\/es\/calendar\/sondar-te-electric-ensemble-mixtur-2023\/#breadcrumb\",\"itemListElement\":[{\"@type\":\"ListItem\",\"position\":1,\"name\":\"Inicio\",\"item\":\"https:\/\/freeimprobarcelona.com\/es\/\"},{\"@type\":\"ListItem\",\"position\":2,\"name\":\"Eventos\",\"item\":\"https:\/\/freeimprobarcelona.com\/es\/calendar\/\"},{\"@type\":\"ListItem\",\"position\":3,\"name\":\"Sond\u2019Ar-te Electric Ensemble MIXTUR 2023\"}]},{\"@type\":\"WebSite\",\"@id\":\"https:\/\/freeimprobarcelona.com\/es\/#website\",\"url\":\"https:\/\/freeimprobarcelona.com\/es\/\",\"name\":\"Free Impro Barcelona\",\"description\":\"Free Impro Barcelona\",\"potentialAction\":[{\"@type\":\"SearchAction\",\"target\":{\"@type\":\"EntryPoint\",\"urlTemplate\":\"https:\/\/freeimprobarcelona.com\/es\/?s={search_term_string}\"},\"query-input\":\"required name=search_term_string\"}],\"inLanguage\":\"es\"}]}<\/script>\n<!-- \/ Yoast SEO plugin. -->","yoast_head_json":{"title":"Sond\u2019Ar-te Electric Ensemble MIXTUR 2023 - Free Impro Barcelona","robots":{"index":"index","follow":"follow","max-snippet":"max-snippet:-1","max-image-preview":"max-image-preview:large","max-video-preview":"max-video-preview:-1"},"canonical":"https:\/\/freeimprobarcelona.com\/es\/calendar\/sondar-te-electric-ensemble-mixtur-2023\/","og_locale":"es_ES","og_type":"article","og_title":"Sond\u2019Ar-te Electric Ensemble MIXTUR 2023 - Free Impro Barcelona","og_description":"Sond\u2019Ar-te Electric Ensemble ha sido uno de los grupos seleccionados en la Convocatoria Mixtur 2022\/23. Presentar\u00e1n un programa que enfatiza algunas de las caracter\u00edsticas del conjunto, como el inter\u00e9s por combinar diversas disciplinas art\u00edsticas, y su implicaci\u00f3n con la esencia del Mixtur. Escucharemos obras de dos destacados compositores portugueses, como son Miguel Azguime (director art\u00edstico [&hellip;]","og_url":"https:\/\/freeimprobarcelona.com\/es\/calendar\/sondar-te-electric-ensemble-mixtur-2023\/","og_site_name":"Free Impro Barcelona","article_modified_time":"2023-09-06T11:21:36+00:00","og_image":[{"width":1500,"height":1000,"url":"https:\/\/freeimprobarcelona.com\/wp-content\/uploads\/2023\/09\/DSC01120SONDARTE-web-SondAr-te-Electric-Ensemble.jpg","type":"image\/jpeg"}],"twitter_card":"summary_large_image","twitter_misc":{"Tiempo de lectura":"1 minuto"},"schema":{"@context":"https:\/\/schema.org","@graph":[{"@type":"WebPage","@id":"https:\/\/freeimprobarcelona.com\/es\/calendar\/sondar-te-electric-ensemble-mixtur-2023\/","url":"https:\/\/freeimprobarcelona.com\/es\/calendar\/sondar-te-electric-ensemble-mixtur-2023\/","name":"Sond\u2019Ar-te Electric Ensemble MIXTUR 2023 - Free Impro Barcelona","isPartOf":{"@id":"https:\/\/freeimprobarcelona.com\/es\/#website"},"datePublished":"2023-09-06T11:15:46+00:00","dateModified":"2023-09-06T11:21:36+00:00","breadcrumb":{"@id":"https:\/\/freeimprobarcelona.com\/es\/calendar\/sondar-te-electric-ensemble-mixtur-2023\/#breadcrumb"},"inLanguage":"es","potentialAction":[{"@type":"ReadAction","target":["https:\/\/freeimprobarcelona.com\/es\/calendar\/sondar-te-electric-ensemble-mixtur-2023\/"]}]},{"@type":"BreadcrumbList","@id":"https:\/\/freeimprobarcelona.com\/es\/calendar\/sondar-te-electric-ensemble-mixtur-2023\/#breadcrumb","itemListElement":[{"@type":"ListItem","position":1,"name":"Inicio","item":"https:\/\/freeimprobarcelona.com\/es\/"},{"@type":"ListItem","position":2,"name":"Eventos","item":"https:\/\/freeimprobarcelona.com\/es\/calendar\/"},{"@type":"ListItem","position":3,"name":"Sond\u2019Ar-te Electric Ensemble MIXTUR 2023"}]},{"@type":"WebSite","@id":"https:\/\/freeimprobarcelona.com\/es\/#website","url":"https:\/\/freeimprobarcelona.com\/es\/","name":"Free Impro Barcelona","description":"Free Impro Barcelona","potentialAction":[{"@type":"SearchAction","target":{"@type":"EntryPoint","urlTemplate":"https:\/\/freeimprobarcelona.com\/es\/?s={search_term_string}"},"query-input":"required name=search_term_string"}],"inLanguage":"es"}]}},"_links":{"self":[{"href":"https:\/\/freeimprobarcelona.com\/es\/wp-json\/wp\/v2\/mec-events\/4259","targetHints":{"allow":["GET"]}}],"collection":[{"href":"https:\/\/freeimprobarcelona.com\/es\/wp-json\/wp\/v2\/mec-events"}],"about":[{"href":"https:\/\/freeimprobarcelona.com\/es\/wp-json\/wp\/v2\/types\/mec-events"}],"author":[{"embeddable":true,"href":"https:\/\/freeimprobarcelona.com\/es\/wp-json\/wp\/v2\/users\/2"}],"wp:featuredmedia":[{"embeddable":true,"href":"https:\/\/freeimprobarcelona.com\/es\/wp-json\/wp\/v2\/media\/4257"}],"wp:attachment":[{"href":"https:\/\/freeimprobarcelona.com\/es\/wp-json\/wp\/v2\/media?parent=4259"}],"wp:term":[{"taxonomy":"post_tag","embeddable":true,"href":"https:\/\/freeimprobarcelona.com\/es\/wp-json\/wp\/v2\/tags?post=4259"},{"taxonomy":"mec_category","embeddable":true,"href":"https:\/\/freeimprobarcelona.com\/es\/wp-json\/wp\/v2\/mec_category?post=4259"},{"taxonomy":"mec_speaker","embeddable":true,"href":"https:\/\/freeimprobarcelona.com\/es\/wp-json\/wp\/v2\/mec_speaker?post=4259"}],"curies":[{"name":"wp","href":"https:\/\/api.w.org\/{rel}","templated":true}]}}

<p>Sond’Ar-te Electric Ensemble ha sido uno de los grupos seleccionados en la Convocatoria Mixtur 2022/23. Presentarán un programa que enfatiza algunas de las características del conjunto, como el interés por combinar diversas disciplinas artísticas, y su implicación con la esencia del Mixtur. Escucharemos obras de dos destacados compositores portugueses, como son Miguel Azguime (director artístico del grupo) y Ricardo Ribeiro. Por otro lado, y como muestra de su interés por la nueva creación, Sond’Ar-te Electric Ensemble estrenará dos encargos realizados por Mixtur a los compositores Joan Gómez Alemany y Víctor Morató. El concierto estrecha aún más su conexión con el festival al presentar tres miniaturas de los participantes del Taller de Composición, que también serán estrenos absolutos. Queremos remarcar también que, tal y como sugiere el nombre del conjunto, tanto la electrónica y las artes visuales como el vídeo, tendrán un papel destacado en este concierto. Todo esto configura un programa único y diseñado expresamente para la ocasión.</p>
<p>&nbsp;</p>
<p>Pedro Carneiro, cond / Sílvia Cancela, fl / Nuno Pinto, cl / Vítor Vieira, vl / Luís André Ferreira, vc / Elsa Silva, pno / Paula Azguime, sound / Miguel Azguime, elec</p>

<p>Sond’Ar-te Electric Ensemble ha sido uno de los grupos seleccionados en la Convocatoria Mixtur 2022/23. Presentarán un programa que enfatiza algunas de las características del conjunto, como el interés por combinar diversas disciplinas artísticas, y su implicación con la esencia del Mixtur. Escucharemos obras de dos destacados compositores portugueses, como son Miguel Azguime (director artístico [&hellip;]</p>

<!-- This site is optimized with the Yoast SEO plugin v19.9 - https://yoast.com/wordpress/plugins/seo/ -->
<title>Sond’Ar-te Electric Ensemble MIXTUR 2023 - Free Impro Barcelona</title>
<meta name="robots" content="index, follow, max-snippet:-1, max-image-preview:large, max-video-preview:-1" />
<link rel="canonical" href="https://freeimprobarcelona.com/es/calendar/sondar-te-electric-ensemble-mixtur-2023/" />
<meta property="og:locale" content="es_ES" />
<meta property="og:type" content="article" />
<meta property="og:title" content="Sond’Ar-te Electric Ensemble MIXTUR 2023 - Free Impro Barcelona" />
<meta property="og:description" content="Sond’Ar-te Electric Ensemble ha sido uno de los grupos seleccionados en la Convocatoria Mixtur 2022/23. Presentarán un programa que enfatiza algunas de las características del conjunto, como el interés por combinar diversas disciplinas artísticas, y su implicación con la esencia del Mixtur. Escucharemos obras de dos destacados compositores portugueses, como son Miguel Azguime (director artístico [&hellip;]" />
<meta property="og:url" content="https://freeimprobarcelona.com/es/calendar/sondar-te-electric-ensemble-mixtur-2023/" />
<meta property="og:site_name" content="Free Impro Barcelona" />
<meta property="article:modified_time" content="2023-09-06T11:21:36+00:00" />
<meta property="og:image" content="https://freeimprobarcelona.com/wp-content/uploads/2023/09/DSC01120SONDARTE-web-SondAr-te-Electric-Ensemble.jpg" />
	<meta property="og:image:width" content="1500" />
	<meta property="og:image:height" content="1000" />
	<meta property="og:image:type" content="image/jpeg" />
<meta name="twitter:card" content="summary_large_image" />
<meta name="twitter:label1" content="Tiempo de lectura" />
	<meta name="twitter:data1" content="1 minuto" />
<script type="application/ld+json" class="yoast-schema-graph">{"@context":"https://schema.org","@graph":[{"@type":"WebPage","@id":"https://freeimprobarcelona.com/es/calendar/sondar-te-electric-ensemble-mixtur-2023/","url":"https://freeimprobarcelona.com/es/calendar/sondar-te-electric-ensemble-mixtur-2023/","name":"Sond’Ar-te Electric Ensemble MIXTUR 2023 - Free Impro Barcelona","isPartOf":{"@id":"https://freeimprobarcelona.com/es/#website"},"datePublished":"2023-09-06T11:15:46+00:00","dateModified":"2023-09-06T11:21:36+00:00","breadcrumb":{"@id":"https://freeimprobarcelona.com/es/calendar/sondar-te-electric-ensemble-mixtur-2023/#breadcrumb"},"inLanguage":"es","potentialAction":[{"@type":"ReadAction","target":["https://freeimprobarcelona.com/es/calendar/sondar-te-electric-ensemble-mixtur-2023/"]}]},{"@type":"BreadcrumbList","@id":"https://freeimprobarcelona.com/es/calendar/sondar-te-electric-ensemble-mixtur-2023/#breadcrumb","itemListElement":[{"@type":"ListItem","position":1,"name":"Inicio","item":"https://freeimprobarcelona.com/es/"},{"@type":"ListItem","position":2,"name":"Eventos","item":"https://freeimprobarcelona.com/es/calendar/"},{"@type":"ListItem","position":3,"name":"Sond’Ar-te Electric Ensemble MIXTUR 2023"}]},{"@type":"WebSite","@id":"https://freeimprobarcelona.com/es/#website","url":"https://freeimprobarcelona.com/es/","name":"Free Impro Barcelona","description":"Free Impro Barcelona","potentialAction":[{"@type":"SearchAction","target":{"@type":"EntryPoint","urlTemplate":"https://freeimprobarcelona.com/es/?s={search_term_string}"},"query-input":"required name=search_term_string"}],"inLanguage":"es"}]}</script>
<!-- / Yoast SEO plugin. -->

Sond’Ar-te Electric Ensemble ha sido uno de los grupos seleccionados en la Convocatoria Mixtur 2022/23. Presentarán un programa que enfatiza algunas de las características del conjunto, como el interés por combinar diversas disciplinas artísticas, y su implicación con la esencia del Mixtur. Escucharemos obras de dos destacados compositores portugueses, como son Miguel Azguime (director artístico [&hellip;]
