{"id":4233,"date":"2023-08-30T16:10:21","date_gmt":"2023-08-30T16:10:21","guid":{"rendered":"https:\/\/freeimprobarcelona.com\/?post_type=mec-events&#038;p=4233"},"modified":"2023-08-30T16:14:42","modified_gmt":"2023-08-30T16:14:42","slug":"dimecres-de-so-i-cos-rara-avis-un-solo-dandres-corchero","status":"publish","type":"mec-events","link":"https:\/\/freeimprobarcelona.com\/es\/calendar\/dimecres-de-so-i-cos-rara-avis-un-solo-dandres-corchero\/","title":{"rendered":"Dimecres de so i cos Rara avis (un solo d\u2019Andr\u00e9s Corchero)"},"content":{"rendered":"<div class=\"grafic_description_cont\">\n<div class=\"grafic_description_cont\">\n<p>Cuando yo era peque\u00f1o, en los momentos de inquietud, nerviosismo o juego desenfrenado, mi madre me dec\u00eda: \u201cestate quieto, que parece que tengas el baile de San Vito\u201d. Esta frase qued\u00f3 registrada en mi memoria desde entonces y aunque en aquellos momentos no supe lo que realmente quer\u00eda decir, la he repetido infinidad de veces en situaciones similares a otras personas.<\/p>\n<p>Con el tiempo he sabido que esto se dec\u00eda porque San Vito era el santo al cual le rogaban para curarse de una enfermedad, los s\u00edntomas de la cual eran moverse sin control alguno y desenfrenadamente, dando la sensaci\u00f3n de que estaban bailando. Hay muchas teor\u00edas al respecto: unos dicen que era una enfermedad producida por una picadura que afectaba al sistema nervioso, otros dicen que era una descomposici\u00f3n mental interna. Lo que era muy curioso es que se manifestaba en grupo, adquiriendo car\u00e1cter de danza y coreograf\u00eda.<\/p>\n<p>Debido tambi\u00e9n al car\u00e1cter extra\u00f1o de los movimientos, siempre me ha resultado fascinante por su riqueza expresiva m\u00e1s all\u00e1 de la forma.<\/p>\n<p>Estos son los motivos principales que me mueven a acercarme a este hecho desde un punto de vista art\u00edstico. As\u00ed pues, convertirme en un cuerpo enfermo de danza es acercarme m\u00e1s a m\u00ed mismo como bailar\u00edn.<\/p>\n<p><strong>Andr\u00e9s Corchero<\/strong><\/p>\n<p><strong>\u00a0<\/strong><\/p>\n<\/div>\n<div class=\"grafic_description_web\"><a title=\"Mi\u00e9rcoles de sonido y cuerpo\" href=\"http:\/\/andrescorchero.blogspot.com\/\">http:\/\/andrescorchero.blogspot.com\/<\/a><\/div>\n<\/div>\n<div><\/div>\n<div>\n<p><strong>Mi\u00e9rcoles de sonido y cuerpo 2023<\/strong>\u00a0se nutre de les propuestas de:<\/p>\n<p><img decoding=\"async\" title=\"Logos_DimecresSoiCos_WEB\" src=\"https:\/\/artssantamonica.gencat.cat\/web\/.content\/Imatge\/2023\/Activitats\/01-gener-2023\/Logos_DimecresSoiCos_WEB.jpg\" alt=\"Logos_DimecresSoiCos_WEB\" \/><\/p>\n<\/div>\n","protected":false},"excerpt":{"rendered":"<p>Cuando yo era peque\u00f1o, en los momentos de inquietud, nerviosismo o juego desenfrenado, mi madre me dec\u00eda: \u201cestate quieto, que parece que tengas el baile de San Vito\u201d. Esta frase qued\u00f3 registrada en mi memoria desde entonces y aunque en aquellos momentos no supe lo que realmente quer\u00eda decir, la he repetido infinidad de veces [&hellip;]<\/p>\n","protected":false},"author":2,"featured_media":4231,"template":"","meta":{"_et_pb_use_builder":"","_et_pb_old_content":"","_et_gb_content_width":""},"tags":[],"mec_category":[715],"mec_speaker":[2386],"class_list":["post-4233","mec-events","type-mec-events","status-publish","has-post-thumbnail","hentry","mec_category-dimecres-de-so-i-cos-es"],"yoast_head":"<!-- This site is optimized with the Yoast SEO plugin v19.9 - https:\/\/yoast.com\/wordpress\/plugins\/seo\/ -->\n<title>Dimecres de so i cos Rara avis (un solo d\u2019Andr\u00e9s Corchero) - Free Impro Barcelona<\/title>\n<meta name=\"robots\" content=\"index, follow, max-snippet:-1, max-image-preview:large, max-video-preview:-1\" \/>\n<link rel=\"canonical\" href=\"https:\/\/freeimprobarcelona.com\/es\/calendar\/dimecres-de-so-i-cos-rara-avis-un-solo-dandres-corchero\/\" \/>\n<meta property=\"og:locale\" content=\"es_ES\" \/>\n<meta property=\"og:type\" content=\"article\" \/>\n<meta property=\"og:title\" content=\"Dimecres de so i cos Rara avis (un solo d\u2019Andr\u00e9s Corchero) - Free Impro Barcelona\" \/>\n<meta property=\"og:description\" content=\"Cuando yo era peque\u00f1o, en los momentos de inquietud, nerviosismo o juego desenfrenado, mi madre me dec\u00eda: \u201cestate quieto, que parece que tengas el baile de San Vito\u201d. Esta frase qued\u00f3 registrada en mi memoria desde entonces y aunque en aquellos momentos no supe lo que realmente quer\u00eda decir, la he repetido infinidad de veces [&hellip;]\" \/>\n<meta property=\"og:url\" content=\"https:\/\/freeimprobarcelona.com\/es\/calendar\/dimecres-de-so-i-cos-rara-avis-un-solo-dandres-corchero\/\" \/>\n<meta property=\"og:site_name\" content=\"Free Impro Barcelona\" \/>\n<meta property=\"article:modified_time\" content=\"2023-08-30T16:14:42+00:00\" \/>\n<meta property=\"og:image\" content=\"https:\/\/freeimprobarcelona.com\/wp-content\/uploads\/2023\/08\/Rara-avis-5-606x366-1.jpg\" \/>\n\t<meta property=\"og:image:width\" content=\"606\" \/>\n\t<meta property=\"og:image:height\" content=\"366\" \/>\n\t<meta property=\"og:image:type\" content=\"image\/jpeg\" \/>\n<meta name=\"twitter:card\" content=\"summary_large_image\" \/>\n<meta name=\"twitter:label1\" content=\"Tiempo de lectura\" \/>\n\t<meta name=\"twitter:data1\" content=\"1 minuto\" \/>\n<script type=\"application\/ld+json\" class=\"yoast-schema-graph\">{\"@context\":\"https:\/\/schema.org\",\"@graph\":[{\"@type\":\"WebPage\",\"@id\":\"https:\/\/freeimprobarcelona.com\/es\/calendar\/dimecres-de-so-i-cos-rara-avis-un-solo-dandres-corchero\/\",\"url\":\"https:\/\/freeimprobarcelona.com\/es\/calendar\/dimecres-de-so-i-cos-rara-avis-un-solo-dandres-corchero\/\",\"name\":\"Dimecres de so i cos Rara avis (un solo d\u2019Andr\u00e9s Corchero) - Free Impro Barcelona\",\"isPartOf\":{\"@id\":\"https:\/\/freeimprobarcelona.com\/es\/#website\"},\"datePublished\":\"2023-08-30T16:10:21+00:00\",\"dateModified\":\"2023-08-30T16:14:42+00:00\",\"breadcrumb\":{\"@id\":\"https:\/\/freeimprobarcelona.com\/es\/calendar\/dimecres-de-so-i-cos-rara-avis-un-solo-dandres-corchero\/#breadcrumb\"},\"inLanguage\":\"es\",\"potentialAction\":[{\"@type\":\"ReadAction\",\"target\":[\"https:\/\/freeimprobarcelona.com\/es\/calendar\/dimecres-de-so-i-cos-rara-avis-un-solo-dandres-corchero\/\"]}]},{\"@type\":\"BreadcrumbList\",\"@id\":\"https:\/\/freeimprobarcelona.com\/es\/calendar\/dimecres-de-so-i-cos-rara-avis-un-solo-dandres-corchero\/#breadcrumb\",\"itemListElement\":[{\"@type\":\"ListItem\",\"position\":1,\"name\":\"Inicio\",\"item\":\"https:\/\/freeimprobarcelona.com\/es\/\"},{\"@type\":\"ListItem\",\"position\":2,\"name\":\"Eventos\",\"item\":\"https:\/\/freeimprobarcelona.com\/es\/calendar\/\"},{\"@type\":\"ListItem\",\"position\":3,\"name\":\"Dimecres de so i cos Rara avis (un solo d\u2019Andr\u00e9s Corchero)\"}]},{\"@type\":\"WebSite\",\"@id\":\"https:\/\/freeimprobarcelona.com\/es\/#website\",\"url\":\"https:\/\/freeimprobarcelona.com\/es\/\",\"name\":\"Free Impro Barcelona\",\"description\":\"Free Impro Barcelona\",\"potentialAction\":[{\"@type\":\"SearchAction\",\"target\":{\"@type\":\"EntryPoint\",\"urlTemplate\":\"https:\/\/freeimprobarcelona.com\/es\/?s={search_term_string}\"},\"query-input\":\"required name=search_term_string\"}],\"inLanguage\":\"es\"}]}<\/script>\n<!-- \/ Yoast SEO plugin. -->","yoast_head_json":{"title":"Dimecres de so i cos Rara avis (un solo d\u2019Andr\u00e9s Corchero) - Free Impro Barcelona","robots":{"index":"index","follow":"follow","max-snippet":"max-snippet:-1","max-image-preview":"max-image-preview:large","max-video-preview":"max-video-preview:-1"},"canonical":"https:\/\/freeimprobarcelona.com\/es\/calendar\/dimecres-de-so-i-cos-rara-avis-un-solo-dandres-corchero\/","og_locale":"es_ES","og_type":"article","og_title":"Dimecres de so i cos Rara avis (un solo d\u2019Andr\u00e9s Corchero) - Free Impro Barcelona","og_description":"Cuando yo era peque\u00f1o, en los momentos de inquietud, nerviosismo o juego desenfrenado, mi madre me dec\u00eda: \u201cestate quieto, que parece que tengas el baile de San Vito\u201d. Esta frase qued\u00f3 registrada en mi memoria desde entonces y aunque en aquellos momentos no supe lo que realmente quer\u00eda decir, la he repetido infinidad de veces [&hellip;]","og_url":"https:\/\/freeimprobarcelona.com\/es\/calendar\/dimecres-de-so-i-cos-rara-avis-un-solo-dandres-corchero\/","og_site_name":"Free Impro Barcelona","article_modified_time":"2023-08-30T16:14:42+00:00","og_image":[{"width":606,"height":366,"url":"https:\/\/freeimprobarcelona.com\/wp-content\/uploads\/2023\/08\/Rara-avis-5-606x366-1.jpg","type":"image\/jpeg"}],"twitter_card":"summary_large_image","twitter_misc":{"Tiempo de lectura":"1 minuto"},"schema":{"@context":"https:\/\/schema.org","@graph":[{"@type":"WebPage","@id":"https:\/\/freeimprobarcelona.com\/es\/calendar\/dimecres-de-so-i-cos-rara-avis-un-solo-dandres-corchero\/","url":"https:\/\/freeimprobarcelona.com\/es\/calendar\/dimecres-de-so-i-cos-rara-avis-un-solo-dandres-corchero\/","name":"Dimecres de so i cos Rara avis (un solo d\u2019Andr\u00e9s Corchero) - Free Impro Barcelona","isPartOf":{"@id":"https:\/\/freeimprobarcelona.com\/es\/#website"},"datePublished":"2023-08-30T16:10:21+00:00","dateModified":"2023-08-30T16:14:42+00:00","breadcrumb":{"@id":"https:\/\/freeimprobarcelona.com\/es\/calendar\/dimecres-de-so-i-cos-rara-avis-un-solo-dandres-corchero\/#breadcrumb"},"inLanguage":"es","potentialAction":[{"@type":"ReadAction","target":["https:\/\/freeimprobarcelona.com\/es\/calendar\/dimecres-de-so-i-cos-rara-avis-un-solo-dandres-corchero\/"]}]},{"@type":"BreadcrumbList","@id":"https:\/\/freeimprobarcelona.com\/es\/calendar\/dimecres-de-so-i-cos-rara-avis-un-solo-dandres-corchero\/#breadcrumb","itemListElement":[{"@type":"ListItem","position":1,"name":"Inicio","item":"https:\/\/freeimprobarcelona.com\/es\/"},{"@type":"ListItem","position":2,"name":"Eventos","item":"https:\/\/freeimprobarcelona.com\/es\/calendar\/"},{"@type":"ListItem","position":3,"name":"Dimecres de so i cos Rara avis (un solo d\u2019Andr\u00e9s Corchero)"}]},{"@type":"WebSite","@id":"https:\/\/freeimprobarcelona.com\/es\/#website","url":"https:\/\/freeimprobarcelona.com\/es\/","name":"Free Impro Barcelona","description":"Free Impro Barcelona","potentialAction":[{"@type":"SearchAction","target":{"@type":"EntryPoint","urlTemplate":"https:\/\/freeimprobarcelona.com\/es\/?s={search_term_string}"},"query-input":"required name=search_term_string"}],"inLanguage":"es"}]}},"_links":{"self":[{"href":"https:\/\/freeimprobarcelona.com\/es\/wp-json\/wp\/v2\/mec-events\/4233","targetHints":{"allow":["GET"]}}],"collection":[{"href":"https:\/\/freeimprobarcelona.com\/es\/wp-json\/wp\/v2\/mec-events"}],"about":[{"href":"https:\/\/freeimprobarcelona.com\/es\/wp-json\/wp\/v2\/types\/mec-events"}],"author":[{"embeddable":true,"href":"https:\/\/freeimprobarcelona.com\/es\/wp-json\/wp\/v2\/users\/2"}],"wp:featuredmedia":[{"embeddable":true,"href":"https:\/\/freeimprobarcelona.com\/es\/wp-json\/wp\/v2\/media\/4231"}],"wp:attachment":[{"href":"https:\/\/freeimprobarcelona.com\/es\/wp-json\/wp\/v2\/media?parent=4233"}],"wp:term":[{"taxonomy":"post_tag","embeddable":true,"href":"https:\/\/freeimprobarcelona.com\/es\/wp-json\/wp\/v2\/tags?post=4233"},{"taxonomy":"mec_category","embeddable":true,"href":"https:\/\/freeimprobarcelona.com\/es\/wp-json\/wp\/v2\/mec_category?post=4233"},{"taxonomy":"mec_speaker","embeddable":true,"href":"https:\/\/freeimprobarcelona.com\/es\/wp-json\/wp\/v2\/mec_speaker?post=4233"}],"curies":[{"name":"wp","href":"https:\/\/api.w.org\/{rel}","templated":true}]}}

Dimecres de so i cos Rara avis (un solo d’Andrés Corchero)

<div class="grafic_description_cont">
<div class="grafic_description_cont">
<p>Cuando yo era pequeño, en los momentos de inquietud, nerviosismo o juego desenfrenado, mi madre me decía: “estate quieto, que parece que tengas el baile de San Vito”. Esta frase quedó registrada en mi memoria desde entonces y aunque en aquellos momentos no supe lo que realmente quería decir, la he repetido infinidad de veces en situaciones similares a otras personas.</p>
<p>Con el tiempo he sabido que esto se decía porque San Vito era el santo al cual le rogaban para curarse de una enfermedad, los síntomas de la cual eran moverse sin control alguno y desenfrenadamente, dando la sensación de que estaban bailando. Hay muchas teorías al respecto: unos dicen que era una enfermedad producida por una picadura que afectaba al sistema nervioso, otros dicen que era una descomposición mental interna. Lo que era muy curioso es que se manifestaba en grupo, adquiriendo carácter de danza y coreografía.</p>
<p>Debido también al carácter extraño de los movimientos, siempre me ha resultado fascinante por su riqueza expresiva más allá de la forma.</p>
<p>Estos son los motivos principales que me mueven a acercarme a este hecho desde un punto de vista artístico. Así pues, convertirme en un cuerpo enfermo de danza es acercarme más a mí mismo como bailarín.</p>
<p><strong>Andrés Corchero</strong></p>
<p><strong> </strong></p>
</div>
<div class="grafic_description_web"><a title="Miércoles de sonido y cuerpo" href="http://andrescorchero.blogspot.com/">http://andrescorchero.blogspot.com/</a></div>
</div>
<div></div>
<div>
<p><strong>Miércoles de sonido y cuerpo 2023</strong> se nutre de les propuestas de:</p>
<p><img decoding="async" title="Logos_DimecresSoiCos_WEB" src="https://artssantamonica.gencat.cat/web/.content/Imatge/2023/Activitats/01-gener-2023/Logos_DimecresSoiCos_WEB.jpg" alt="Logos_DimecresSoiCos_WEB" /></p>
</div>

<p>Cuando yo era pequeño, en los momentos de inquietud, nerviosismo o juego desenfrenado, mi madre me decía: “estate quieto, que parece que tengas el baile de San Vito”. Esta frase quedó registrada en mi memoria desde entonces y aunque en aquellos momentos no supe lo que realmente quería decir, la he repetido infinidad de veces [&hellip;]</p>

<!-- This site is optimized with the Yoast SEO plugin v19.9 - https://yoast.com/wordpress/plugins/seo/ -->
<title>Dimecres de so i cos Rara avis (un solo d’Andrés Corchero) - Free Impro Barcelona</title>
<meta name="robots" content="index, follow, max-snippet:-1, max-image-preview:large, max-video-preview:-1" />
<link rel="canonical" href="https://freeimprobarcelona.com/es/calendar/dimecres-de-so-i-cos-rara-avis-un-solo-dandres-corchero/" />
<meta property="og:locale" content="es_ES" />
<meta property="og:type" content="article" />
<meta property="og:title" content="Dimecres de so i cos Rara avis (un solo d’Andrés Corchero) - Free Impro Barcelona" />
<meta property="og:description" content="Cuando yo era pequeño, en los momentos de inquietud, nerviosismo o juego desenfrenado, mi madre me decía: “estate quieto, que parece que tengas el baile de San Vito”. Esta frase quedó registrada en mi memoria desde entonces y aunque en aquellos momentos no supe lo que realmente quería decir, la he repetido infinidad de veces [&hellip;]" />
<meta property="og:url" content="https://freeimprobarcelona.com/es/calendar/dimecres-de-so-i-cos-rara-avis-un-solo-dandres-corchero/" />
<meta property="og:site_name" content="Free Impro Barcelona" />
<meta property="article:modified_time" content="2023-08-30T16:14:42+00:00" />
<meta property="og:image" content="https://freeimprobarcelona.com/wp-content/uploads/2023/08/Rara-avis-5-606x366-1.jpg" />
	<meta property="og:image:width" content="606" />
	<meta property="og:image:height" content="366" />
	<meta property="og:image:type" content="image/jpeg" />
<meta name="twitter:card" content="summary_large_image" />
<meta name="twitter:label1" content="Tiempo de lectura" />
	<meta name="twitter:data1" content="1 minuto" />
<script type="application/ld+json" class="yoast-schema-graph">{"@context":"https://schema.org","@graph":[{"@type":"WebPage","@id":"https://freeimprobarcelona.com/es/calendar/dimecres-de-so-i-cos-rara-avis-un-solo-dandres-corchero/","url":"https://freeimprobarcelona.com/es/calendar/dimecres-de-so-i-cos-rara-avis-un-solo-dandres-corchero/","name":"Dimecres de so i cos Rara avis (un solo d’Andrés Corchero) - Free Impro Barcelona","isPartOf":{"@id":"https://freeimprobarcelona.com/es/#website"},"datePublished":"2023-08-30T16:10:21+00:00","dateModified":"2023-08-30T16:14:42+00:00","breadcrumb":{"@id":"https://freeimprobarcelona.com/es/calendar/dimecres-de-so-i-cos-rara-avis-un-solo-dandres-corchero/#breadcrumb"},"inLanguage":"es","potentialAction":[{"@type":"ReadAction","target":["https://freeimprobarcelona.com/es/calendar/dimecres-de-so-i-cos-rara-avis-un-solo-dandres-corchero/"]}]},{"@type":"BreadcrumbList","@id":"https://freeimprobarcelona.com/es/calendar/dimecres-de-so-i-cos-rara-avis-un-solo-dandres-corchero/#breadcrumb","itemListElement":[{"@type":"ListItem","position":1,"name":"Inicio","item":"https://freeimprobarcelona.com/es/"},{"@type":"ListItem","position":2,"name":"Eventos","item":"https://freeimprobarcelona.com/es/calendar/"},{"@type":"ListItem","position":3,"name":"Dimecres de so i cos Rara avis (un solo d’Andrés Corchero)"}]},{"@type":"WebSite","@id":"https://freeimprobarcelona.com/es/#website","url":"https://freeimprobarcelona.com/es/","name":"Free Impro Barcelona","description":"Free Impro Barcelona","potentialAction":[{"@type":"SearchAction","target":{"@type":"EntryPoint","urlTemplate":"https://freeimprobarcelona.com/es/?s={search_term_string}"},"query-input":"required name=search_term_string"}],"inLanguage":"es"}]}</script>
<!-- / Yoast SEO plugin. -->

Dimecres de so i cos Rara avis (un solo d’Andrés Corchero) - Free Impro Barcelona

Cuando yo era pequeño, en los momentos de inquietud, nerviosismo o juego desenfrenado, mi madre me decía: “estate quieto, que parece que tengas el baile de San Vito”. Esta frase quedó registrada en mi memoria desde entonces y aunque en aquellos momentos no supe lo que realmente quería decir, la he repetido infinidad de veces [&hellip;]
