{"id":3984,"date":"2023-05-31T17:47:52","date_gmt":"2023-05-31T17:47:52","guid":{"rendered":"https:\/\/freeimprobarcelona.com\/?post_type=mec-events&#038;p=3984"},"modified":"2023-05-31T17:49:23","modified_gmt":"2023-05-31T17:49:23","slug":"sons-en-causa-accio-sonora","status":"publish","type":"mec-events","link":"https:\/\/freeimprobarcelona.com\/es\/calendar\/sons-en-causa-accio-sonora\/","title":{"rendered":"Sons en causa &#8211; Acci\u00f3 Sonora"},"content":{"rendered":"<div class=\"body\">\n<p>Sonidos en Causa es un proyecto basado en un archivo sobre el que la Orquesta del Caos trabaja desde 2009. En crecimiento constante, el archivo de Sonidos en causa contiene tomas de alta calidad de paisaje sonoros realizadas por Carlos G\u00f3mez y Josep Manuel Berenguer al frente de diferentes equipos de sitios de Latinoam\u00e9rica donde las actividades humanas han experimentado un incremento notable en \u00e9pocas recientes. El muestreo ac\u00fastico a lo largo de trayectos entre las zonas m\u00e1s afectadas por el bullicio humano y las m\u00e1s alejadas, se podr\u00eda llegar a dar idea de c\u00f3mo fue el paisaje sonoro en estos contextos antes de que la influencia humana lo transformara a medida que las sociedades se hac\u00edan cada vez m\u00e1s complejos. Actualmente recoge 1700 tomas de audio binaurales realizadas en Am\u00e9rica Latina, a 24 bits de resoluci\u00f3n, 48kHz de frecuencia de muestreo y de 20 minutos de duraci\u00f3n.<\/p>\n<p>Con la participaci\u00f3n de: Lina Bautista, Jos\u00e9 Manuel Berenguer, Matias Klenner, Anna Gatz y Ginebra Ravent\u00f3s de Volart.<\/p>\n<p>Actividad organizada por\u00a0Hac Te\u00a0(Hub de Arte, Ciencia y Tecnolog\u00eda) en el marco de la exposici\u00f3n\u00a0Digital Impact.<\/p>\n<p>Ver todas las actividades<\/p>\n<p>Fecha:<\/p>\n<p>Jueves 1 de junio, 19:15 h.<\/p>\n<p>Lugar:<\/p>\n<p>Dise\u00f1o Hub Barcelona<\/p>\n<p>Precios:<\/p>\n<p>Actividad gratuita con inscripci\u00f3n previa (pr\u00f3ximamente)<\/p>\n<\/div>\n","protected":false},"excerpt":{"rendered":"<p>Sonidos en Causa es un proyecto basado en un archivo sobre el que la Orquesta del Caos trabaja desde 2009. En crecimiento constante, el archivo de Sonidos en causa contiene tomas de alta calidad de paisaje sonoros realizadas por Carlos G\u00f3mez y Josep Manuel Berenguer al frente de diferentes equipos de sitios de Latinoam\u00e9rica donde [&hellip;]<\/p>\n","protected":false},"author":2,"featured_media":3979,"template":"","meta":{"_et_pb_use_builder":"","_et_pb_old_content":"","_et_gb_content_width":""},"tags":[],"mec_category":[],"mec_speaker":[2293,2294,2295,465,2296,2297],"class_list":["post-3984","mec-events","type-mec-events","status-publish","has-post-thumbnail","hentry"],"yoast_head":"<!-- This site is optimized with the Yoast SEO plugin v19.9 - https:\/\/yoast.com\/wordpress\/plugins\/seo\/ -->\n<title>Sons en causa - Acci\u00f3 Sonora - Free Impro Barcelona<\/title>\n<meta name=\"robots\" content=\"index, follow, max-snippet:-1, max-image-preview:large, max-video-preview:-1\" \/>\n<link rel=\"canonical\" href=\"https:\/\/freeimprobarcelona.com\/es\/calendar\/sons-en-causa-accio-sonora\/\" \/>\n<meta property=\"og:locale\" content=\"es_ES\" \/>\n<meta property=\"og:type\" content=\"article\" \/>\n<meta property=\"og:title\" content=\"Sons en causa - Acci\u00f3 Sonora - Free Impro Barcelona\" \/>\n<meta property=\"og:description\" content=\"Sonidos en Causa es un proyecto basado en un archivo sobre el que la Orquesta del Caos trabaja desde 2009. En crecimiento constante, el archivo de Sonidos en causa contiene tomas de alta calidad de paisaje sonoros realizadas por Carlos G\u00f3mez y Josep Manuel Berenguer al frente de diferentes equipos de sitios de Latinoam\u00e9rica donde [&hellip;]\" \/>\n<meta property=\"og:url\" content=\"https:\/\/freeimprobarcelona.com\/es\/calendar\/sons-en-causa-accio-sonora\/\" \/>\n<meta property=\"og:site_name\" content=\"Free Impro Barcelona\" \/>\n<meta property=\"article:modified_time\" content=\"2023-05-31T17:49:23+00:00\" \/>\n<meta property=\"og:image\" content=\"https:\/\/freeimprobarcelona.com\/wp-content\/uploads\/2023\/05\/Captura-274.png\" \/>\n\t<meta property=\"og:image:width\" content=\"857\" \/>\n\t<meta property=\"og:image:height\" content=\"869\" \/>\n\t<meta property=\"og:image:type\" content=\"image\/png\" \/>\n<meta name=\"twitter:card\" content=\"summary_large_image\" \/>\n<meta name=\"twitter:label1\" content=\"Tiempo de lectura\" \/>\n\t<meta name=\"twitter:data1\" content=\"1 minuto\" \/>\n<script type=\"application\/ld+json\" class=\"yoast-schema-graph\">{\"@context\":\"https:\/\/schema.org\",\"@graph\":[{\"@type\":\"WebPage\",\"@id\":\"https:\/\/freeimprobarcelona.com\/es\/calendar\/sons-en-causa-accio-sonora\/\",\"url\":\"https:\/\/freeimprobarcelona.com\/es\/calendar\/sons-en-causa-accio-sonora\/\",\"name\":\"Sons en causa - Acci\u00f3 Sonora - Free Impro Barcelona\",\"isPartOf\":{\"@id\":\"https:\/\/freeimprobarcelona.com\/es\/#website\"},\"datePublished\":\"2023-05-31T17:47:52+00:00\",\"dateModified\":\"2023-05-31T17:49:23+00:00\",\"breadcrumb\":{\"@id\":\"https:\/\/freeimprobarcelona.com\/es\/calendar\/sons-en-causa-accio-sonora\/#breadcrumb\"},\"inLanguage\":\"es\",\"potentialAction\":[{\"@type\":\"ReadAction\",\"target\":[\"https:\/\/freeimprobarcelona.com\/es\/calendar\/sons-en-causa-accio-sonora\/\"]}]},{\"@type\":\"BreadcrumbList\",\"@id\":\"https:\/\/freeimprobarcelona.com\/es\/calendar\/sons-en-causa-accio-sonora\/#breadcrumb\",\"itemListElement\":[{\"@type\":\"ListItem\",\"position\":1,\"name\":\"Inicio\",\"item\":\"https:\/\/freeimprobarcelona.com\/es\/\"},{\"@type\":\"ListItem\",\"position\":2,\"name\":\"Eventos\",\"item\":\"https:\/\/freeimprobarcelona.com\/es\/calendar\/\"},{\"@type\":\"ListItem\",\"position\":3,\"name\":\"Sons en causa &#8211; Acci\u00f3 Sonora\"}]},{\"@type\":\"WebSite\",\"@id\":\"https:\/\/freeimprobarcelona.com\/es\/#website\",\"url\":\"https:\/\/freeimprobarcelona.com\/es\/\",\"name\":\"Free Impro Barcelona\",\"description\":\"Free Impro Barcelona\",\"potentialAction\":[{\"@type\":\"SearchAction\",\"target\":{\"@type\":\"EntryPoint\",\"urlTemplate\":\"https:\/\/freeimprobarcelona.com\/es\/?s={search_term_string}\"},\"query-input\":\"required name=search_term_string\"}],\"inLanguage\":\"es\"}]}<\/script>\n<!-- \/ Yoast SEO plugin. -->","yoast_head_json":{"title":"Sons en causa - Acci\u00f3 Sonora - Free Impro Barcelona","robots":{"index":"index","follow":"follow","max-snippet":"max-snippet:-1","max-image-preview":"max-image-preview:large","max-video-preview":"max-video-preview:-1"},"canonical":"https:\/\/freeimprobarcelona.com\/es\/calendar\/sons-en-causa-accio-sonora\/","og_locale":"es_ES","og_type":"article","og_title":"Sons en causa - Acci\u00f3 Sonora - Free Impro Barcelona","og_description":"Sonidos en Causa es un proyecto basado en un archivo sobre el que la Orquesta del Caos trabaja desde 2009. En crecimiento constante, el archivo de Sonidos en causa contiene tomas de alta calidad de paisaje sonoros realizadas por Carlos G\u00f3mez y Josep Manuel Berenguer al frente de diferentes equipos de sitios de Latinoam\u00e9rica donde [&hellip;]","og_url":"https:\/\/freeimprobarcelona.com\/es\/calendar\/sons-en-causa-accio-sonora\/","og_site_name":"Free Impro Barcelona","article_modified_time":"2023-05-31T17:49:23+00:00","og_image":[{"width":857,"height":869,"url":"https:\/\/freeimprobarcelona.com\/wp-content\/uploads\/2023\/05\/Captura-274.png","type":"image\/png"}],"twitter_card":"summary_large_image","twitter_misc":{"Tiempo de lectura":"1 minuto"},"schema":{"@context":"https:\/\/schema.org","@graph":[{"@type":"WebPage","@id":"https:\/\/freeimprobarcelona.com\/es\/calendar\/sons-en-causa-accio-sonora\/","url":"https:\/\/freeimprobarcelona.com\/es\/calendar\/sons-en-causa-accio-sonora\/","name":"Sons en causa - Acci\u00f3 Sonora - Free Impro Barcelona","isPartOf":{"@id":"https:\/\/freeimprobarcelona.com\/es\/#website"},"datePublished":"2023-05-31T17:47:52+00:00","dateModified":"2023-05-31T17:49:23+00:00","breadcrumb":{"@id":"https:\/\/freeimprobarcelona.com\/es\/calendar\/sons-en-causa-accio-sonora\/#breadcrumb"},"inLanguage":"es","potentialAction":[{"@type":"ReadAction","target":["https:\/\/freeimprobarcelona.com\/es\/calendar\/sons-en-causa-accio-sonora\/"]}]},{"@type":"BreadcrumbList","@id":"https:\/\/freeimprobarcelona.com\/es\/calendar\/sons-en-causa-accio-sonora\/#breadcrumb","itemListElement":[{"@type":"ListItem","position":1,"name":"Inicio","item":"https:\/\/freeimprobarcelona.com\/es\/"},{"@type":"ListItem","position":2,"name":"Eventos","item":"https:\/\/freeimprobarcelona.com\/es\/calendar\/"},{"@type":"ListItem","position":3,"name":"Sons en causa &#8211; Acci\u00f3 Sonora"}]},{"@type":"WebSite","@id":"https:\/\/freeimprobarcelona.com\/es\/#website","url":"https:\/\/freeimprobarcelona.com\/es\/","name":"Free Impro Barcelona","description":"Free Impro Barcelona","potentialAction":[{"@type":"SearchAction","target":{"@type":"EntryPoint","urlTemplate":"https:\/\/freeimprobarcelona.com\/es\/?s={search_term_string}"},"query-input":"required name=search_term_string"}],"inLanguage":"es"}]}},"_links":{"self":[{"href":"https:\/\/freeimprobarcelona.com\/es\/wp-json\/wp\/v2\/mec-events\/3984","targetHints":{"allow":["GET"]}}],"collection":[{"href":"https:\/\/freeimprobarcelona.com\/es\/wp-json\/wp\/v2\/mec-events"}],"about":[{"href":"https:\/\/freeimprobarcelona.com\/es\/wp-json\/wp\/v2\/types\/mec-events"}],"author":[{"embeddable":true,"href":"https:\/\/freeimprobarcelona.com\/es\/wp-json\/wp\/v2\/users\/2"}],"wp:featuredmedia":[{"embeddable":true,"href":"https:\/\/freeimprobarcelona.com\/es\/wp-json\/wp\/v2\/media\/3979"}],"wp:attachment":[{"href":"https:\/\/freeimprobarcelona.com\/es\/wp-json\/wp\/v2\/media?parent=3984"}],"wp:term":[{"taxonomy":"post_tag","embeddable":true,"href":"https:\/\/freeimprobarcelona.com\/es\/wp-json\/wp\/v2\/tags?post=3984"},{"taxonomy":"mec_category","embeddable":true,"href":"https:\/\/freeimprobarcelona.com\/es\/wp-json\/wp\/v2\/mec_category?post=3984"},{"taxonomy":"mec_speaker","embeddable":true,"href":"https:\/\/freeimprobarcelona.com\/es\/wp-json\/wp\/v2\/mec_speaker?post=3984"}],"curies":[{"name":"wp","href":"https:\/\/api.w.org\/{rel}","templated":true}]}}

Sons en causa &#8211; Acció Sonora

<div class="body">
<p>Sonidos en Causa es un proyecto basado en un archivo sobre el que la Orquesta del Caos trabaja desde 2009. En crecimiento constante, el archivo de Sonidos en causa contiene tomas de alta calidad de paisaje sonoros realizadas por Carlos Gómez y Josep Manuel Berenguer al frente de diferentes equipos de sitios de Latinoamérica donde las actividades humanas han experimentado un incremento notable en épocas recientes. El muestreo acústico a lo largo de trayectos entre las zonas más afectadas por el bullicio humano y las más alejadas, se podría llegar a dar idea de cómo fue el paisaje sonoro en estos contextos antes de que la influencia humana lo transformara a medida que las sociedades se hacían cada vez más complejos. Actualmente recoge 1700 tomas de audio binaurales realizadas en América Latina, a 24 bits de resolución, 48kHz de frecuencia de muestreo y de 20 minutos de duración.</p>
<p>Con la participación de: Lina Bautista, José Manuel Berenguer, Matias Klenner, Anna Gatz y Ginebra Raventós de Volart.</p>
<p>Actividad organizada por Hac Te (Hub de Arte, Ciencia y Tecnología) en el marco de la exposición Digital Impact.</p>
<p>Ver todas las actividades</p>
<p>Fecha:</p>
<p>Jueves 1 de junio, 19:15 h.</p>
<p>Lugar:</p>
<p>Diseño Hub Barcelona</p>
<p>Precios:</p>
<p>Actividad gratuita con inscripción previa (próximamente)</p>
</div>

<p>Sonidos en Causa es un proyecto basado en un archivo sobre el que la Orquesta del Caos trabaja desde 2009. En crecimiento constante, el archivo de Sonidos en causa contiene tomas de alta calidad de paisaje sonoros realizadas por Carlos Gómez y Josep Manuel Berenguer al frente de diferentes equipos de sitios de Latinoamérica donde [&hellip;]</p>

<!-- This site is optimized with the Yoast SEO plugin v19.9 - https://yoast.com/wordpress/plugins/seo/ -->
<title>Sons en causa - Acció Sonora - Free Impro Barcelona</title>
<meta name="robots" content="index, follow, max-snippet:-1, max-image-preview:large, max-video-preview:-1" />
<link rel="canonical" href="https://freeimprobarcelona.com/es/calendar/sons-en-causa-accio-sonora/" />
<meta property="og:locale" content="es_ES" />
<meta property="og:type" content="article" />
<meta property="og:title" content="Sons en causa - Acció Sonora - Free Impro Barcelona" />
<meta property="og:description" content="Sonidos en Causa es un proyecto basado en un archivo sobre el que la Orquesta del Caos trabaja desde 2009. En crecimiento constante, el archivo de Sonidos en causa contiene tomas de alta calidad de paisaje sonoros realizadas por Carlos Gómez y Josep Manuel Berenguer al frente de diferentes equipos de sitios de Latinoamérica donde [&hellip;]" />
<meta property="og:url" content="https://freeimprobarcelona.com/es/calendar/sons-en-causa-accio-sonora/" />
<meta property="og:site_name" content="Free Impro Barcelona" />
<meta property="article:modified_time" content="2023-05-31T17:49:23+00:00" />
<meta property="og:image" content="https://freeimprobarcelona.com/wp-content/uploads/2023/05/Captura-274.png" />
	<meta property="og:image:width" content="857" />
	<meta property="og:image:height" content="869" />
	<meta property="og:image:type" content="image/png" />
<meta name="twitter:card" content="summary_large_image" />
<meta name="twitter:label1" content="Tiempo de lectura" />
	<meta name="twitter:data1" content="1 minuto" />
<script type="application/ld+json" class="yoast-schema-graph">{"@context":"https://schema.org","@graph":[{"@type":"WebPage","@id":"https://freeimprobarcelona.com/es/calendar/sons-en-causa-accio-sonora/","url":"https://freeimprobarcelona.com/es/calendar/sons-en-causa-accio-sonora/","name":"Sons en causa - Acció Sonora - Free Impro Barcelona","isPartOf":{"@id":"https://freeimprobarcelona.com/es/#website"},"datePublished":"2023-05-31T17:47:52+00:00","dateModified":"2023-05-31T17:49:23+00:00","breadcrumb":{"@id":"https://freeimprobarcelona.com/es/calendar/sons-en-causa-accio-sonora/#breadcrumb"},"inLanguage":"es","potentialAction":[{"@type":"ReadAction","target":["https://freeimprobarcelona.com/es/calendar/sons-en-causa-accio-sonora/"]}]},{"@type":"BreadcrumbList","@id":"https://freeimprobarcelona.com/es/calendar/sons-en-causa-accio-sonora/#breadcrumb","itemListElement":[{"@type":"ListItem","position":1,"name":"Inicio","item":"https://freeimprobarcelona.com/es/"},{"@type":"ListItem","position":2,"name":"Eventos","item":"https://freeimprobarcelona.com/es/calendar/"},{"@type":"ListItem","position":3,"name":"Sons en causa &#8211; Acció Sonora"}]},{"@type":"WebSite","@id":"https://freeimprobarcelona.com/es/#website","url":"https://freeimprobarcelona.com/es/","name":"Free Impro Barcelona","description":"Free Impro Barcelona","potentialAction":[{"@type":"SearchAction","target":{"@type":"EntryPoint","urlTemplate":"https://freeimprobarcelona.com/es/?s={search_term_string}"},"query-input":"required name=search_term_string"}],"inLanguage":"es"}]}</script>
<!-- / Yoast SEO plugin. -->

Sons en causa - Acció Sonora - Free Impro Barcelona

Sonidos en Causa es un proyecto basado en un archivo sobre el que la Orquesta del Caos trabaja desde 2009. En crecimiento constante, el archivo de Sonidos en causa contiene tomas de alta calidad de paisaje sonoros realizadas por Carlos Gómez y Josep Manuel Berenguer al frente de diferentes equipos de sitios de Latinoamérica donde [&hellip;]
