{"id":3874,"date":"2023-05-10T09:01:12","date_gmt":"2023-05-10T09:01:12","guid":{"rendered":"https:\/\/freeimprobarcelona.com\/?post_type=mec-events&#038;p=3874"},"modified":"2023-05-10T09:10:14","modified_gmt":"2023-05-10T09:10:14","slug":"dimecres-de-so-i-cos-marc-egea-solo-acustic-a-la-viola-de-roda-i-mes-enlla","status":"publish","type":"mec-events","link":"https:\/\/freeimprobarcelona.com\/es\/calendar\/dimecres-de-so-i-cos-marc-egea-solo-acustic-a-la-viola-de-roda-i-mes-enlla\/","title":{"rendered":"Dimecres de so i cos Marc Egea, solo ac\u00fastic: a la viola de roda i m\u00e9s enll\u00e0"},"content":{"rendered":"<div class=\"grafic_destacat_cont_description_left col-lg-6 col-md-6 col-sm-6 col-xs-12\">\n<div class=\"grafic_description_cont\">\n<p>La zanfona es un instrumento muy antiguo. Su historia se remonta antes del a\u00f1o 1000 y se ha tocado, toca y tocar\u00e1 en todo tipo de contextos en todo el mundo. Instrumento atemporal, ofrece unas posibilidades sonoras inagotables. No es s\u00f3lo la curiosidad o la extra\u00f1eza lo que hace que uno se sienta atra\u00eddo por la zanfona sino tambi\u00e9n por su sonido misterioso, peculiar e ins\u00f3lito.<\/p>\n<p>Creaci\u00f3n e improvisaci\u00f3n: un repertorio en el que podr\u00e1 escuchar canciones tradicionales reelaboradas y composiciones propias. Sentir\u00e1 c\u00f3mo Marc Egea pasa de la m\u00fasica m\u00e1s de corte popular en el jazz y el rock. Sentir\u00e1, en resumen, lo que nunca ha o\u00eddo y muchas cosas m\u00e1s.<\/p>\n<p>Enlaces de inter\u00e9s:<\/p>\n<p>www.marcegea.com<\/p>\n<p><iframe loading=\"lazy\" title=\"Marc Egea - &quot;Madranque&quot; by Valentin Clastrier\" width=\"1080\" height=\"810\" src=\"https:\/\/www.youtube.com\/embed\/mkxAJHDYA5k?feature=oembed\"  allow=\"accelerometer; autoplay; clipboard-write; encrypted-media; gyroscope; picture-in-picture; web-share\" allowfullscreen><\/iframe><\/p>\n<p><iframe loading=\"lazy\" title=\"Marc Egea [III Ciclo de Experimentaci\u00f3n Sonora]\" width=\"1080\" height=\"608\" src=\"https:\/\/www.youtube.com\/embed\/aTYtG1FDTfU?feature=oembed\"  allow=\"accelerometer; autoplay; clipboard-write; encrypted-media; gyroscope; picture-in-picture; web-share\" allowfullscreen><\/iframe><\/p>\n<p>&nbsp;<\/p>\n<p>&nbsp;<\/p>\n<p>&nbsp;<\/p>\n<p>Con la participaci\u00f3n de\u00a0Miquel Jord\u00e0\u00a0entrevistando\u00a0Marc Egea<\/p>\n<p>Marc Egea (Barcelona, \u200b\u200b1973)<br \/>\nM\u00fasico y fil\u00f3sofo. Estudios de Filosof\u00eda, flaut\u00edn, guitarra, zanfona y armon\u00eda. Inicia su carrera como m\u00fasico profesional en 1990 con el tr\u00edo M\u00fasics de Safeu y m\u00e1s adelante con el grupo \u201cEl Pont d&#8217;Arcal\u00eds\u201d. A partir de 2005 es m\u00fasico por cuenta propia y colabora en numerosas formaciones y artistas nacionales e internacionales de diversos estilos musicales. Fundador de diversos grupos instrumentales adem\u00e1s de desarrollar una labor musical como compositor e int\u00e9rprete en el \u00e1mbito de la danza, el teatro y los recitales de poes\u00eda. Ha actuado en escenarios de todo el mundo. Ha grabado m\u00e1s de una treintena de discos. Compositor de obras para conjunto de metal, copla, banda sinf\u00f3nica, m\u00fasica de c\u00e1mara, coraz\u00f3n, m\u00fasica electr\u00f3nica, etc. Actualmente es profesor de grupos instrumentales en la Escuela de M\u00fasica de Arenys de Mar, m\u00fasico en varios proyectos art\u00edsticos y profesor de Filos<\/p>\n<\/div>\n<\/div>\n","protected":false},"excerpt":{"rendered":"<p>La zanfona es un instrumento muy antiguo. Su historia se remonta antes del a\u00f1o 1000 y se ha tocado, toca y tocar\u00e1 en todo tipo de contextos en todo el mundo. Instrumento atemporal, ofrece unas posibilidades sonoras inagotables. No es s\u00f3lo la curiosidad o la extra\u00f1eza lo que hace que uno se sienta atra\u00eddo por [&hellip;]<\/p>\n","protected":false},"author":2,"featured_media":3872,"template":"","meta":{"_et_pb_use_builder":"","_et_pb_old_content":"","_et_gb_content_width":""},"tags":[],"mec_category":[715],"mec_speaker":[692],"class_list":["post-3874","mec-events","type-mec-events","status-publish","has-post-thumbnail","hentry","mec_category-dimecres-de-so-i-cos-es"],"yoast_head":"<!-- This site is optimized with the Yoast SEO plugin v19.9 - https:\/\/yoast.com\/wordpress\/plugins\/seo\/ -->\n<title>Dimecres de so i cos Marc Egea, solo ac\u00fastic: a la viola de roda i m\u00e9s enll\u00e0 - Free Impro Barcelona<\/title>\n<meta name=\"robots\" content=\"index, follow, max-snippet:-1, max-image-preview:large, max-video-preview:-1\" \/>\n<link rel=\"canonical\" href=\"https:\/\/freeimprobarcelona.com\/es\/calendar\/dimecres-de-so-i-cos-marc-egea-solo-acustic-a-la-viola-de-roda-i-mes-enlla\/\" \/>\n<meta property=\"og:locale\" content=\"es_ES\" \/>\n<meta property=\"og:type\" content=\"article\" \/>\n<meta property=\"og:title\" content=\"Dimecres de so i cos Marc Egea, solo ac\u00fastic: a la viola de roda i m\u00e9s enll\u00e0 - Free Impro Barcelona\" \/>\n<meta property=\"og:description\" content=\"La zanfona es un instrumento muy antiguo. Su historia se remonta antes del a\u00f1o 1000 y se ha tocado, toca y tocar\u00e1 en todo tipo de contextos en todo el mundo. Instrumento atemporal, ofrece unas posibilidades sonoras inagotables. No es s\u00f3lo la curiosidad o la extra\u00f1eza lo que hace que uno se sienta atra\u00eddo por [&hellip;]\" \/>\n<meta property=\"og:url\" content=\"https:\/\/freeimprobarcelona.com\/es\/calendar\/dimecres-de-so-i-cos-marc-egea-solo-acustic-a-la-viola-de-roda-i-mes-enlla\/\" \/>\n<meta property=\"og:site_name\" content=\"Free Impro Barcelona\" \/>\n<meta property=\"article:modified_time\" content=\"2023-05-10T09:10:14+00:00\" \/>\n<meta property=\"og:image\" content=\"https:\/\/freeimprobarcelona.com\/wp-content\/uploads\/2023\/05\/egea-web-1.jpg\" \/>\n\t<meta property=\"og:image:width\" content=\"606\" \/>\n\t<meta property=\"og:image:height\" content=\"366\" \/>\n\t<meta property=\"og:image:type\" content=\"image\/jpeg\" \/>\n<meta name=\"twitter:card\" content=\"summary_large_image\" \/>\n<meta name=\"twitter:label1\" content=\"Tiempo de lectura\" \/>\n\t<meta name=\"twitter:data1\" content=\"2 minutos\" \/>\n<script type=\"application\/ld+json\" class=\"yoast-schema-graph\">{\"@context\":\"https:\/\/schema.org\",\"@graph\":[{\"@type\":\"WebPage\",\"@id\":\"https:\/\/freeimprobarcelona.com\/es\/calendar\/dimecres-de-so-i-cos-marc-egea-solo-acustic-a-la-viola-de-roda-i-mes-enlla\/\",\"url\":\"https:\/\/freeimprobarcelona.com\/es\/calendar\/dimecres-de-so-i-cos-marc-egea-solo-acustic-a-la-viola-de-roda-i-mes-enlla\/\",\"name\":\"Dimecres de so i cos Marc Egea, solo ac\u00fastic: a la viola de roda i m\u00e9s enll\u00e0 - Free Impro Barcelona\",\"isPartOf\":{\"@id\":\"https:\/\/freeimprobarcelona.com\/es\/#website\"},\"datePublished\":\"2023-05-10T09:01:12+00:00\",\"dateModified\":\"2023-05-10T09:10:14+00:00\",\"breadcrumb\":{\"@id\":\"https:\/\/freeimprobarcelona.com\/es\/calendar\/dimecres-de-so-i-cos-marc-egea-solo-acustic-a-la-viola-de-roda-i-mes-enlla\/#breadcrumb\"},\"inLanguage\":\"es\",\"potentialAction\":[{\"@type\":\"ReadAction\",\"target\":[\"https:\/\/freeimprobarcelona.com\/es\/calendar\/dimecres-de-so-i-cos-marc-egea-solo-acustic-a-la-viola-de-roda-i-mes-enlla\/\"]}]},{\"@type\":\"BreadcrumbList\",\"@id\":\"https:\/\/freeimprobarcelona.com\/es\/calendar\/dimecres-de-so-i-cos-marc-egea-solo-acustic-a-la-viola-de-roda-i-mes-enlla\/#breadcrumb\",\"itemListElement\":[{\"@type\":\"ListItem\",\"position\":1,\"name\":\"Inicio\",\"item\":\"https:\/\/freeimprobarcelona.com\/es\/\"},{\"@type\":\"ListItem\",\"position\":2,\"name\":\"Eventos\",\"item\":\"https:\/\/freeimprobarcelona.com\/es\/calendar\/\"},{\"@type\":\"ListItem\",\"position\":3,\"name\":\"Dimecres de so i cos Marc Egea, solo ac\u00fastic: a la viola de roda i m\u00e9s enll\u00e0\"}]},{\"@type\":\"WebSite\",\"@id\":\"https:\/\/freeimprobarcelona.com\/es\/#website\",\"url\":\"https:\/\/freeimprobarcelona.com\/es\/\",\"name\":\"Free Impro Barcelona\",\"description\":\"Free Impro Barcelona\",\"potentialAction\":[{\"@type\":\"SearchAction\",\"target\":{\"@type\":\"EntryPoint\",\"urlTemplate\":\"https:\/\/freeimprobarcelona.com\/es\/?s={search_term_string}\"},\"query-input\":\"required name=search_term_string\"}],\"inLanguage\":\"es\"}]}<\/script>\n<!-- \/ Yoast SEO plugin. -->","yoast_head_json":{"title":"Dimecres de so i cos Marc Egea, solo ac\u00fastic: a la viola de roda i m\u00e9s enll\u00e0 - Free Impro Barcelona","robots":{"index":"index","follow":"follow","max-snippet":"max-snippet:-1","max-image-preview":"max-image-preview:large","max-video-preview":"max-video-preview:-1"},"canonical":"https:\/\/freeimprobarcelona.com\/es\/calendar\/dimecres-de-so-i-cos-marc-egea-solo-acustic-a-la-viola-de-roda-i-mes-enlla\/","og_locale":"es_ES","og_type":"article","og_title":"Dimecres de so i cos Marc Egea, solo ac\u00fastic: a la viola de roda i m\u00e9s enll\u00e0 - Free Impro Barcelona","og_description":"La zanfona es un instrumento muy antiguo. Su historia se remonta antes del a\u00f1o 1000 y se ha tocado, toca y tocar\u00e1 en todo tipo de contextos en todo el mundo. Instrumento atemporal, ofrece unas posibilidades sonoras inagotables. No es s\u00f3lo la curiosidad o la extra\u00f1eza lo que hace que uno se sienta atra\u00eddo por [&hellip;]","og_url":"https:\/\/freeimprobarcelona.com\/es\/calendar\/dimecres-de-so-i-cos-marc-egea-solo-acustic-a-la-viola-de-roda-i-mes-enlla\/","og_site_name":"Free Impro Barcelona","article_modified_time":"2023-05-10T09:10:14+00:00","og_image":[{"width":606,"height":366,"url":"https:\/\/freeimprobarcelona.com\/wp-content\/uploads\/2023\/05\/egea-web-1.jpg","type":"image\/jpeg"}],"twitter_card":"summary_large_image","twitter_misc":{"Tiempo de lectura":"2 minutos"},"schema":{"@context":"https:\/\/schema.org","@graph":[{"@type":"WebPage","@id":"https:\/\/freeimprobarcelona.com\/es\/calendar\/dimecres-de-so-i-cos-marc-egea-solo-acustic-a-la-viola-de-roda-i-mes-enlla\/","url":"https:\/\/freeimprobarcelona.com\/es\/calendar\/dimecres-de-so-i-cos-marc-egea-solo-acustic-a-la-viola-de-roda-i-mes-enlla\/","name":"Dimecres de so i cos Marc Egea, solo ac\u00fastic: a la viola de roda i m\u00e9s enll\u00e0 - Free Impro Barcelona","isPartOf":{"@id":"https:\/\/freeimprobarcelona.com\/es\/#website"},"datePublished":"2023-05-10T09:01:12+00:00","dateModified":"2023-05-10T09:10:14+00:00","breadcrumb":{"@id":"https:\/\/freeimprobarcelona.com\/es\/calendar\/dimecres-de-so-i-cos-marc-egea-solo-acustic-a-la-viola-de-roda-i-mes-enlla\/#breadcrumb"},"inLanguage":"es","potentialAction":[{"@type":"ReadAction","target":["https:\/\/freeimprobarcelona.com\/es\/calendar\/dimecres-de-so-i-cos-marc-egea-solo-acustic-a-la-viola-de-roda-i-mes-enlla\/"]}]},{"@type":"BreadcrumbList","@id":"https:\/\/freeimprobarcelona.com\/es\/calendar\/dimecres-de-so-i-cos-marc-egea-solo-acustic-a-la-viola-de-roda-i-mes-enlla\/#breadcrumb","itemListElement":[{"@type":"ListItem","position":1,"name":"Inicio","item":"https:\/\/freeimprobarcelona.com\/es\/"},{"@type":"ListItem","position":2,"name":"Eventos","item":"https:\/\/freeimprobarcelona.com\/es\/calendar\/"},{"@type":"ListItem","position":3,"name":"Dimecres de so i cos Marc Egea, solo ac\u00fastic: a la viola de roda i m\u00e9s enll\u00e0"}]},{"@type":"WebSite","@id":"https:\/\/freeimprobarcelona.com\/es\/#website","url":"https:\/\/freeimprobarcelona.com\/es\/","name":"Free Impro Barcelona","description":"Free Impro Barcelona","potentialAction":[{"@type":"SearchAction","target":{"@type":"EntryPoint","urlTemplate":"https:\/\/freeimprobarcelona.com\/es\/?s={search_term_string}"},"query-input":"required name=search_term_string"}],"inLanguage":"es"}]}},"_links":{"self":[{"href":"https:\/\/freeimprobarcelona.com\/es\/wp-json\/wp\/v2\/mec-events\/3874","targetHints":{"allow":["GET"]}}],"collection":[{"href":"https:\/\/freeimprobarcelona.com\/es\/wp-json\/wp\/v2\/mec-events"}],"about":[{"href":"https:\/\/freeimprobarcelona.com\/es\/wp-json\/wp\/v2\/types\/mec-events"}],"author":[{"embeddable":true,"href":"https:\/\/freeimprobarcelona.com\/es\/wp-json\/wp\/v2\/users\/2"}],"wp:featuredmedia":[{"embeddable":true,"href":"https:\/\/freeimprobarcelona.com\/es\/wp-json\/wp\/v2\/media\/3872"}],"wp:attachment":[{"href":"https:\/\/freeimprobarcelona.com\/es\/wp-json\/wp\/v2\/media?parent=3874"}],"wp:term":[{"taxonomy":"post_tag","embeddable":true,"href":"https:\/\/freeimprobarcelona.com\/es\/wp-json\/wp\/v2\/tags?post=3874"},{"taxonomy":"mec_category","embeddable":true,"href":"https:\/\/freeimprobarcelona.com\/es\/wp-json\/wp\/v2\/mec_category?post=3874"},{"taxonomy":"mec_speaker","embeddable":true,"href":"https:\/\/freeimprobarcelona.com\/es\/wp-json\/wp\/v2\/mec_speaker?post=3874"}],"curies":[{"name":"wp","href":"https:\/\/api.w.org\/{rel}","templated":true}]}}

Dimecres de so i cos Marc Egea, solo acústic: a la viola de roda i més enllà

<div class="grafic_destacat_cont_description_left col-lg-6 col-md-6 col-sm-6 col-xs-12">
<div class="grafic_description_cont">
<p>La zanfona es un instrumento muy antiguo. Su historia se remonta antes del año 1000 y se ha tocado, toca y tocará en todo tipo de contextos en todo el mundo. Instrumento atemporal, ofrece unas posibilidades sonoras inagotables. No es sólo la curiosidad o la extrañeza lo que hace que uno se sienta atraído por la zanfona sino también por su sonido misterioso, peculiar e insólito.</p>
<p>Creación e improvisación: un repertorio en el que podrá escuchar canciones tradicionales reelaboradas y composiciones propias. Sentirá cómo Marc Egea pasa de la música más de corte popular en el jazz y el rock. Sentirá, en resumen, lo que nunca ha oído y muchas cosas más.</p>
<p>Enlaces de interés:</p>
<p>www.marcegea.com</p>
<p><iframe loading="lazy" title="Marc Egea - &quot;Madranque&quot; by Valentin Clastrier" width="1080" height="810" src="https://www.youtube.com/embed/mkxAJHDYA5k?feature=oembed"  allow="accelerometer; autoplay; clipboard-write; encrypted-media; gyroscope; picture-in-picture; web-share" allowfullscreen></iframe></p>
<p><iframe loading="lazy" title="Marc Egea [III Ciclo de Experimentación Sonora]" width="1080" height="608" src="https://www.youtube.com/embed/aTYtG1FDTfU?feature=oembed"  allow="accelerometer; autoplay; clipboard-write; encrypted-media; gyroscope; picture-in-picture; web-share" allowfullscreen></iframe></p>
<p>&nbsp;</p>
<p>&nbsp;</p>
<p>&nbsp;</p>
<p>Con la participación de Miquel Jordà entrevistando Marc Egea</p>
<p>Marc Egea (Barcelona, ​​1973)<br />
Músico y filósofo. Estudios de Filosofía, flautín, guitarra, zanfona y armonía. Inicia su carrera como músico profesional en 1990 con el trío Músics de Safeu y más adelante con el grupo “El Pont d&#8217;Arcalís”. A partir de 2005 es músico por cuenta propia y colabora en numerosas formaciones y artistas nacionales e internacionales de diversos estilos musicales. Fundador de diversos grupos instrumentales además de desarrollar una labor musical como compositor e intérprete en el ámbito de la danza, el teatro y los recitales de poesía. Ha actuado en escenarios de todo el mundo. Ha grabado más de una treintena de discos. Compositor de obras para conjunto de metal, copla, banda sinfónica, música de cámara, corazón, música electrónica, etc. Actualmente es profesor de grupos instrumentales en la Escuela de Música de Arenys de Mar, músico en varios proyectos artísticos y profesor de Filos</p>
</div>
</div>

<p>La zanfona es un instrumento muy antiguo. Su historia se remonta antes del año 1000 y se ha tocado, toca y tocará en todo tipo de contextos en todo el mundo. Instrumento atemporal, ofrece unas posibilidades sonoras inagotables. No es sólo la curiosidad o la extrañeza lo que hace que uno se sienta atraído por [&hellip;]</p>

<!-- This site is optimized with the Yoast SEO plugin v19.9 - https://yoast.com/wordpress/plugins/seo/ -->
<title>Dimecres de so i cos Marc Egea, solo acústic: a la viola de roda i més enllà - Free Impro Barcelona</title>
<meta name="robots" content="index, follow, max-snippet:-1, max-image-preview:large, max-video-preview:-1" />
<link rel="canonical" href="https://freeimprobarcelona.com/es/calendar/dimecres-de-so-i-cos-marc-egea-solo-acustic-a-la-viola-de-roda-i-mes-enlla/" />
<meta property="og:locale" content="es_ES" />
<meta property="og:type" content="article" />
<meta property="og:title" content="Dimecres de so i cos Marc Egea, solo acústic: a la viola de roda i més enllà - Free Impro Barcelona" />
<meta property="og:description" content="La zanfona es un instrumento muy antiguo. Su historia se remonta antes del año 1000 y se ha tocado, toca y tocará en todo tipo de contextos en todo el mundo. Instrumento atemporal, ofrece unas posibilidades sonoras inagotables. No es sólo la curiosidad o la extrañeza lo que hace que uno se sienta atraído por [&hellip;]" />
<meta property="og:url" content="https://freeimprobarcelona.com/es/calendar/dimecres-de-so-i-cos-marc-egea-solo-acustic-a-la-viola-de-roda-i-mes-enlla/" />
<meta property="og:site_name" content="Free Impro Barcelona" />
<meta property="article:modified_time" content="2023-05-10T09:10:14+00:00" />
<meta property="og:image" content="https://freeimprobarcelona.com/wp-content/uploads/2023/05/egea-web-1.jpg" />
	<meta property="og:image:width" content="606" />
	<meta property="og:image:height" content="366" />
	<meta property="og:image:type" content="image/jpeg" />
<meta name="twitter:card" content="summary_large_image" />
<meta name="twitter:label1" content="Tiempo de lectura" />
	<meta name="twitter:data1" content="2 minutos" />
<script type="application/ld+json" class="yoast-schema-graph">{"@context":"https://schema.org","@graph":[{"@type":"WebPage","@id":"https://freeimprobarcelona.com/es/calendar/dimecres-de-so-i-cos-marc-egea-solo-acustic-a-la-viola-de-roda-i-mes-enlla/","url":"https://freeimprobarcelona.com/es/calendar/dimecres-de-so-i-cos-marc-egea-solo-acustic-a-la-viola-de-roda-i-mes-enlla/","name":"Dimecres de so i cos Marc Egea, solo acústic: a la viola de roda i més enllà - Free Impro Barcelona","isPartOf":{"@id":"https://freeimprobarcelona.com/es/#website"},"datePublished":"2023-05-10T09:01:12+00:00","dateModified":"2023-05-10T09:10:14+00:00","breadcrumb":{"@id":"https://freeimprobarcelona.com/es/calendar/dimecres-de-so-i-cos-marc-egea-solo-acustic-a-la-viola-de-roda-i-mes-enlla/#breadcrumb"},"inLanguage":"es","potentialAction":[{"@type":"ReadAction","target":["https://freeimprobarcelona.com/es/calendar/dimecres-de-so-i-cos-marc-egea-solo-acustic-a-la-viola-de-roda-i-mes-enlla/"]}]},{"@type":"BreadcrumbList","@id":"https://freeimprobarcelona.com/es/calendar/dimecres-de-so-i-cos-marc-egea-solo-acustic-a-la-viola-de-roda-i-mes-enlla/#breadcrumb","itemListElement":[{"@type":"ListItem","position":1,"name":"Inicio","item":"https://freeimprobarcelona.com/es/"},{"@type":"ListItem","position":2,"name":"Eventos","item":"https://freeimprobarcelona.com/es/calendar/"},{"@type":"ListItem","position":3,"name":"Dimecres de so i cos Marc Egea, solo acústic: a la viola de roda i més enllà"}]},{"@type":"WebSite","@id":"https://freeimprobarcelona.com/es/#website","url":"https://freeimprobarcelona.com/es/","name":"Free Impro Barcelona","description":"Free Impro Barcelona","potentialAction":[{"@type":"SearchAction","target":{"@type":"EntryPoint","urlTemplate":"https://freeimprobarcelona.com/es/?s={search_term_string}"},"query-input":"required name=search_term_string"}],"inLanguage":"es"}]}</script>
<!-- / Yoast SEO plugin. -->

Dimecres de so i cos Marc Egea, solo acústic: a la viola de roda i més enllà - Free Impro Barcelona

La zanfona es un instrumento muy antiguo. Su historia se remonta antes del año 1000 y se ha tocado, toca y tocará en todo tipo de contextos en todo el mundo. Instrumento atemporal, ofrece unas posibilidades sonoras inagotables. No es sólo la curiosidad o la extrañeza lo que hace que uno se sienta atraído por [&hellip;]
