{"id":3767,"date":"2023-04-18T11:05:32","date_gmt":"2023-04-18T11:05:32","guid":{"rendered":"https:\/\/freeimprobarcelona.com\/?post_type=mec-events&#038;p=3767"},"modified":"2023-04-18T11:10:59","modified_gmt":"2023-04-18T11:10:59","slug":"jazz-vilafranca-nu-nuria-andorra-i-sonia-sanchez","status":"publish","type":"mec-events","link":"https:\/\/freeimprobarcelona.com\/es\/calendar\/jazz-vilafranca-nu-nuria-andorra-i-sonia-sanchez\/","title":{"rendered":"Jazz Vilafranca &#8211; NU- N\u00faria Andorr\u00e0 i S\u00f2nia S\u00e1nchez"},"content":{"rendered":"<div>\n<p>Sonia S\u00e1nchez, danza, voz y percusiones<br \/>\nN\u00faria Andorr\u00e0, percusiones<\/p>\n<p>El concierto inaugural de este 2\u00ba NU nos transporta al mundo de la improvisaci\u00f3n libre, de manos de un d\u00fao de percusi\u00f3n y danza. Sonia S\u00e1nchez y N\u00faria Andorr\u00e0 se encuentran en el escenario de manera libre, buscando sonidos que se mueven y movimientos que suenan. Es un d\u00fao que toca los extremos y pasa por todas las tesituras. De pasajes puramente r\u00edtmicos, contundentes y poderosos, a momentos delicados donde la fragilidad se vive y se evocan melod\u00edas y gestos que cuelgan de un hilo, un espacio donde toman vida la caricia, el gesto y los sonidos sutiles.<\/p>\n<p>N\u00faria Andorr\u00e0, percusionista de formaci\u00f3n cl\u00e1sica y contempor\u00e1nea, ha tocado con los mayores de la improvisaci\u00f3n libre y ha acompa\u00f1ado a un buen n\u00famero de bailarines. Tambi\u00e9n ha trabajado con Carlos Santos y H\u00e9ctor Parra, y es profesora de improvisaci\u00f3n en el ESMuC y, de percusi\u00f3n, en el Conservatorio de Reus, adem\u00e1s de directora art\u00edstica del MontMusic Festival y del Improject Ensemble.<\/p>\n<p>Sonia S\u00e1nchez es una bailadora que combina flamenco, improvisaci\u00f3n libre y danza japonesa. Su trayectoria es casi inalcanzable, con actuaciones por todo el Mundo y episodios como su intervenci\u00f3n en la \u00f3pera\u00a0Carmen de Bizet\u00a0en 1992 en el Teatre del Liceu, o en 2014 con la pieza \u201cLe \u00c7a\u201d en el Museo de Arte Moderno de Chicago. Su actividad docente le ha llevado a impartir talleres en la Universidad de Bellas Artes y en el m\u00e1ster de Arte Sonoro, en la ESMuC de Barcelona, \u200b\u200bya esparcir sus masterclass y workshops por ciudades como M\u00e9xico DF, Se\u00fal, Chicago o , entre otros.<\/p>\n<\/div>\n<p>&nbsp;<\/p>\n<p>&nbsp;<\/p>\n<p><a href=\"http:\/\/www.enlairevins.cat\/\" target=\"_blank\" rel=\"noopener\"><img loading=\"lazy\" decoding=\"async\" src=\"https:\/\/www.jazzclubvilafranca.cat\/images\/NU\/Cellers\/EnlaireVins.jpeg\" alt=\"EnlaireVins\" width=\"193\" height=\"164\" \/><\/a>\u00a0 \u00a0 \u00a0 \u00a0 \u00a0 \u00a0 \u00a0 \u00a0 \u00a0 \u00a0 \u00a0 \u00a0 \u00a0\u00a0<a href=\"https:\/\/cultura.vilafranca.cat\/espais-culturals\/capella-de-sant-joan\" target=\"_blank\" rel=\"noopener\"><img loading=\"lazy\" decoding=\"async\" src=\"https:\/\/www.jazzclubvilafranca.cat\/images\/NU\/Entitats\/logo-capellasantjoan-gros.jpg\" alt=\"logo capellasantjoan gros\" width=\"175\" height=\"165\" \/><\/a>\u00a0 \u00a0 \u00a0 \u00a0 \u00a0 \u00a0<a href=\"https:\/\/incavi.gencat.cat\/ca\/inici\" target=\"_blank\" rel=\"noopener\"><img loading=\"lazy\" decoding=\"async\" src=\"https:\/\/www.jazzclubvilafranca.cat\/images\/NU\/Entitats\/incavi.jpeg\" alt=\"incavi\" width=\"185\" height=\"45\" \/><\/a><\/p>\n","protected":false},"excerpt":{"rendered":"<p>Sonia S\u00e1nchez, danza, voz y percusiones N\u00faria Andorr\u00e0, percusiones El concierto inaugural de este 2\u00ba NU nos transporta al mundo de la improvisaci\u00f3n libre, de manos de un d\u00fao de percusi\u00f3n y danza. Sonia S\u00e1nchez y N\u00faria Andorr\u00e0 se encuentran en el escenario de manera libre, buscando sonidos que se mueven y movimientos que suenan. [&hellip;]<\/p>\n","protected":false},"author":2,"featured_media":3762,"template":"","meta":{"_et_pb_use_builder":"","_et_pb_old_content":"","_et_gb_content_width":""},"tags":[],"mec_category":[2170],"mec_speaker":[299,421],"class_list":["post-3767","mec-events","type-mec-events","status-publish","has-post-thumbnail","hentry","mec_category-festival-de-jazz-de-vilafranca-nu-es"],"yoast_head":"<!-- This site is optimized with the Yoast SEO plugin v19.9 - https:\/\/yoast.com\/wordpress\/plugins\/seo\/ -->\n<title>Jazz Vilafranca - NU- N\u00faria Andorr\u00e0 i S\u00f2nia S\u00e1nchez - Free Impro Barcelona<\/title>\n<meta name=\"robots\" content=\"index, follow, max-snippet:-1, max-image-preview:large, max-video-preview:-1\" \/>\n<link rel=\"canonical\" href=\"https:\/\/freeimprobarcelona.com\/es\/calendar\/jazz-vilafranca-nu-nuria-andorra-i-sonia-sanchez\/\" \/>\n<meta property=\"og:locale\" content=\"es_ES\" \/>\n<meta property=\"og:type\" content=\"article\" \/>\n<meta property=\"og:title\" content=\"Jazz Vilafranca - NU- N\u00faria Andorr\u00e0 i S\u00f2nia S\u00e1nchez - Free Impro Barcelona\" \/>\n<meta property=\"og:description\" content=\"Sonia S\u00e1nchez, danza, voz y percusiones N\u00faria Andorr\u00e0, percusiones El concierto inaugural de este 2\u00ba NU nos transporta al mundo de la improvisaci\u00f3n libre, de manos de un d\u00fao de percusi\u00f3n y danza. Sonia S\u00e1nchez y N\u00faria Andorr\u00e0 se encuentran en el escenario de manera libre, buscando sonidos que se mueven y movimientos que suenan. [&hellip;]\" \/>\n<meta property=\"og:url\" content=\"https:\/\/freeimprobarcelona.com\/es\/calendar\/jazz-vilafranca-nu-nuria-andorra-i-sonia-sanchez\/\" \/>\n<meta property=\"og:site_name\" content=\"Free Impro Barcelona\" \/>\n<meta property=\"article:modified_time\" content=\"2023-04-18T11:10:59+00:00\" \/>\n<meta property=\"og:image\" content=\"https:\/\/freeimprobarcelona.com\/wp-content\/uploads\/2023\/04\/Captura-233.png\" \/>\n\t<meta property=\"og:image:width\" content=\"500\" \/>\n\t<meta property=\"og:image:height\" content=\"618\" \/>\n\t<meta property=\"og:image:type\" content=\"image\/png\" \/>\n<meta name=\"twitter:card\" content=\"summary_large_image\" \/>\n<meta name=\"twitter:label1\" content=\"Tiempo de lectura\" \/>\n\t<meta name=\"twitter:data1\" content=\"1 minuto\" \/>\n<script type=\"application\/ld+json\" class=\"yoast-schema-graph\">{\"@context\":\"https:\/\/schema.org\",\"@graph\":[{\"@type\":\"WebPage\",\"@id\":\"https:\/\/freeimprobarcelona.com\/es\/calendar\/jazz-vilafranca-nu-nuria-andorra-i-sonia-sanchez\/\",\"url\":\"https:\/\/freeimprobarcelona.com\/es\/calendar\/jazz-vilafranca-nu-nuria-andorra-i-sonia-sanchez\/\",\"name\":\"Jazz Vilafranca - NU- N\u00faria Andorr\u00e0 i S\u00f2nia S\u00e1nchez - Free Impro Barcelona\",\"isPartOf\":{\"@id\":\"https:\/\/freeimprobarcelona.com\/es\/#website\"},\"datePublished\":\"2023-04-18T11:05:32+00:00\",\"dateModified\":\"2023-04-18T11:10:59+00:00\",\"breadcrumb\":{\"@id\":\"https:\/\/freeimprobarcelona.com\/es\/calendar\/jazz-vilafranca-nu-nuria-andorra-i-sonia-sanchez\/#breadcrumb\"},\"inLanguage\":\"es\",\"potentialAction\":[{\"@type\":\"ReadAction\",\"target\":[\"https:\/\/freeimprobarcelona.com\/es\/calendar\/jazz-vilafranca-nu-nuria-andorra-i-sonia-sanchez\/\"]}]},{\"@type\":\"BreadcrumbList\",\"@id\":\"https:\/\/freeimprobarcelona.com\/es\/calendar\/jazz-vilafranca-nu-nuria-andorra-i-sonia-sanchez\/#breadcrumb\",\"itemListElement\":[{\"@type\":\"ListItem\",\"position\":1,\"name\":\"Inicio\",\"item\":\"https:\/\/freeimprobarcelona.com\/es\/\"},{\"@type\":\"ListItem\",\"position\":2,\"name\":\"Eventos\",\"item\":\"https:\/\/freeimprobarcelona.com\/es\/calendar\/\"},{\"@type\":\"ListItem\",\"position\":3,\"name\":\"Jazz Vilafranca &#8211; NU- N\u00faria Andorr\u00e0 i S\u00f2nia S\u00e1nchez\"}]},{\"@type\":\"WebSite\",\"@id\":\"https:\/\/freeimprobarcelona.com\/es\/#website\",\"url\":\"https:\/\/freeimprobarcelona.com\/es\/\",\"name\":\"Free Impro Barcelona\",\"description\":\"Free Impro Barcelona\",\"potentialAction\":[{\"@type\":\"SearchAction\",\"target\":{\"@type\":\"EntryPoint\",\"urlTemplate\":\"https:\/\/freeimprobarcelona.com\/es\/?s={search_term_string}\"},\"query-input\":\"required name=search_term_string\"}],\"inLanguage\":\"es\"}]}<\/script>\n<!-- \/ Yoast SEO plugin. -->","yoast_head_json":{"title":"Jazz Vilafranca - NU- N\u00faria Andorr\u00e0 i S\u00f2nia S\u00e1nchez - Free Impro Barcelona","robots":{"index":"index","follow":"follow","max-snippet":"max-snippet:-1","max-image-preview":"max-image-preview:large","max-video-preview":"max-video-preview:-1"},"canonical":"https:\/\/freeimprobarcelona.com\/es\/calendar\/jazz-vilafranca-nu-nuria-andorra-i-sonia-sanchez\/","og_locale":"es_ES","og_type":"article","og_title":"Jazz Vilafranca - NU- N\u00faria Andorr\u00e0 i S\u00f2nia S\u00e1nchez - Free Impro Barcelona","og_description":"Sonia S\u00e1nchez, danza, voz y percusiones N\u00faria Andorr\u00e0, percusiones El concierto inaugural de este 2\u00ba NU nos transporta al mundo de la improvisaci\u00f3n libre, de manos de un d\u00fao de percusi\u00f3n y danza. Sonia S\u00e1nchez y N\u00faria Andorr\u00e0 se encuentran en el escenario de manera libre, buscando sonidos que se mueven y movimientos que suenan. [&hellip;]","og_url":"https:\/\/freeimprobarcelona.com\/es\/calendar\/jazz-vilafranca-nu-nuria-andorra-i-sonia-sanchez\/","og_site_name":"Free Impro Barcelona","article_modified_time":"2023-04-18T11:10:59+00:00","og_image":[{"width":500,"height":618,"url":"https:\/\/freeimprobarcelona.com\/wp-content\/uploads\/2023\/04\/Captura-233.png","type":"image\/png"}],"twitter_card":"summary_large_image","twitter_misc":{"Tiempo de lectura":"1 minuto"},"schema":{"@context":"https:\/\/schema.org","@graph":[{"@type":"WebPage","@id":"https:\/\/freeimprobarcelona.com\/es\/calendar\/jazz-vilafranca-nu-nuria-andorra-i-sonia-sanchez\/","url":"https:\/\/freeimprobarcelona.com\/es\/calendar\/jazz-vilafranca-nu-nuria-andorra-i-sonia-sanchez\/","name":"Jazz Vilafranca - NU- N\u00faria Andorr\u00e0 i S\u00f2nia S\u00e1nchez - Free Impro Barcelona","isPartOf":{"@id":"https:\/\/freeimprobarcelona.com\/es\/#website"},"datePublished":"2023-04-18T11:05:32+00:00","dateModified":"2023-04-18T11:10:59+00:00","breadcrumb":{"@id":"https:\/\/freeimprobarcelona.com\/es\/calendar\/jazz-vilafranca-nu-nuria-andorra-i-sonia-sanchez\/#breadcrumb"},"inLanguage":"es","potentialAction":[{"@type":"ReadAction","target":["https:\/\/freeimprobarcelona.com\/es\/calendar\/jazz-vilafranca-nu-nuria-andorra-i-sonia-sanchez\/"]}]},{"@type":"BreadcrumbList","@id":"https:\/\/freeimprobarcelona.com\/es\/calendar\/jazz-vilafranca-nu-nuria-andorra-i-sonia-sanchez\/#breadcrumb","itemListElement":[{"@type":"ListItem","position":1,"name":"Inicio","item":"https:\/\/freeimprobarcelona.com\/es\/"},{"@type":"ListItem","position":2,"name":"Eventos","item":"https:\/\/freeimprobarcelona.com\/es\/calendar\/"},{"@type":"ListItem","position":3,"name":"Jazz Vilafranca &#8211; NU- N\u00faria Andorr\u00e0 i S\u00f2nia S\u00e1nchez"}]},{"@type":"WebSite","@id":"https:\/\/freeimprobarcelona.com\/es\/#website","url":"https:\/\/freeimprobarcelona.com\/es\/","name":"Free Impro Barcelona","description":"Free Impro Barcelona","potentialAction":[{"@type":"SearchAction","target":{"@type":"EntryPoint","urlTemplate":"https:\/\/freeimprobarcelona.com\/es\/?s={search_term_string}"},"query-input":"required name=search_term_string"}],"inLanguage":"es"}]}},"_links":{"self":[{"href":"https:\/\/freeimprobarcelona.com\/es\/wp-json\/wp\/v2\/mec-events\/3767","targetHints":{"allow":["GET"]}}],"collection":[{"href":"https:\/\/freeimprobarcelona.com\/es\/wp-json\/wp\/v2\/mec-events"}],"about":[{"href":"https:\/\/freeimprobarcelona.com\/es\/wp-json\/wp\/v2\/types\/mec-events"}],"author":[{"embeddable":true,"href":"https:\/\/freeimprobarcelona.com\/es\/wp-json\/wp\/v2\/users\/2"}],"wp:featuredmedia":[{"embeddable":true,"href":"https:\/\/freeimprobarcelona.com\/es\/wp-json\/wp\/v2\/media\/3762"}],"wp:attachment":[{"href":"https:\/\/freeimprobarcelona.com\/es\/wp-json\/wp\/v2\/media?parent=3767"}],"wp:term":[{"taxonomy":"post_tag","embeddable":true,"href":"https:\/\/freeimprobarcelona.com\/es\/wp-json\/wp\/v2\/tags?post=3767"},{"taxonomy":"mec_category","embeddable":true,"href":"https:\/\/freeimprobarcelona.com\/es\/wp-json\/wp\/v2\/mec_category?post=3767"},{"taxonomy":"mec_speaker","embeddable":true,"href":"https:\/\/freeimprobarcelona.com\/es\/wp-json\/wp\/v2\/mec_speaker?post=3767"}],"curies":[{"name":"wp","href":"https:\/\/api.w.org\/{rel}","templated":true}]}}

Jazz Vilafranca &#8211; NU- Núria Andorrà i Sònia Sánchez

<div>
<p>Sonia Sánchez, danza, voz y percusiones<br />
Núria Andorrà, percusiones</p>
<p>El concierto inaugural de este 2º NU nos transporta al mundo de la improvisación libre, de manos de un dúo de percusión y danza. Sonia Sánchez y Núria Andorrà se encuentran en el escenario de manera libre, buscando sonidos que se mueven y movimientos que suenan. Es un dúo que toca los extremos y pasa por todas las tesituras. De pasajes puramente rítmicos, contundentes y poderosos, a momentos delicados donde la fragilidad se vive y se evocan melodías y gestos que cuelgan de un hilo, un espacio donde toman vida la caricia, el gesto y los sonidos sutiles.</p>
<p>Núria Andorrà, percusionista de formación clásica y contemporánea, ha tocado con los mayores de la improvisación libre y ha acompañado a un buen número de bailarines. También ha trabajado con Carlos Santos y Héctor Parra, y es profesora de improvisación en el ESMuC y, de percusión, en el Conservatorio de Reus, además de directora artística del MontMusic Festival y del Improject Ensemble.</p>
<p>Sonia Sánchez es una bailadora que combina flamenco, improvisación libre y danza japonesa. Su trayectoria es casi inalcanzable, con actuaciones por todo el Mundo y episodios como su intervención en la ópera Carmen de Bizet en 1992 en el Teatre del Liceu, o en 2014 con la pieza “Le Ça” en el Museo de Arte Moderno de Chicago. Su actividad docente le ha llevado a impartir talleres en la Universidad de Bellas Artes y en el máster de Arte Sonoro, en la ESMuC de Barcelona, ​​ya esparcir sus masterclass y workshops por ciudades como México DF, Seúl, Chicago o , entre otros.</p>
</div>
<p>&nbsp;</p>
<p>&nbsp;</p>
<p><a href="http://www.enlairevins.cat/" target="_blank" rel="noopener"><img loading="lazy" decoding="async" src="https://www.jazzclubvilafranca.cat/images/NU/Cellers/EnlaireVins.jpeg" alt="EnlaireVins" width="193" height="164" /></a>                          <a href="https://cultura.vilafranca.cat/espais-culturals/capella-de-sant-joan" target="_blank" rel="noopener"><img loading="lazy" decoding="async" src="https://www.jazzclubvilafranca.cat/images/NU/Entitats/logo-capellasantjoan-gros.jpg" alt="logo capellasantjoan gros" width="175" height="165" /></a>           <a href="https://incavi.gencat.cat/ca/inici" target="_blank" rel="noopener"><img loading="lazy" decoding="async" src="https://www.jazzclubvilafranca.cat/images/NU/Entitats/incavi.jpeg" alt="incavi" width="185" height="45" /></a></p>

<p>Sonia Sánchez, danza, voz y percusiones Núria Andorrà, percusiones El concierto inaugural de este 2º NU nos transporta al mundo de la improvisación libre, de manos de un dúo de percusión y danza. Sonia Sánchez y Núria Andorrà se encuentran en el escenario de manera libre, buscando sonidos que se mueven y movimientos que suenan. [&hellip;]</p>

<!-- This site is optimized with the Yoast SEO plugin v19.9 - https://yoast.com/wordpress/plugins/seo/ -->
<title>Jazz Vilafranca - NU- Núria Andorrà i Sònia Sánchez - Free Impro Barcelona</title>
<meta name="robots" content="index, follow, max-snippet:-1, max-image-preview:large, max-video-preview:-1" />
<link rel="canonical" href="https://freeimprobarcelona.com/es/calendar/jazz-vilafranca-nu-nuria-andorra-i-sonia-sanchez/" />
<meta property="og:locale" content="es_ES" />
<meta property="og:type" content="article" />
<meta property="og:title" content="Jazz Vilafranca - NU- Núria Andorrà i Sònia Sánchez - Free Impro Barcelona" />
<meta property="og:description" content="Sonia Sánchez, danza, voz y percusiones Núria Andorrà, percusiones El concierto inaugural de este 2º NU nos transporta al mundo de la improvisación libre, de manos de un dúo de percusión y danza. Sonia Sánchez y Núria Andorrà se encuentran en el escenario de manera libre, buscando sonidos que se mueven y movimientos que suenan. [&hellip;]" />
<meta property="og:url" content="https://freeimprobarcelona.com/es/calendar/jazz-vilafranca-nu-nuria-andorra-i-sonia-sanchez/" />
<meta property="og:site_name" content="Free Impro Barcelona" />
<meta property="article:modified_time" content="2023-04-18T11:10:59+00:00" />
<meta property="og:image" content="https://freeimprobarcelona.com/wp-content/uploads/2023/04/Captura-233.png" />
	<meta property="og:image:width" content="500" />
	<meta property="og:image:height" content="618" />
	<meta property="og:image:type" content="image/png" />
<meta name="twitter:card" content="summary_large_image" />
<meta name="twitter:label1" content="Tiempo de lectura" />
	<meta name="twitter:data1" content="1 minuto" />
<script type="application/ld+json" class="yoast-schema-graph">{"@context":"https://schema.org","@graph":[{"@type":"WebPage","@id":"https://freeimprobarcelona.com/es/calendar/jazz-vilafranca-nu-nuria-andorra-i-sonia-sanchez/","url":"https://freeimprobarcelona.com/es/calendar/jazz-vilafranca-nu-nuria-andorra-i-sonia-sanchez/","name":"Jazz Vilafranca - NU- Núria Andorrà i Sònia Sánchez - Free Impro Barcelona","isPartOf":{"@id":"https://freeimprobarcelona.com/es/#website"},"datePublished":"2023-04-18T11:05:32+00:00","dateModified":"2023-04-18T11:10:59+00:00","breadcrumb":{"@id":"https://freeimprobarcelona.com/es/calendar/jazz-vilafranca-nu-nuria-andorra-i-sonia-sanchez/#breadcrumb"},"inLanguage":"es","potentialAction":[{"@type":"ReadAction","target":["https://freeimprobarcelona.com/es/calendar/jazz-vilafranca-nu-nuria-andorra-i-sonia-sanchez/"]}]},{"@type":"BreadcrumbList","@id":"https://freeimprobarcelona.com/es/calendar/jazz-vilafranca-nu-nuria-andorra-i-sonia-sanchez/#breadcrumb","itemListElement":[{"@type":"ListItem","position":1,"name":"Inicio","item":"https://freeimprobarcelona.com/es/"},{"@type":"ListItem","position":2,"name":"Eventos","item":"https://freeimprobarcelona.com/es/calendar/"},{"@type":"ListItem","position":3,"name":"Jazz Vilafranca &#8211; NU- Núria Andorrà i Sònia Sánchez"}]},{"@type":"WebSite","@id":"https://freeimprobarcelona.com/es/#website","url":"https://freeimprobarcelona.com/es/","name":"Free Impro Barcelona","description":"Free Impro Barcelona","potentialAction":[{"@type":"SearchAction","target":{"@type":"EntryPoint","urlTemplate":"https://freeimprobarcelona.com/es/?s={search_term_string}"},"query-input":"required name=search_term_string"}],"inLanguage":"es"}]}</script>
<!-- / Yoast SEO plugin. -->

Jazz Vilafranca - NU- Núria Andorrà i Sònia Sánchez - Free Impro Barcelona

Sonia Sánchez, danza, voz y percusiones Núria Andorrà, percusiones El concierto inaugural de este 2º NU nos transporta al mundo de la improvisación libre, de manos de un dúo de percusión y danza. Sonia Sánchez y Núria Andorrà se encuentran en el escenario de manera libre, buscando sonidos que se mueven y movimientos que suenan. [&hellip;]
