{"id":3503,"date":"2023-02-24T11:10:11","date_gmt":"2023-02-24T11:10:11","guid":{"rendered":"https:\/\/freeimprobarcelona.com\/?post_type=mec-events&#038;p=3503"},"modified":"2023-02-24T11:11:47","modified_gmt":"2023-02-24T11:11:47","slug":"25hombres-nick-vander","status":"publish","type":"mec-events","link":"https:\/\/freeimprobarcelona.com\/es\/calendar\/25hombres-nick-vander\/","title":{"rendered":"25HOMBRES &#038; Nick Vander"},"content":{"rendered":"<p>En agosto de 2003, 25HOMBRES inicia sus actividades con un acto frustrado por la lluvia en la Muestra de Arte del Solson\u00e8s. Desde ese momento, ha ido multiplicando sus acciones. Bregados en el arte radiof\u00f3nico y la experimentaci\u00f3n sonora, sus apariciones p\u00fablicas en sus diferentes formaciones y, a veces, acompa\u00f1ados por una larga lista de colaboradoras, han girado siempre en torno a la idea de la desestabilizaci\u00f3n, ataque y la sorna a prop\u00f3sito de los sistemas de control.<\/p>\n<p>Despu\u00e9s de tres a\u00f1os sin realizar ninguna acci\u00f3n directa, vuelven a los escenarios de la ciudad que les vio aparecer antes de dispersarse por el globo, acompa\u00f1antes del m\u00fasico experimental Nick<br \/>\nVander.<\/p>\n","protected":false},"excerpt":{"rendered":"<p>En agosto de 2003, 25HOMBRES inicia sus actividades con un acto frustrado por la lluvia en la Muestra de Arte del Solson\u00e8s. Desde ese momento, ha ido multiplicando sus acciones. Bregados en el arte radiof\u00f3nico y la experimentaci\u00f3n sonora, sus apariciones p\u00fablicas en sus diferentes formaciones y, a veces, acompa\u00f1ados por una larga lista de [&hellip;]<\/p>\n","protected":false},"author":2,"featured_media":3501,"template":"","meta":{"_et_pb_use_builder":"","_et_pb_old_content":"","_et_gb_content_width":""},"tags":[],"mec_category":[2068],"mec_speaker":[2069],"class_list":["post-3503","mec-events","type-mec-events","status-publish","has-post-thumbnail","hentry","mec_category-rai-es"],"yoast_head":"<!-- This site is optimized with the Yoast SEO plugin v19.9 - https:\/\/yoast.com\/wordpress\/plugins\/seo\/ -->\n<title>25HOMBRES &amp; Nick Vander - Free Impro Barcelona<\/title>\n<meta name=\"robots\" content=\"index, follow, max-snippet:-1, max-image-preview:large, max-video-preview:-1\" \/>\n<link rel=\"canonical\" href=\"https:\/\/freeimprobarcelona.com\/es\/calendar\/25hombres-nick-vander\/\" \/>\n<meta property=\"og:locale\" content=\"es_ES\" \/>\n<meta property=\"og:type\" content=\"article\" \/>\n<meta property=\"og:title\" content=\"25HOMBRES &amp; Nick Vander - Free Impro Barcelona\" \/>\n<meta property=\"og:description\" content=\"En agosto de 2003, 25HOMBRES inicia sus actividades con un acto frustrado por la lluvia en la Muestra de Arte del Solson\u00e8s. Desde ese momento, ha ido multiplicando sus acciones. Bregados en el arte radiof\u00f3nico y la experimentaci\u00f3n sonora, sus apariciones p\u00fablicas en sus diferentes formaciones y, a veces, acompa\u00f1ados por una larga lista de [&hellip;]\" \/>\n<meta property=\"og:url\" content=\"https:\/\/freeimprobarcelona.com\/es\/calendar\/25hombres-nick-vander\/\" \/>\n<meta property=\"og:site_name\" content=\"Free Impro Barcelona\" \/>\n<meta property=\"article:modified_time\" content=\"2023-02-24T11:11:47+00:00\" \/>\n<meta property=\"og:image\" content=\"https:\/\/freeimprobarcelona.com\/wp-content\/uploads\/2023\/02\/photo_6034998422265773252_y.jpg\" \/>\n\t<meta property=\"og:image:width\" content=\"904\" \/>\n\t<meta property=\"og:image:height\" content=\"1280\" \/>\n\t<meta property=\"og:image:type\" content=\"image\/jpeg\" \/>\n<meta name=\"twitter:card\" content=\"summary_large_image\" \/>\n<meta name=\"twitter:label1\" content=\"Tiempo de lectura\" \/>\n\t<meta name=\"twitter:data1\" content=\"1 minuto\" \/>\n<script type=\"application\/ld+json\" class=\"yoast-schema-graph\">{\"@context\":\"https:\/\/schema.org\",\"@graph\":[{\"@type\":\"WebPage\",\"@id\":\"https:\/\/freeimprobarcelona.com\/es\/calendar\/25hombres-nick-vander\/\",\"url\":\"https:\/\/freeimprobarcelona.com\/es\/calendar\/25hombres-nick-vander\/\",\"name\":\"25HOMBRES & Nick Vander - Free Impro Barcelona\",\"isPartOf\":{\"@id\":\"https:\/\/freeimprobarcelona.com\/es\/#website\"},\"datePublished\":\"2023-02-24T11:10:11+00:00\",\"dateModified\":\"2023-02-24T11:11:47+00:00\",\"breadcrumb\":{\"@id\":\"https:\/\/freeimprobarcelona.com\/es\/calendar\/25hombres-nick-vander\/#breadcrumb\"},\"inLanguage\":\"es\",\"potentialAction\":[{\"@type\":\"ReadAction\",\"target\":[\"https:\/\/freeimprobarcelona.com\/es\/calendar\/25hombres-nick-vander\/\"]}]},{\"@type\":\"BreadcrumbList\",\"@id\":\"https:\/\/freeimprobarcelona.com\/es\/calendar\/25hombres-nick-vander\/#breadcrumb\",\"itemListElement\":[{\"@type\":\"ListItem\",\"position\":1,\"name\":\"Inicio\",\"item\":\"https:\/\/freeimprobarcelona.com\/es\/\"},{\"@type\":\"ListItem\",\"position\":2,\"name\":\"Eventos\",\"item\":\"https:\/\/freeimprobarcelona.com\/es\/calendar\/\"},{\"@type\":\"ListItem\",\"position\":3,\"name\":\"25HOMBRES &#038; Nick Vander\"}]},{\"@type\":\"WebSite\",\"@id\":\"https:\/\/freeimprobarcelona.com\/es\/#website\",\"url\":\"https:\/\/freeimprobarcelona.com\/es\/\",\"name\":\"Free Impro Barcelona\",\"description\":\"Free Impro Barcelona\",\"potentialAction\":[{\"@type\":\"SearchAction\",\"target\":{\"@type\":\"EntryPoint\",\"urlTemplate\":\"https:\/\/freeimprobarcelona.com\/es\/?s={search_term_string}\"},\"query-input\":\"required name=search_term_string\"}],\"inLanguage\":\"es\"}]}<\/script>\n<!-- \/ Yoast SEO plugin. -->","yoast_head_json":{"title":"25HOMBRES & Nick Vander - Free Impro Barcelona","robots":{"index":"index","follow":"follow","max-snippet":"max-snippet:-1","max-image-preview":"max-image-preview:large","max-video-preview":"max-video-preview:-1"},"canonical":"https:\/\/freeimprobarcelona.com\/es\/calendar\/25hombres-nick-vander\/","og_locale":"es_ES","og_type":"article","og_title":"25HOMBRES & Nick Vander - Free Impro Barcelona","og_description":"En agosto de 2003, 25HOMBRES inicia sus actividades con un acto frustrado por la lluvia en la Muestra de Arte del Solson\u00e8s. Desde ese momento, ha ido multiplicando sus acciones. Bregados en el arte radiof\u00f3nico y la experimentaci\u00f3n sonora, sus apariciones p\u00fablicas en sus diferentes formaciones y, a veces, acompa\u00f1ados por una larga lista de [&hellip;]","og_url":"https:\/\/freeimprobarcelona.com\/es\/calendar\/25hombres-nick-vander\/","og_site_name":"Free Impro Barcelona","article_modified_time":"2023-02-24T11:11:47+00:00","og_image":[{"width":904,"height":1280,"url":"https:\/\/freeimprobarcelona.com\/wp-content\/uploads\/2023\/02\/photo_6034998422265773252_y.jpg","type":"image\/jpeg"}],"twitter_card":"summary_large_image","twitter_misc":{"Tiempo de lectura":"1 minuto"},"schema":{"@context":"https:\/\/schema.org","@graph":[{"@type":"WebPage","@id":"https:\/\/freeimprobarcelona.com\/es\/calendar\/25hombres-nick-vander\/","url":"https:\/\/freeimprobarcelona.com\/es\/calendar\/25hombres-nick-vander\/","name":"25HOMBRES & Nick Vander - Free Impro Barcelona","isPartOf":{"@id":"https:\/\/freeimprobarcelona.com\/es\/#website"},"datePublished":"2023-02-24T11:10:11+00:00","dateModified":"2023-02-24T11:11:47+00:00","breadcrumb":{"@id":"https:\/\/freeimprobarcelona.com\/es\/calendar\/25hombres-nick-vander\/#breadcrumb"},"inLanguage":"es","potentialAction":[{"@type":"ReadAction","target":["https:\/\/freeimprobarcelona.com\/es\/calendar\/25hombres-nick-vander\/"]}]},{"@type":"BreadcrumbList","@id":"https:\/\/freeimprobarcelona.com\/es\/calendar\/25hombres-nick-vander\/#breadcrumb","itemListElement":[{"@type":"ListItem","position":1,"name":"Inicio","item":"https:\/\/freeimprobarcelona.com\/es\/"},{"@type":"ListItem","position":2,"name":"Eventos","item":"https:\/\/freeimprobarcelona.com\/es\/calendar\/"},{"@type":"ListItem","position":3,"name":"25HOMBRES &#038; Nick Vander"}]},{"@type":"WebSite","@id":"https:\/\/freeimprobarcelona.com\/es\/#website","url":"https:\/\/freeimprobarcelona.com\/es\/","name":"Free Impro Barcelona","description":"Free Impro Barcelona","potentialAction":[{"@type":"SearchAction","target":{"@type":"EntryPoint","urlTemplate":"https:\/\/freeimprobarcelona.com\/es\/?s={search_term_string}"},"query-input":"required name=search_term_string"}],"inLanguage":"es"}]}},"_links":{"self":[{"href":"https:\/\/freeimprobarcelona.com\/es\/wp-json\/wp\/v2\/mec-events\/3503","targetHints":{"allow":["GET"]}}],"collection":[{"href":"https:\/\/freeimprobarcelona.com\/es\/wp-json\/wp\/v2\/mec-events"}],"about":[{"href":"https:\/\/freeimprobarcelona.com\/es\/wp-json\/wp\/v2\/types\/mec-events"}],"author":[{"embeddable":true,"href":"https:\/\/freeimprobarcelona.com\/es\/wp-json\/wp\/v2\/users\/2"}],"wp:featuredmedia":[{"embeddable":true,"href":"https:\/\/freeimprobarcelona.com\/es\/wp-json\/wp\/v2\/media\/3501"}],"wp:attachment":[{"href":"https:\/\/freeimprobarcelona.com\/es\/wp-json\/wp\/v2\/media?parent=3503"}],"wp:term":[{"taxonomy":"post_tag","embeddable":true,"href":"https:\/\/freeimprobarcelona.com\/es\/wp-json\/wp\/v2\/tags?post=3503"},{"taxonomy":"mec_category","embeddable":true,"href":"https:\/\/freeimprobarcelona.com\/es\/wp-json\/wp\/v2\/mec_category?post=3503"},{"taxonomy":"mec_speaker","embeddable":true,"href":"https:\/\/freeimprobarcelona.com\/es\/wp-json\/wp\/v2\/mec_speaker?post=3503"}],"curies":[{"name":"wp","href":"https:\/\/api.w.org\/{rel}","templated":true}]}}

<p>En agosto de 2003, 25HOMBRES inicia sus actividades con un acto frustrado por la lluvia en la Muestra de Arte del Solsonès. Desde ese momento, ha ido multiplicando sus acciones. Bregados en el arte radiofónico y la experimentación sonora, sus apariciones públicas en sus diferentes formaciones y, a veces, acompañados por una larga lista de colaboradoras, han girado siempre en torno a la idea de la desestabilización, ataque y la sorna a propósito de los sistemas de control.</p>
<p>Después de tres años sin realizar ninguna acción directa, vuelven a los escenarios de la ciudad que les vio aparecer antes de dispersarse por el globo, acompañantes del músico experimental Nick<br />
Vander.</p>

<p>En agosto de 2003, 25HOMBRES inicia sus actividades con un acto frustrado por la lluvia en la Muestra de Arte del Solsonès. Desde ese momento, ha ido multiplicando sus acciones. Bregados en el arte radiofónico y la experimentación sonora, sus apariciones públicas en sus diferentes formaciones y, a veces, acompañados por una larga lista de [&hellip;]</p>

<!-- This site is optimized with the Yoast SEO plugin v19.9 - https://yoast.com/wordpress/plugins/seo/ -->
<title>25HOMBRES &amp; Nick Vander - Free Impro Barcelona</title>
<meta name="robots" content="index, follow, max-snippet:-1, max-image-preview:large, max-video-preview:-1" />
<link rel="canonical" href="https://freeimprobarcelona.com/es/calendar/25hombres-nick-vander/" />
<meta property="og:locale" content="es_ES" />
<meta property="og:type" content="article" />
<meta property="og:title" content="25HOMBRES &amp; Nick Vander - Free Impro Barcelona" />
<meta property="og:description" content="En agosto de 2003, 25HOMBRES inicia sus actividades con un acto frustrado por la lluvia en la Muestra de Arte del Solsonès. Desde ese momento, ha ido multiplicando sus acciones. Bregados en el arte radiofónico y la experimentación sonora, sus apariciones públicas en sus diferentes formaciones y, a veces, acompañados por una larga lista de [&hellip;]" />
<meta property="og:url" content="https://freeimprobarcelona.com/es/calendar/25hombres-nick-vander/" />
<meta property="og:site_name" content="Free Impro Barcelona" />
<meta property="article:modified_time" content="2023-02-24T11:11:47+00:00" />
<meta property="og:image" content="https://freeimprobarcelona.com/wp-content/uploads/2023/02/photo_6034998422265773252_y.jpg" />
	<meta property="og:image:width" content="904" />
	<meta property="og:image:height" content="1280" />
	<meta property="og:image:type" content="image/jpeg" />
<meta name="twitter:card" content="summary_large_image" />
<meta name="twitter:label1" content="Tiempo de lectura" />
	<meta name="twitter:data1" content="1 minuto" />
<script type="application/ld+json" class="yoast-schema-graph">{"@context":"https://schema.org","@graph":[{"@type":"WebPage","@id":"https://freeimprobarcelona.com/es/calendar/25hombres-nick-vander/","url":"https://freeimprobarcelona.com/es/calendar/25hombres-nick-vander/","name":"25HOMBRES & Nick Vander - Free Impro Barcelona","isPartOf":{"@id":"https://freeimprobarcelona.com/es/#website"},"datePublished":"2023-02-24T11:10:11+00:00","dateModified":"2023-02-24T11:11:47+00:00","breadcrumb":{"@id":"https://freeimprobarcelona.com/es/calendar/25hombres-nick-vander/#breadcrumb"},"inLanguage":"es","potentialAction":[{"@type":"ReadAction","target":["https://freeimprobarcelona.com/es/calendar/25hombres-nick-vander/"]}]},{"@type":"BreadcrumbList","@id":"https://freeimprobarcelona.com/es/calendar/25hombres-nick-vander/#breadcrumb","itemListElement":[{"@type":"ListItem","position":1,"name":"Inicio","item":"https://freeimprobarcelona.com/es/"},{"@type":"ListItem","position":2,"name":"Eventos","item":"https://freeimprobarcelona.com/es/calendar/"},{"@type":"ListItem","position":3,"name":"25HOMBRES &#038; Nick Vander"}]},{"@type":"WebSite","@id":"https://freeimprobarcelona.com/es/#website","url":"https://freeimprobarcelona.com/es/","name":"Free Impro Barcelona","description":"Free Impro Barcelona","potentialAction":[{"@type":"SearchAction","target":{"@type":"EntryPoint","urlTemplate":"https://freeimprobarcelona.com/es/?s={search_term_string}"},"query-input":"required name=search_term_string"}],"inLanguage":"es"}]}</script>
<!-- / Yoast SEO plugin. -->

En agosto de 2003, 25HOMBRES inicia sus actividades con un acto frustrado por la lluvia en la Muestra de Arte del Solsonès. Desde ese momento, ha ido multiplicando sus acciones. Bregados en el arte radiofónico y la experimentación sonora, sus apariciones públicas en sus diferentes formaciones y, a veces, acompañados por una larga lista de [&hellip;]
