{"id":3435,"date":"2023-02-12T14:21:02","date_gmt":"2023-02-12T14:21:02","guid":{"rendered":"https:\/\/freeimprobarcelona.com\/?post_type=mec-events&#038;p=3435"},"modified":"2023-02-12T14:21:02","modified_gmt":"2023-02-12T14:21:02","slug":"volatil-1","status":"publish","type":"mec-events","link":"https:\/\/freeimprobarcelona.com\/es\/calendar\/volatil-1\/","title":{"rendered":"VOL\u00c1TIL # 1"},"content":{"rendered":"<p>Nos dej\u00f3 el ciclo Girafa session y las Goat session y ahora aparece Vol\u00e1til #1. Nuevo ciclo procurado por Fernando Carrasco guitarrista de la escena Barcelonina de improvisadores experimentales y buscadores sonoros. El s\u00e1bado 18 pone en marcha el ciclo con doble programaci\u00f3n:<\/p>\n<p>1er sert:<\/p>\n<p>Nan\u00e1 Rovira\u00a0 clarinete\/\/ Fernando Carrasco guitarra el\u00e9ctrica\/\/\u00a0 Ricard Pons\u00a0 bajo el\u00e9ctrico<\/p>\n<p>2\u00ba set:<\/p>\n<p>Clara Lai\u00a0 piano\/\/ Ferran Besalduch\u00a0 saxo.<\/p>\n<p>&nbsp;<\/p>\n","protected":false},"excerpt":{"rendered":"<p>Nos dej\u00f3 el ciclo Girafa session y las Goat session y ahora aparece Vol\u00e1til #1. Nuevo ciclo procurado por Fernando Carrasco guitarrista de la escena Barcelonina de improvisadores experimentales y buscadores sonoros. El s\u00e1bado 18 pone en marcha el ciclo con doble programaci\u00f3n: 1er sert: Nan\u00e1 Rovira\u00a0 clarinete\/\/ Fernando Carrasco guitarra el\u00e9ctrica\/\/\u00a0 Ricard Pons\u00a0 bajo [&hellip;]<\/p>\n","protected":false},"author":2,"featured_media":3433,"template":"","meta":{"_et_pb_use_builder":"","_et_pb_old_content":"","_et_gb_content_width":""},"tags":[],"mec_category":[2038],"mec_speaker":[480,589,548,1302,321],"class_list":["post-3435","mec-events","type-mec-events","status-publish","has-post-thumbnail","hentry","mec_category-volatil-es"],"yoast_head":"<!-- This site is optimized with the Yoast SEO plugin v19.9 - https:\/\/yoast.com\/wordpress\/plugins\/seo\/ -->\n<title>VOL\u00c1TIL # 1 - Free Impro Barcelona<\/title>\n<meta name=\"robots\" content=\"index, follow, max-snippet:-1, max-image-preview:large, max-video-preview:-1\" \/>\n<link rel=\"canonical\" href=\"https:\/\/freeimprobarcelona.com\/es\/calendar\/volatil-1\/\" \/>\n<meta property=\"og:locale\" content=\"es_ES\" \/>\n<meta property=\"og:type\" content=\"article\" \/>\n<meta property=\"og:title\" content=\"VOL\u00c1TIL # 1 - Free Impro Barcelona\" \/>\n<meta property=\"og:description\" content=\"Nos dej\u00f3 el ciclo Girafa session y las Goat session y ahora aparece Vol\u00e1til #1. Nuevo ciclo procurado por Fernando Carrasco guitarrista de la escena Barcelonina de improvisadores experimentales y buscadores sonoros. El s\u00e1bado 18 pone en marcha el ciclo con doble programaci\u00f3n: 1er sert: Nan\u00e1 Rovira\u00a0 clarinete\/\/ Fernando Carrasco guitarra el\u00e9ctrica\/\/\u00a0 Ricard Pons\u00a0 bajo [&hellip;]\" \/>\n<meta property=\"og:url\" content=\"https:\/\/freeimprobarcelona.com\/es\/calendar\/volatil-1\/\" \/>\n<meta property=\"og:site_name\" content=\"Free Impro Barcelona\" \/>\n<meta property=\"og:image\" content=\"https:\/\/freeimprobarcelona.com\/wp-content\/uploads\/2023\/02\/cartel-volatil-1-1-1-1.jpg\" \/>\n\t<meta property=\"og:image:width\" content=\"2000\" \/>\n\t<meta property=\"og:image:height\" content=\"2000\" \/>\n\t<meta property=\"og:image:type\" content=\"image\/jpeg\" \/>\n<meta name=\"twitter:card\" content=\"summary_large_image\" \/>\n<script type=\"application\/ld+json\" class=\"yoast-schema-graph\">{\"@context\":\"https:\/\/schema.org\",\"@graph\":[{\"@type\":\"WebPage\",\"@id\":\"https:\/\/freeimprobarcelona.com\/es\/calendar\/volatil-1\/\",\"url\":\"https:\/\/freeimprobarcelona.com\/es\/calendar\/volatil-1\/\",\"name\":\"VOL\u00c1TIL # 1 - Free Impro Barcelona\",\"isPartOf\":{\"@id\":\"https:\/\/freeimprobarcelona.com\/es\/#website\"},\"datePublished\":\"2023-02-12T14:21:02+00:00\",\"dateModified\":\"2023-02-12T14:21:02+00:00\",\"breadcrumb\":{\"@id\":\"https:\/\/freeimprobarcelona.com\/es\/calendar\/volatil-1\/#breadcrumb\"},\"inLanguage\":\"es\",\"potentialAction\":[{\"@type\":\"ReadAction\",\"target\":[\"https:\/\/freeimprobarcelona.com\/es\/calendar\/volatil-1\/\"]}]},{\"@type\":\"BreadcrumbList\",\"@id\":\"https:\/\/freeimprobarcelona.com\/es\/calendar\/volatil-1\/#breadcrumb\",\"itemListElement\":[{\"@type\":\"ListItem\",\"position\":1,\"name\":\"Inicio\",\"item\":\"https:\/\/freeimprobarcelona.com\/es\/\"},{\"@type\":\"ListItem\",\"position\":2,\"name\":\"Eventos\",\"item\":\"https:\/\/freeimprobarcelona.com\/es\/calendar\/\"},{\"@type\":\"ListItem\",\"position\":3,\"name\":\"VOL\u00c1TIL # 1\"}]},{\"@type\":\"WebSite\",\"@id\":\"https:\/\/freeimprobarcelona.com\/es\/#website\",\"url\":\"https:\/\/freeimprobarcelona.com\/es\/\",\"name\":\"Free Impro Barcelona\",\"description\":\"Free Impro Barcelona\",\"potentialAction\":[{\"@type\":\"SearchAction\",\"target\":{\"@type\":\"EntryPoint\",\"urlTemplate\":\"https:\/\/freeimprobarcelona.com\/es\/?s={search_term_string}\"},\"query-input\":\"required name=search_term_string\"}],\"inLanguage\":\"es\"}]}<\/script>\n<!-- \/ Yoast SEO plugin. -->","yoast_head_json":{"title":"VOL\u00c1TIL # 1 - Free Impro Barcelona","robots":{"index":"index","follow":"follow","max-snippet":"max-snippet:-1","max-image-preview":"max-image-preview:large","max-video-preview":"max-video-preview:-1"},"canonical":"https:\/\/freeimprobarcelona.com\/es\/calendar\/volatil-1\/","og_locale":"es_ES","og_type":"article","og_title":"VOL\u00c1TIL # 1 - Free Impro Barcelona","og_description":"Nos dej\u00f3 el ciclo Girafa session y las Goat session y ahora aparece Vol\u00e1til #1. Nuevo ciclo procurado por Fernando Carrasco guitarrista de la escena Barcelonina de improvisadores experimentales y buscadores sonoros. El s\u00e1bado 18 pone en marcha el ciclo con doble programaci\u00f3n: 1er sert: Nan\u00e1 Rovira\u00a0 clarinete\/\/ Fernando Carrasco guitarra el\u00e9ctrica\/\/\u00a0 Ricard Pons\u00a0 bajo [&hellip;]","og_url":"https:\/\/freeimprobarcelona.com\/es\/calendar\/volatil-1\/","og_site_name":"Free Impro Barcelona","og_image":[{"width":2000,"height":2000,"url":"https:\/\/freeimprobarcelona.com\/wp-content\/uploads\/2023\/02\/cartel-volatil-1-1-1-1.jpg","type":"image\/jpeg"}],"twitter_card":"summary_large_image","schema":{"@context":"https:\/\/schema.org","@graph":[{"@type":"WebPage","@id":"https:\/\/freeimprobarcelona.com\/es\/calendar\/volatil-1\/","url":"https:\/\/freeimprobarcelona.com\/es\/calendar\/volatil-1\/","name":"VOL\u00c1TIL # 1 - Free Impro Barcelona","isPartOf":{"@id":"https:\/\/freeimprobarcelona.com\/es\/#website"},"datePublished":"2023-02-12T14:21:02+00:00","dateModified":"2023-02-12T14:21:02+00:00","breadcrumb":{"@id":"https:\/\/freeimprobarcelona.com\/es\/calendar\/volatil-1\/#breadcrumb"},"inLanguage":"es","potentialAction":[{"@type":"ReadAction","target":["https:\/\/freeimprobarcelona.com\/es\/calendar\/volatil-1\/"]}]},{"@type":"BreadcrumbList","@id":"https:\/\/freeimprobarcelona.com\/es\/calendar\/volatil-1\/#breadcrumb","itemListElement":[{"@type":"ListItem","position":1,"name":"Inicio","item":"https:\/\/freeimprobarcelona.com\/es\/"},{"@type":"ListItem","position":2,"name":"Eventos","item":"https:\/\/freeimprobarcelona.com\/es\/calendar\/"},{"@type":"ListItem","position":3,"name":"VOL\u00c1TIL # 1"}]},{"@type":"WebSite","@id":"https:\/\/freeimprobarcelona.com\/es\/#website","url":"https:\/\/freeimprobarcelona.com\/es\/","name":"Free Impro Barcelona","description":"Free Impro Barcelona","potentialAction":[{"@type":"SearchAction","target":{"@type":"EntryPoint","urlTemplate":"https:\/\/freeimprobarcelona.com\/es\/?s={search_term_string}"},"query-input":"required name=search_term_string"}],"inLanguage":"es"}]}},"_links":{"self":[{"href":"https:\/\/freeimprobarcelona.com\/es\/wp-json\/wp\/v2\/mec-events\/3435","targetHints":{"allow":["GET"]}}],"collection":[{"href":"https:\/\/freeimprobarcelona.com\/es\/wp-json\/wp\/v2\/mec-events"}],"about":[{"href":"https:\/\/freeimprobarcelona.com\/es\/wp-json\/wp\/v2\/types\/mec-events"}],"author":[{"embeddable":true,"href":"https:\/\/freeimprobarcelona.com\/es\/wp-json\/wp\/v2\/users\/2"}],"wp:featuredmedia":[{"embeddable":true,"href":"https:\/\/freeimprobarcelona.com\/es\/wp-json\/wp\/v2\/media\/3433"}],"wp:attachment":[{"href":"https:\/\/freeimprobarcelona.com\/es\/wp-json\/wp\/v2\/media?parent=3435"}],"wp:term":[{"taxonomy":"post_tag","embeddable":true,"href":"https:\/\/freeimprobarcelona.com\/es\/wp-json\/wp\/v2\/tags?post=3435"},{"taxonomy":"mec_category","embeddable":true,"href":"https:\/\/freeimprobarcelona.com\/es\/wp-json\/wp\/v2\/mec_category?post=3435"},{"taxonomy":"mec_speaker","embeddable":true,"href":"https:\/\/freeimprobarcelona.com\/es\/wp-json\/wp\/v2\/mec_speaker?post=3435"}],"curies":[{"name":"wp","href":"https:\/\/api.w.org\/{rel}","templated":true}]}}

VOLÁTIL # 1

<p>Nos dejó el ciclo Girafa session y las Goat session y ahora aparece Volátil #1. Nuevo ciclo procurado por Fernando Carrasco guitarrista de la escena Barcelonina de improvisadores experimentales y buscadores sonoros. El sábado 18 pone en marcha el ciclo con doble programación:</p>
<p>1er sert:</p>
<p>Naná Rovira  clarinete// Fernando Carrasco guitarra eléctrica//  Ricard Pons  bajo eléctrico</p>
<p>2º set:</p>
<p>Clara Lai  piano// Ferran Besalduch  saxo.</p>
<p>&nbsp;</p>

<p>Nos dejó el ciclo Girafa session y las Goat session y ahora aparece Volátil #1. Nuevo ciclo procurado por Fernando Carrasco guitarrista de la escena Barcelonina de improvisadores experimentales y buscadores sonoros. El sábado 18 pone en marcha el ciclo con doble programación: 1er sert: Naná Rovira  clarinete// Fernando Carrasco guitarra eléctrica//  Ricard Pons  bajo [&hellip;]</p>

<!-- This site is optimized with the Yoast SEO plugin v19.9 - https://yoast.com/wordpress/plugins/seo/ -->
<title>VOLÁTIL # 1 - Free Impro Barcelona</title>
<meta name="robots" content="index, follow, max-snippet:-1, max-image-preview:large, max-video-preview:-1" />
<link rel="canonical" href="https://freeimprobarcelona.com/es/calendar/volatil-1/" />
<meta property="og:locale" content="es_ES" />
<meta property="og:type" content="article" />
<meta property="og:title" content="VOLÁTIL # 1 - Free Impro Barcelona" />
<meta property="og:description" content="Nos dejó el ciclo Girafa session y las Goat session y ahora aparece Volátil #1. Nuevo ciclo procurado por Fernando Carrasco guitarrista de la escena Barcelonina de improvisadores experimentales y buscadores sonoros. El sábado 18 pone en marcha el ciclo con doble programación: 1er sert: Naná Rovira  clarinete// Fernando Carrasco guitarra eléctrica//  Ricard Pons  bajo [&hellip;]" />
<meta property="og:url" content="https://freeimprobarcelona.com/es/calendar/volatil-1/" />
<meta property="og:site_name" content="Free Impro Barcelona" />
<meta property="og:image" content="https://freeimprobarcelona.com/wp-content/uploads/2023/02/cartel-volatil-1-1-1-1.jpg" />
	<meta property="og:image:width" content="2000" />
	<meta property="og:image:height" content="2000" />
	<meta property="og:image:type" content="image/jpeg" />
<meta name="twitter:card" content="summary_large_image" />
<script type="application/ld+json" class="yoast-schema-graph">{"@context":"https://schema.org","@graph":[{"@type":"WebPage","@id":"https://freeimprobarcelona.com/es/calendar/volatil-1/","url":"https://freeimprobarcelona.com/es/calendar/volatil-1/","name":"VOLÁTIL # 1 - Free Impro Barcelona","isPartOf":{"@id":"https://freeimprobarcelona.com/es/#website"},"datePublished":"2023-02-12T14:21:02+00:00","dateModified":"2023-02-12T14:21:02+00:00","breadcrumb":{"@id":"https://freeimprobarcelona.com/es/calendar/volatil-1/#breadcrumb"},"inLanguage":"es","potentialAction":[{"@type":"ReadAction","target":["https://freeimprobarcelona.com/es/calendar/volatil-1/"]}]},{"@type":"BreadcrumbList","@id":"https://freeimprobarcelona.com/es/calendar/volatil-1/#breadcrumb","itemListElement":[{"@type":"ListItem","position":1,"name":"Inicio","item":"https://freeimprobarcelona.com/es/"},{"@type":"ListItem","position":2,"name":"Eventos","item":"https://freeimprobarcelona.com/es/calendar/"},{"@type":"ListItem","position":3,"name":"VOLÁTIL # 1"}]},{"@type":"WebSite","@id":"https://freeimprobarcelona.com/es/#website","url":"https://freeimprobarcelona.com/es/","name":"Free Impro Barcelona","description":"Free Impro Barcelona","potentialAction":[{"@type":"SearchAction","target":{"@type":"EntryPoint","urlTemplate":"https://freeimprobarcelona.com/es/?s={search_term_string}"},"query-input":"required name=search_term_string"}],"inLanguage":"es"}]}</script>
<!-- / Yoast SEO plugin. -->

VOLÁTIL # 1 - Free Impro Barcelona

Nos dejó el ciclo Girafa session y las Goat session y ahora aparece Volátil #1. Nuevo ciclo procurado por Fernando Carrasco guitarrista de la escena Barcelonina de improvisadores experimentales y buscadores sonoros. El sábado 18 pone en marcha el ciclo con doble programación: 1er sert: Naná Rovira  clarinete// Fernando Carrasco guitarra eléctrica//  Ricard Pons  bajo [&hellip;]
