{"id":3400,"date":"2023-02-08T10:54:48","date_gmt":"2023-02-08T10:54:48","guid":{"rendered":"https:\/\/freeimprobarcelona.com\/?post_type=mec-events&#038;p=3400"},"modified":"2023-02-08T10:56:43","modified_gmt":"2023-02-08T10:56:43","slug":"dimecres-de-so-i-cos","status":"publish","type":"mec-events","link":"https:\/\/freeimprobarcelona.com\/es\/calendar\/dimecres-de-so-i-cos\/","title":{"rendered":"Dimecres de so i cos"},"content":{"rendered":"<p>El mi\u00e9rcoles de sonido y cuerpo es el programa del Santa M\u00f3nica dedicado a propuestas experimentales que exploran las intersecciones entre la m\u00fasica y el cuerpo humano con sesiones gratuitas y regulares cada mi\u00e9rcoles a las 19h en la Sala Bar.<\/p>\n<p>El mi\u00e9rcoles de sonido y cuerpo es un lugar de encuentro para p\u00fablico, creadores, programadores, estudiosos y curiosos \u00e1vidos de disfrutar de una programaci\u00f3n de experimentaci\u00f3n sonora, m\u00fasica improvisada, voz, danza y performance de peque\u00f1o formato en un entorno distendido y cercano c\u00f3mo es la Sala Bar.<\/p>\n<p>Esta programaci\u00f3n y la producci\u00f3n de cada sesi\u00f3n est\u00e1n curadas por distintos colectivos externos e internos del Santa M\u00f2nica invitados peri\u00f3dicamente. A trav\u00e9s de estas voces, se crea un espacio de trabajo coral y \u00fanico en constante construcci\u00f3n de significados colectivos. Las diferentes propuestas art\u00edsticas muestran la diversidad y la pluralidad de miradas de la creaci\u00f3n musical y esc\u00e9nica experimental.<\/p>\n<p>Mi\u00e9rcoles de sonido y cuerpo 2023 se nutre de las propuestas de: BCN ImproFest, Festival S\u00e2lmon, El Afluente, La Bastida, Mixtur y Taller de M\u00fasics<\/p>\n<p>&nbsp;<\/p>\n<p>Consideraciones sobre lo inevitable resonar<\/p>\n<p>Concierto08.02.2023 \/ 19h &#8211; 20hSala Bar<\/p>\n<p>Concierto en formato de conferencia s\u00f3nica de Xavi Lloses.<\/p>\n<p>Partiendo de una serie de collages de locuciones extra\u00eddas de documentales, radios, telediarios y pel\u00edculas, se construye un hilo argumental en torno a las diferentes repercusiones tangibles e intangibles de la vibraci\u00f3n sonora y la m\u00fasica. Desde los principios f\u00edsicos m\u00e1s elementales hasta romper la barrera del sonido, pasando por las armon\u00edas de las esferas, etc&#8230; Reflexiones sobre qu\u00e9 y c\u00f3mo escuchamos, y los posibles significados y valores que otorgamos a lo que llamamos m\u00fasica. Un trayecto alucinante a trav\u00e9s de hipn\u00f3ticos y curiosos paisajes sonoros entrelazados con las \u00faltimas m\u00fasicas destiladas del laboratorio de Xavi Lloses. Podemos dejar de mirar, pero no podemos evitar escuchar.<\/p>\n","protected":false},"excerpt":{"rendered":"<p>El mi\u00e9rcoles de sonido y cuerpo es el programa del Santa M\u00f3nica dedicado a propuestas experimentales que exploran las intersecciones entre la m\u00fasica y el cuerpo humano con sesiones gratuitas y regulares cada mi\u00e9rcoles a las 19h en la Sala Bar. El mi\u00e9rcoles de sonido y cuerpo es un lugar de encuentro para p\u00fablico, creadores, [&hellip;]<\/p>\n","protected":false},"author":2,"featured_media":3398,"template":"","meta":{"_et_pb_use_builder":"","_et_pb_old_content":"","_et_gb_content_width":""},"tags":[],"mec_category":[715],"mec_speaker":[2027],"class_list":["post-3400","mec-events","type-mec-events","status-publish","has-post-thumbnail","hentry","mec_category-dimecres-de-so-i-cos-es"],"yoast_head":"<!-- This site is optimized with the Yoast SEO plugin v19.9 - https:\/\/yoast.com\/wordpress\/plugins\/seo\/ -->\n<title>Dimecres de so i cos - Free Impro Barcelona<\/title>\n<meta name=\"robots\" content=\"index, follow, max-snippet:-1, max-image-preview:large, max-video-preview:-1\" \/>\n<link rel=\"canonical\" href=\"https:\/\/freeimprobarcelona.com\/es\/calendar\/dimecres-de-so-i-cos\/\" \/>\n<meta property=\"og:locale\" content=\"es_ES\" \/>\n<meta property=\"og:type\" content=\"article\" \/>\n<meta property=\"og:title\" content=\"Dimecres de so i cos - Free Impro Barcelona\" \/>\n<meta property=\"og:description\" content=\"El mi\u00e9rcoles de sonido y cuerpo es el programa del Santa M\u00f3nica dedicado a propuestas experimentales que exploran las intersecciones entre la m\u00fasica y el cuerpo humano con sesiones gratuitas y regulares cada mi\u00e9rcoles a las 19h en la Sala Bar. El mi\u00e9rcoles de sonido y cuerpo es un lugar de encuentro para p\u00fablico, creadores, [&hellip;]\" \/>\n<meta property=\"og:url\" content=\"https:\/\/freeimprobarcelona.com\/es\/calendar\/dimecres-de-so-i-cos\/\" \/>\n<meta property=\"og:site_name\" content=\"Free Impro Barcelona\" \/>\n<meta property=\"article:modified_time\" content=\"2023-02-08T10:56:43+00:00\" \/>\n<meta property=\"og:image\" content=\"https:\/\/freeimprobarcelona.com\/wp-content\/uploads\/2023\/02\/xavi_lloses-606x366-1.jpg\" \/>\n\t<meta property=\"og:image:width\" content=\"606\" \/>\n\t<meta property=\"og:image:height\" content=\"366\" \/>\n\t<meta property=\"og:image:type\" content=\"image\/jpeg\" \/>\n<meta name=\"twitter:card\" content=\"summary_large_image\" \/>\n<meta name=\"twitter:label1\" content=\"Tiempo de lectura\" \/>\n\t<meta name=\"twitter:data1\" content=\"2 minutos\" \/>\n<script type=\"application\/ld+json\" class=\"yoast-schema-graph\">{\"@context\":\"https:\/\/schema.org\",\"@graph\":[{\"@type\":\"WebPage\",\"@id\":\"https:\/\/freeimprobarcelona.com\/es\/calendar\/dimecres-de-so-i-cos\/\",\"url\":\"https:\/\/freeimprobarcelona.com\/es\/calendar\/dimecres-de-so-i-cos\/\",\"name\":\"Dimecres de so i cos - Free Impro Barcelona\",\"isPartOf\":{\"@id\":\"https:\/\/freeimprobarcelona.com\/es\/#website\"},\"datePublished\":\"2023-02-08T10:54:48+00:00\",\"dateModified\":\"2023-02-08T10:56:43+00:00\",\"breadcrumb\":{\"@id\":\"https:\/\/freeimprobarcelona.com\/es\/calendar\/dimecres-de-so-i-cos\/#breadcrumb\"},\"inLanguage\":\"es\",\"potentialAction\":[{\"@type\":\"ReadAction\",\"target\":[\"https:\/\/freeimprobarcelona.com\/es\/calendar\/dimecres-de-so-i-cos\/\"]}]},{\"@type\":\"BreadcrumbList\",\"@id\":\"https:\/\/freeimprobarcelona.com\/es\/calendar\/dimecres-de-so-i-cos\/#breadcrumb\",\"itemListElement\":[{\"@type\":\"ListItem\",\"position\":1,\"name\":\"Inicio\",\"item\":\"https:\/\/freeimprobarcelona.com\/es\/\"},{\"@type\":\"ListItem\",\"position\":2,\"name\":\"Eventos\",\"item\":\"https:\/\/freeimprobarcelona.com\/es\/calendar\/\"},{\"@type\":\"ListItem\",\"position\":3,\"name\":\"Dimecres de so i cos\"}]},{\"@type\":\"WebSite\",\"@id\":\"https:\/\/freeimprobarcelona.com\/es\/#website\",\"url\":\"https:\/\/freeimprobarcelona.com\/es\/\",\"name\":\"Free Impro Barcelona\",\"description\":\"Free Impro Barcelona\",\"potentialAction\":[{\"@type\":\"SearchAction\",\"target\":{\"@type\":\"EntryPoint\",\"urlTemplate\":\"https:\/\/freeimprobarcelona.com\/es\/?s={search_term_string}\"},\"query-input\":\"required name=search_term_string\"}],\"inLanguage\":\"es\"}]}<\/script>\n<!-- \/ Yoast SEO plugin. -->","yoast_head_json":{"title":"Dimecres de so i cos - Free Impro Barcelona","robots":{"index":"index","follow":"follow","max-snippet":"max-snippet:-1","max-image-preview":"max-image-preview:large","max-video-preview":"max-video-preview:-1"},"canonical":"https:\/\/freeimprobarcelona.com\/es\/calendar\/dimecres-de-so-i-cos\/","og_locale":"es_ES","og_type":"article","og_title":"Dimecres de so i cos - Free Impro Barcelona","og_description":"El mi\u00e9rcoles de sonido y cuerpo es el programa del Santa M\u00f3nica dedicado a propuestas experimentales que exploran las intersecciones entre la m\u00fasica y el cuerpo humano con sesiones gratuitas y regulares cada mi\u00e9rcoles a las 19h en la Sala Bar. El mi\u00e9rcoles de sonido y cuerpo es un lugar de encuentro para p\u00fablico, creadores, [&hellip;]","og_url":"https:\/\/freeimprobarcelona.com\/es\/calendar\/dimecres-de-so-i-cos\/","og_site_name":"Free Impro Barcelona","article_modified_time":"2023-02-08T10:56:43+00:00","og_image":[{"width":606,"height":366,"url":"https:\/\/freeimprobarcelona.com\/wp-content\/uploads\/2023\/02\/xavi_lloses-606x366-1.jpg","type":"image\/jpeg"}],"twitter_card":"summary_large_image","twitter_misc":{"Tiempo de lectura":"2 minutos"},"schema":{"@context":"https:\/\/schema.org","@graph":[{"@type":"WebPage","@id":"https:\/\/freeimprobarcelona.com\/es\/calendar\/dimecres-de-so-i-cos\/","url":"https:\/\/freeimprobarcelona.com\/es\/calendar\/dimecres-de-so-i-cos\/","name":"Dimecres de so i cos - Free Impro Barcelona","isPartOf":{"@id":"https:\/\/freeimprobarcelona.com\/es\/#website"},"datePublished":"2023-02-08T10:54:48+00:00","dateModified":"2023-02-08T10:56:43+00:00","breadcrumb":{"@id":"https:\/\/freeimprobarcelona.com\/es\/calendar\/dimecres-de-so-i-cos\/#breadcrumb"},"inLanguage":"es","potentialAction":[{"@type":"ReadAction","target":["https:\/\/freeimprobarcelona.com\/es\/calendar\/dimecres-de-so-i-cos\/"]}]},{"@type":"BreadcrumbList","@id":"https:\/\/freeimprobarcelona.com\/es\/calendar\/dimecres-de-so-i-cos\/#breadcrumb","itemListElement":[{"@type":"ListItem","position":1,"name":"Inicio","item":"https:\/\/freeimprobarcelona.com\/es\/"},{"@type":"ListItem","position":2,"name":"Eventos","item":"https:\/\/freeimprobarcelona.com\/es\/calendar\/"},{"@type":"ListItem","position":3,"name":"Dimecres de so i cos"}]},{"@type":"WebSite","@id":"https:\/\/freeimprobarcelona.com\/es\/#website","url":"https:\/\/freeimprobarcelona.com\/es\/","name":"Free Impro Barcelona","description":"Free Impro Barcelona","potentialAction":[{"@type":"SearchAction","target":{"@type":"EntryPoint","urlTemplate":"https:\/\/freeimprobarcelona.com\/es\/?s={search_term_string}"},"query-input":"required name=search_term_string"}],"inLanguage":"es"}]}},"_links":{"self":[{"href":"https:\/\/freeimprobarcelona.com\/es\/wp-json\/wp\/v2\/mec-events\/3400","targetHints":{"allow":["GET"]}}],"collection":[{"href":"https:\/\/freeimprobarcelona.com\/es\/wp-json\/wp\/v2\/mec-events"}],"about":[{"href":"https:\/\/freeimprobarcelona.com\/es\/wp-json\/wp\/v2\/types\/mec-events"}],"author":[{"embeddable":true,"href":"https:\/\/freeimprobarcelona.com\/es\/wp-json\/wp\/v2\/users\/2"}],"wp:featuredmedia":[{"embeddable":true,"href":"https:\/\/freeimprobarcelona.com\/es\/wp-json\/wp\/v2\/media\/3398"}],"wp:attachment":[{"href":"https:\/\/freeimprobarcelona.com\/es\/wp-json\/wp\/v2\/media?parent=3400"}],"wp:term":[{"taxonomy":"post_tag","embeddable":true,"href":"https:\/\/freeimprobarcelona.com\/es\/wp-json\/wp\/v2\/tags?post=3400"},{"taxonomy":"mec_category","embeddable":true,"href":"https:\/\/freeimprobarcelona.com\/es\/wp-json\/wp\/v2\/mec_category?post=3400"},{"taxonomy":"mec_speaker","embeddable":true,"href":"https:\/\/freeimprobarcelona.com\/es\/wp-json\/wp\/v2\/mec_speaker?post=3400"}],"curies":[{"name":"wp","href":"https:\/\/api.w.org\/{rel}","templated":true}]}}

<p>El miércoles de sonido y cuerpo es el programa del Santa Mónica dedicado a propuestas experimentales que exploran las intersecciones entre la música y el cuerpo humano con sesiones gratuitas y regulares cada miércoles a las 19h en la Sala Bar.</p>
<p>El miércoles de sonido y cuerpo es un lugar de encuentro para público, creadores, programadores, estudiosos y curiosos ávidos de disfrutar de una programación de experimentación sonora, música improvisada, voz, danza y performance de pequeño formato en un entorno distendido y cercano cómo es la Sala Bar.</p>
<p>Esta programación y la producción de cada sesión están curadas por distintos colectivos externos e internos del Santa Mònica invitados periódicamente. A través de estas voces, se crea un espacio de trabajo coral y único en constante construcción de significados colectivos. Las diferentes propuestas artísticas muestran la diversidad y la pluralidad de miradas de la creación musical y escénica experimental.</p>
<p>Miércoles de sonido y cuerpo 2023 se nutre de las propuestas de: BCN ImproFest, Festival Sâlmon, El Afluente, La Bastida, Mixtur y Taller de Músics</p>
<p>&nbsp;</p>
<p>Consideraciones sobre lo inevitable resonar</p>
<p>Concierto08.02.2023 / 19h &#8211; 20hSala Bar</p>
<p>Concierto en formato de conferencia sónica de Xavi Lloses.</p>
<p>Partiendo de una serie de collages de locuciones extraídas de documentales, radios, telediarios y películas, se construye un hilo argumental en torno a las diferentes repercusiones tangibles e intangibles de la vibración sonora y la música. Desde los principios físicos más elementales hasta romper la barrera del sonido, pasando por las armonías de las esferas, etc&#8230; Reflexiones sobre qué y cómo escuchamos, y los posibles significados y valores que otorgamos a lo que llamamos música. Un trayecto alucinante a través de hipnóticos y curiosos paisajes sonoros entrelazados con las últimas músicas destiladas del laboratorio de Xavi Lloses. Podemos dejar de mirar, pero no podemos evitar escuchar.</p>

<p>El miércoles de sonido y cuerpo es el programa del Santa Mónica dedicado a propuestas experimentales que exploran las intersecciones entre la música y el cuerpo humano con sesiones gratuitas y regulares cada miércoles a las 19h en la Sala Bar. El miércoles de sonido y cuerpo es un lugar de encuentro para público, creadores, [&hellip;]</p>

<!-- This site is optimized with the Yoast SEO plugin v19.9 - https://yoast.com/wordpress/plugins/seo/ -->
<title>Dimecres de so i cos - Free Impro Barcelona</title>
<meta name="robots" content="index, follow, max-snippet:-1, max-image-preview:large, max-video-preview:-1" />
<link rel="canonical" href="https://freeimprobarcelona.com/es/calendar/dimecres-de-so-i-cos/" />
<meta property="og:locale" content="es_ES" />
<meta property="og:type" content="article" />
<meta property="og:title" content="Dimecres de so i cos - Free Impro Barcelona" />
<meta property="og:description" content="El miércoles de sonido y cuerpo es el programa del Santa Mónica dedicado a propuestas experimentales que exploran las intersecciones entre la música y el cuerpo humano con sesiones gratuitas y regulares cada miércoles a las 19h en la Sala Bar. El miércoles de sonido y cuerpo es un lugar de encuentro para público, creadores, [&hellip;]" />
<meta property="og:url" content="https://freeimprobarcelona.com/es/calendar/dimecres-de-so-i-cos/" />
<meta property="og:site_name" content="Free Impro Barcelona" />
<meta property="article:modified_time" content="2023-02-08T10:56:43+00:00" />
<meta property="og:image" content="https://freeimprobarcelona.com/wp-content/uploads/2023/02/xavi_lloses-606x366-1.jpg" />
	<meta property="og:image:width" content="606" />
	<meta property="og:image:height" content="366" />
	<meta property="og:image:type" content="image/jpeg" />
<meta name="twitter:card" content="summary_large_image" />
<meta name="twitter:label1" content="Tiempo de lectura" />
	<meta name="twitter:data1" content="2 minutos" />
<script type="application/ld+json" class="yoast-schema-graph">{"@context":"https://schema.org","@graph":[{"@type":"WebPage","@id":"https://freeimprobarcelona.com/es/calendar/dimecres-de-so-i-cos/","url":"https://freeimprobarcelona.com/es/calendar/dimecres-de-so-i-cos/","name":"Dimecres de so i cos - Free Impro Barcelona","isPartOf":{"@id":"https://freeimprobarcelona.com/es/#website"},"datePublished":"2023-02-08T10:54:48+00:00","dateModified":"2023-02-08T10:56:43+00:00","breadcrumb":{"@id":"https://freeimprobarcelona.com/es/calendar/dimecres-de-so-i-cos/#breadcrumb"},"inLanguage":"es","potentialAction":[{"@type":"ReadAction","target":["https://freeimprobarcelona.com/es/calendar/dimecres-de-so-i-cos/"]}]},{"@type":"BreadcrumbList","@id":"https://freeimprobarcelona.com/es/calendar/dimecres-de-so-i-cos/#breadcrumb","itemListElement":[{"@type":"ListItem","position":1,"name":"Inicio","item":"https://freeimprobarcelona.com/es/"},{"@type":"ListItem","position":2,"name":"Eventos","item":"https://freeimprobarcelona.com/es/calendar/"},{"@type":"ListItem","position":3,"name":"Dimecres de so i cos"}]},{"@type":"WebSite","@id":"https://freeimprobarcelona.com/es/#website","url":"https://freeimprobarcelona.com/es/","name":"Free Impro Barcelona","description":"Free Impro Barcelona","potentialAction":[{"@type":"SearchAction","target":{"@type":"EntryPoint","urlTemplate":"https://freeimprobarcelona.com/es/?s={search_term_string}"},"query-input":"required name=search_term_string"}],"inLanguage":"es"}]}</script>
<!-- / Yoast SEO plugin. -->

El miércoles de sonido y cuerpo es el programa del Santa Mónica dedicado a propuestas experimentales que exploran las intersecciones entre la música y el cuerpo humano con sesiones gratuitas y regulares cada miércoles a las 19h en la Sala Bar. El miércoles de sonido y cuerpo es un lugar de encuentro para público, creadores, [&hellip;]
