{"id":3173,"date":"2023-01-13T10:10:52","date_gmt":"2023-01-13T10:10:52","guid":{"rendered":"https:\/\/freeimprobarcelona.com\/?post_type=mec-events&#038;p=3173"},"modified":"2023-01-13T10:15:27","modified_gmt":"2023-01-13T10:15:27","slug":"women-light-music-i-inauguracio-temporada-2023-de-xcentric","status":"publish","type":"mec-events","link":"https:\/\/freeimprobarcelona.com\/es\/calendar\/women-light-music-i-inauguracio-temporada-2023-de-xcentric\/","title":{"rendered":"Women Light Music I Inauguraci\u00f3 Temporada 2023 de Xc\u00e8ntric"},"content":{"rendered":"<p>La sesi\u00f3n inaugural de la temporada presenta un conjunto de pel\u00edculas para pensar la relaci\u00f3n entre las mujeres y la composici\u00f3n musical. Se trata de films cuyos modelos de composici\u00f3n son muy cercanos a los de la m\u00fasica, una especie de partituras donde los sonidos se anotan a trav\u00e9s de las im\u00e1genes, trabajando as\u00ed su sincron\u00eda, donde lo que se ve y lo que se oye es, muchas veces, materialmente lo mismo. Estas composiciones cin\u00e9ticas de Eug\u00e8nia Balcells, Mary Ellen Bute, Lis Rhodes y Blanca Rego nos sirven de pretexto para reivindicar la presencia de mujeres compositoras en la historia de la m\u00fasica.<\/p>\n<p>Flight, Eug\u00e8nia Balcells, Espa\u00f1a, 1984, U-matic a digital, 8&#8242; (Videopartitura en directo interpretada por Clara Lai)<\/p>\n<p>Synchromy no. 4,\u00a0Mary Ellen Bute y Ted Nemeth, Estados Unidos, 1937, 35 mm a digital, 4\u2019<\/p>\n<p>Synchromy no. 2,\u00a0Mary Ellen Bute y Ted Nemeth, Estados Unidos, 1935, 35 mm a digital, 6\u2019<\/p>\n<p>Rhythm in Light,\u00a0Mary Ellen Bute, Ted Nemeth y Melville Webber, Estados Unidos, 1934, 35 mm a 16 mm, 5&#8242;<\/p>\n<p>Notes from Light Music,\u00a0Lis Rhodes, Reino Unido, 1975, 16 mm a digital, 12\u2019<\/p>\n<p>Dresden Dynamo,\u00a0Lis Rhodes, Reino Unido, 1971, 16 mm, 5\u2019<\/p>\n<p>Computer Music Studies,\u00a0Blanca Rego y Mikel R. Nieto, Espa\u00f1a, 2015, digital, 39\u2019 (fragmento de 8\u2019)<\/p>\n<p>Polka Graph,\u00a0Mary Ellen Bute, Estados Unidos, 1947, 35 mm a 16 mm, 5\u2019<\/p>\n<p>Tarantela,\u00a0Mary Ellen Bute, Norman McLaren y Ted Nemeth, Estados Unidos, 1940, 35 mm a 16 mm, 5\u2019<\/p>\n<p>RGB Colour Model, Blanca Rego, Espa\u00f1a, 2016, digital, 5&#8242;<\/p>\n<p>Copia de\u00a0Flight\u00a0procedente de Hamaca. Copias\u00a0de Synchromy no. 2,\u00a0Synchromy no. 4\u00a0y\u00a0Dresden Dynamo\u00a0procedentes de Light Cone. Copias de\u00a0Rhythm in Light,\u00a0Polka Graph\u00a0y\u00a0Tarantela\u00a0procedentes de Arsenal. Copia de\u00a0Notes from Light Music\u00a0procedente de Lux. Copias de\u00a0Computer Music Studies\u00a0y\u00a0RGB Colour Model\u00a0cortes\u00eda de Blanca Rego.<\/p>\n<p>Participantes:\u00a0Clara Lai<\/p>\n<p>Directores\/as:\u00a0Eug\u00e8nia Balcells,\u00a0Blanca Rego,\u00a0Mary Ellen Bute,\u00a0Lis Rhodes,\u00a0Norman McLaren,\u00a0Ted Nemeth,\u00a0Melville Webber<\/p>\n<p>Esta actividad forma parte de\u00a0Xc\u00e8ntric 2023<\/p>\n<div><\/div>\n","protected":false},"excerpt":{"rendered":"<p>La sesi\u00f3n inaugural de la temporada presenta un conjunto de pel\u00edculas para pensar la relaci\u00f3n entre las mujeres y la composici\u00f3n musical. Se trata de films cuyos modelos de composici\u00f3n son muy cercanos a los de la m\u00fasica, una especie de partituras donde los sonidos se anotan a trav\u00e9s de las im\u00e1genes, trabajando as\u00ed su [&hellip;]<\/p>\n","protected":false},"author":2,"featured_media":3168,"template":"","meta":{"_et_pb_use_builder":"","_et_pb_old_content":"","_et_gb_content_width":""},"tags":[],"mec_category":[1866],"mec_speaker":[480],"class_list":["post-3173","mec-events","type-mec-events","status-publish","has-post-thumbnail","hentry","mec_category-cccb-es"],"yoast_head":"<!-- This site is optimized with the Yoast SEO plugin v19.9 - https:\/\/yoast.com\/wordpress\/plugins\/seo\/ -->\n<title>Women Light Music I Inauguraci\u00f3 Temporada 2023 de Xc\u00e8ntric - Free Impro Barcelona<\/title>\n<meta name=\"robots\" content=\"index, follow, max-snippet:-1, max-image-preview:large, max-video-preview:-1\" \/>\n<link rel=\"canonical\" href=\"https:\/\/freeimprobarcelona.com\/es\/calendar\/women-light-music-i-inauguracio-temporada-2023-de-xcentric\/\" \/>\n<meta property=\"og:locale\" content=\"es_ES\" \/>\n<meta property=\"og:type\" content=\"article\" \/>\n<meta property=\"og:title\" content=\"Women Light Music I Inauguraci\u00f3 Temporada 2023 de Xc\u00e8ntric - Free Impro Barcelona\" \/>\n<meta property=\"og:description\" content=\"La sesi\u00f3n inaugural de la temporada presenta un conjunto de pel\u00edculas para pensar la relaci\u00f3n entre las mujeres y la composici\u00f3n musical. Se trata de films cuyos modelos de composici\u00f3n son muy cercanos a los de la m\u00fasica, una especie de partituras donde los sonidos se anotan a trav\u00e9s de las im\u00e1genes, trabajando as\u00ed su [&hellip;]\" \/>\n<meta property=\"og:url\" content=\"https:\/\/freeimprobarcelona.com\/es\/calendar\/women-light-music-i-inauguracio-temporada-2023-de-xcentric\/\" \/>\n<meta property=\"og:site_name\" content=\"Free Impro Barcelona\" \/>\n<meta property=\"article:modified_time\" content=\"2023-01-13T10:15:27+00:00\" \/>\n<meta property=\"og:image\" content=\"https:\/\/freeimprobarcelona.com\/wp-content\/uploads\/2023\/01\/RhythmInLightMaryEllenBute.jpg\" \/>\n\t<meta property=\"og:image:width\" content=\"1000\" \/>\n\t<meta property=\"og:image:height\" content=\"560\" \/>\n\t<meta property=\"og:image:type\" content=\"image\/jpeg\" \/>\n<meta name=\"twitter:card\" content=\"summary_large_image\" \/>\n<meta name=\"twitter:label1\" content=\"Tiempo de lectura\" \/>\n\t<meta name=\"twitter:data1\" content=\"2 minutos\" \/>\n<script type=\"application\/ld+json\" class=\"yoast-schema-graph\">{\"@context\":\"https:\/\/schema.org\",\"@graph\":[{\"@type\":\"WebPage\",\"@id\":\"https:\/\/freeimprobarcelona.com\/es\/calendar\/women-light-music-i-inauguracio-temporada-2023-de-xcentric\/\",\"url\":\"https:\/\/freeimprobarcelona.com\/es\/calendar\/women-light-music-i-inauguracio-temporada-2023-de-xcentric\/\",\"name\":\"Women Light Music I Inauguraci\u00f3 Temporada 2023 de Xc\u00e8ntric - Free Impro Barcelona\",\"isPartOf\":{\"@id\":\"https:\/\/freeimprobarcelona.com\/es\/#website\"},\"datePublished\":\"2023-01-13T10:10:52+00:00\",\"dateModified\":\"2023-01-13T10:15:27+00:00\",\"breadcrumb\":{\"@id\":\"https:\/\/freeimprobarcelona.com\/es\/calendar\/women-light-music-i-inauguracio-temporada-2023-de-xcentric\/#breadcrumb\"},\"inLanguage\":\"es\",\"potentialAction\":[{\"@type\":\"ReadAction\",\"target\":[\"https:\/\/freeimprobarcelona.com\/es\/calendar\/women-light-music-i-inauguracio-temporada-2023-de-xcentric\/\"]}]},{\"@type\":\"BreadcrumbList\",\"@id\":\"https:\/\/freeimprobarcelona.com\/es\/calendar\/women-light-music-i-inauguracio-temporada-2023-de-xcentric\/#breadcrumb\",\"itemListElement\":[{\"@type\":\"ListItem\",\"position\":1,\"name\":\"Inicio\",\"item\":\"https:\/\/freeimprobarcelona.com\/es\/\"},{\"@type\":\"ListItem\",\"position\":2,\"name\":\"Eventos\",\"item\":\"https:\/\/freeimprobarcelona.com\/es\/calendar\/\"},{\"@type\":\"ListItem\",\"position\":3,\"name\":\"Women Light Music I Inauguraci\u00f3 Temporada 2023 de Xc\u00e8ntric\"}]},{\"@type\":\"WebSite\",\"@id\":\"https:\/\/freeimprobarcelona.com\/es\/#website\",\"url\":\"https:\/\/freeimprobarcelona.com\/es\/\",\"name\":\"Free Impro Barcelona\",\"description\":\"Free Impro Barcelona\",\"potentialAction\":[{\"@type\":\"SearchAction\",\"target\":{\"@type\":\"EntryPoint\",\"urlTemplate\":\"https:\/\/freeimprobarcelona.com\/es\/?s={search_term_string}\"},\"query-input\":\"required name=search_term_string\"}],\"inLanguage\":\"es\"}]}<\/script>\n<!-- \/ Yoast SEO plugin. -->","yoast_head_json":{"title":"Women Light Music I Inauguraci\u00f3 Temporada 2023 de Xc\u00e8ntric - Free Impro Barcelona","robots":{"index":"index","follow":"follow","max-snippet":"max-snippet:-1","max-image-preview":"max-image-preview:large","max-video-preview":"max-video-preview:-1"},"canonical":"https:\/\/freeimprobarcelona.com\/es\/calendar\/women-light-music-i-inauguracio-temporada-2023-de-xcentric\/","og_locale":"es_ES","og_type":"article","og_title":"Women Light Music I Inauguraci\u00f3 Temporada 2023 de Xc\u00e8ntric - Free Impro Barcelona","og_description":"La sesi\u00f3n inaugural de la temporada presenta un conjunto de pel\u00edculas para pensar la relaci\u00f3n entre las mujeres y la composici\u00f3n musical. Se trata de films cuyos modelos de composici\u00f3n son muy cercanos a los de la m\u00fasica, una especie de partituras donde los sonidos se anotan a trav\u00e9s de las im\u00e1genes, trabajando as\u00ed su [&hellip;]","og_url":"https:\/\/freeimprobarcelona.com\/es\/calendar\/women-light-music-i-inauguracio-temporada-2023-de-xcentric\/","og_site_name":"Free Impro Barcelona","article_modified_time":"2023-01-13T10:15:27+00:00","og_image":[{"width":1000,"height":560,"url":"https:\/\/freeimprobarcelona.com\/wp-content\/uploads\/2023\/01\/RhythmInLightMaryEllenBute.jpg","type":"image\/jpeg"}],"twitter_card":"summary_large_image","twitter_misc":{"Tiempo de lectura":"2 minutos"},"schema":{"@context":"https:\/\/schema.org","@graph":[{"@type":"WebPage","@id":"https:\/\/freeimprobarcelona.com\/es\/calendar\/women-light-music-i-inauguracio-temporada-2023-de-xcentric\/","url":"https:\/\/freeimprobarcelona.com\/es\/calendar\/women-light-music-i-inauguracio-temporada-2023-de-xcentric\/","name":"Women Light Music I Inauguraci\u00f3 Temporada 2023 de Xc\u00e8ntric - Free Impro Barcelona","isPartOf":{"@id":"https:\/\/freeimprobarcelona.com\/es\/#website"},"datePublished":"2023-01-13T10:10:52+00:00","dateModified":"2023-01-13T10:15:27+00:00","breadcrumb":{"@id":"https:\/\/freeimprobarcelona.com\/es\/calendar\/women-light-music-i-inauguracio-temporada-2023-de-xcentric\/#breadcrumb"},"inLanguage":"es","potentialAction":[{"@type":"ReadAction","target":["https:\/\/freeimprobarcelona.com\/es\/calendar\/women-light-music-i-inauguracio-temporada-2023-de-xcentric\/"]}]},{"@type":"BreadcrumbList","@id":"https:\/\/freeimprobarcelona.com\/es\/calendar\/women-light-music-i-inauguracio-temporada-2023-de-xcentric\/#breadcrumb","itemListElement":[{"@type":"ListItem","position":1,"name":"Inicio","item":"https:\/\/freeimprobarcelona.com\/es\/"},{"@type":"ListItem","position":2,"name":"Eventos","item":"https:\/\/freeimprobarcelona.com\/es\/calendar\/"},{"@type":"ListItem","position":3,"name":"Women Light Music I Inauguraci\u00f3 Temporada 2023 de Xc\u00e8ntric"}]},{"@type":"WebSite","@id":"https:\/\/freeimprobarcelona.com\/es\/#website","url":"https:\/\/freeimprobarcelona.com\/es\/","name":"Free Impro Barcelona","description":"Free Impro Barcelona","potentialAction":[{"@type":"SearchAction","target":{"@type":"EntryPoint","urlTemplate":"https:\/\/freeimprobarcelona.com\/es\/?s={search_term_string}"},"query-input":"required name=search_term_string"}],"inLanguage":"es"}]}},"_links":{"self":[{"href":"https:\/\/freeimprobarcelona.com\/es\/wp-json\/wp\/v2\/mec-events\/3173","targetHints":{"allow":["GET"]}}],"collection":[{"href":"https:\/\/freeimprobarcelona.com\/es\/wp-json\/wp\/v2\/mec-events"}],"about":[{"href":"https:\/\/freeimprobarcelona.com\/es\/wp-json\/wp\/v2\/types\/mec-events"}],"author":[{"embeddable":true,"href":"https:\/\/freeimprobarcelona.com\/es\/wp-json\/wp\/v2\/users\/2"}],"wp:featuredmedia":[{"embeddable":true,"href":"https:\/\/freeimprobarcelona.com\/es\/wp-json\/wp\/v2\/media\/3168"}],"wp:attachment":[{"href":"https:\/\/freeimprobarcelona.com\/es\/wp-json\/wp\/v2\/media?parent=3173"}],"wp:term":[{"taxonomy":"post_tag","embeddable":true,"href":"https:\/\/freeimprobarcelona.com\/es\/wp-json\/wp\/v2\/tags?post=3173"},{"taxonomy":"mec_category","embeddable":true,"href":"https:\/\/freeimprobarcelona.com\/es\/wp-json\/wp\/v2\/mec_category?post=3173"},{"taxonomy":"mec_speaker","embeddable":true,"href":"https:\/\/freeimprobarcelona.com\/es\/wp-json\/wp\/v2\/mec_speaker?post=3173"}],"curies":[{"name":"wp","href":"https:\/\/api.w.org\/{rel}","templated":true}]}}

Women Light Music I Inauguració Temporada 2023 de Xcèntric

<p>La sesión inaugural de la temporada presenta un conjunto de películas para pensar la relación entre las mujeres y la composición musical. Se trata de films cuyos modelos de composición son muy cercanos a los de la música, una especie de partituras donde los sonidos se anotan a través de las imágenes, trabajando así su sincronía, donde lo que se ve y lo que se oye es, muchas veces, materialmente lo mismo. Estas composiciones cinéticas de Eugènia Balcells, Mary Ellen Bute, Lis Rhodes y Blanca Rego nos sirven de pretexto para reivindicar la presencia de mujeres compositoras en la historia de la música.</p>
<p>Flight, Eugènia Balcells, España, 1984, U-matic a digital, 8&#8242; (Videopartitura en directo interpretada por Clara Lai)</p>
<p>Synchromy no. 4, Mary Ellen Bute y Ted Nemeth, Estados Unidos, 1937, 35 mm a digital, 4’</p>
<p>Synchromy no. 2, Mary Ellen Bute y Ted Nemeth, Estados Unidos, 1935, 35 mm a digital, 6’</p>
<p>Rhythm in Light, Mary Ellen Bute, Ted Nemeth y Melville Webber, Estados Unidos, 1934, 35 mm a 16 mm, 5&#8242;</p>
<p>Notes from Light Music, Lis Rhodes, Reino Unido, 1975, 16 mm a digital, 12’</p>
<p>Dresden Dynamo, Lis Rhodes, Reino Unido, 1971, 16 mm, 5’</p>
<p>Computer Music Studies, Blanca Rego y Mikel R. Nieto, España, 2015, digital, 39’ (fragmento de 8’)</p>
<p>Polka Graph, Mary Ellen Bute, Estados Unidos, 1947, 35 mm a 16 mm, 5’</p>
<p>Tarantela, Mary Ellen Bute, Norman McLaren y Ted Nemeth, Estados Unidos, 1940, 35 mm a 16 mm, 5’</p>
<p>RGB Colour Model, Blanca Rego, España, 2016, digital, 5&#8242;</p>
<p>Copia de Flight procedente de Hamaca. Copias de Synchromy no. 2, Synchromy no. 4 y Dresden Dynamo procedentes de Light Cone. Copias de Rhythm in Light, Polka Graph y Tarantela procedentes de Arsenal. Copia de Notes from Light Music procedente de Lux. Copias de Computer Music Studies y RGB Colour Model cortesía de Blanca Rego.</p>
<p>Participantes: Clara Lai</p>
<p>Directores/as: Eugènia Balcells, Blanca Rego, Mary Ellen Bute, Lis Rhodes, Norman McLaren, Ted Nemeth, Melville Webber</p>
<p>Esta actividad forma parte de Xcèntric 2023</p>
<div></div>

<p>La sesión inaugural de la temporada presenta un conjunto de películas para pensar la relación entre las mujeres y la composición musical. Se trata de films cuyos modelos de composición son muy cercanos a los de la música, una especie de partituras donde los sonidos se anotan a través de las imágenes, trabajando así su [&hellip;]</p>

<!-- This site is optimized with the Yoast SEO plugin v19.9 - https://yoast.com/wordpress/plugins/seo/ -->
<title>Women Light Music I Inauguració Temporada 2023 de Xcèntric - Free Impro Barcelona</title>
<meta name="robots" content="index, follow, max-snippet:-1, max-image-preview:large, max-video-preview:-1" />
<link rel="canonical" href="https://freeimprobarcelona.com/es/calendar/women-light-music-i-inauguracio-temporada-2023-de-xcentric/" />
<meta property="og:locale" content="es_ES" />
<meta property="og:type" content="article" />
<meta property="og:title" content="Women Light Music I Inauguració Temporada 2023 de Xcèntric - Free Impro Barcelona" />
<meta property="og:description" content="La sesión inaugural de la temporada presenta un conjunto de películas para pensar la relación entre las mujeres y la composición musical. Se trata de films cuyos modelos de composición son muy cercanos a los de la música, una especie de partituras donde los sonidos se anotan a través de las imágenes, trabajando así su [&hellip;]" />
<meta property="og:url" content="https://freeimprobarcelona.com/es/calendar/women-light-music-i-inauguracio-temporada-2023-de-xcentric/" />
<meta property="og:site_name" content="Free Impro Barcelona" />
<meta property="article:modified_time" content="2023-01-13T10:15:27+00:00" />
<meta property="og:image" content="https://freeimprobarcelona.com/wp-content/uploads/2023/01/RhythmInLightMaryEllenBute.jpg" />
	<meta property="og:image:width" content="1000" />
	<meta property="og:image:height" content="560" />
	<meta property="og:image:type" content="image/jpeg" />
<meta name="twitter:card" content="summary_large_image" />
<meta name="twitter:label1" content="Tiempo de lectura" />
	<meta name="twitter:data1" content="2 minutos" />
<script type="application/ld+json" class="yoast-schema-graph">{"@context":"https://schema.org","@graph":[{"@type":"WebPage","@id":"https://freeimprobarcelona.com/es/calendar/women-light-music-i-inauguracio-temporada-2023-de-xcentric/","url":"https://freeimprobarcelona.com/es/calendar/women-light-music-i-inauguracio-temporada-2023-de-xcentric/","name":"Women Light Music I Inauguració Temporada 2023 de Xcèntric - Free Impro Barcelona","isPartOf":{"@id":"https://freeimprobarcelona.com/es/#website"},"datePublished":"2023-01-13T10:10:52+00:00","dateModified":"2023-01-13T10:15:27+00:00","breadcrumb":{"@id":"https://freeimprobarcelona.com/es/calendar/women-light-music-i-inauguracio-temporada-2023-de-xcentric/#breadcrumb"},"inLanguage":"es","potentialAction":[{"@type":"ReadAction","target":["https://freeimprobarcelona.com/es/calendar/women-light-music-i-inauguracio-temporada-2023-de-xcentric/"]}]},{"@type":"BreadcrumbList","@id":"https://freeimprobarcelona.com/es/calendar/women-light-music-i-inauguracio-temporada-2023-de-xcentric/#breadcrumb","itemListElement":[{"@type":"ListItem","position":1,"name":"Inicio","item":"https://freeimprobarcelona.com/es/"},{"@type":"ListItem","position":2,"name":"Eventos","item":"https://freeimprobarcelona.com/es/calendar/"},{"@type":"ListItem","position":3,"name":"Women Light Music I Inauguració Temporada 2023 de Xcèntric"}]},{"@type":"WebSite","@id":"https://freeimprobarcelona.com/es/#website","url":"https://freeimprobarcelona.com/es/","name":"Free Impro Barcelona","description":"Free Impro Barcelona","potentialAction":[{"@type":"SearchAction","target":{"@type":"EntryPoint","urlTemplate":"https://freeimprobarcelona.com/es/?s={search_term_string}"},"query-input":"required name=search_term_string"}],"inLanguage":"es"}]}</script>
<!-- / Yoast SEO plugin. -->

Women Light Music I Inauguració Temporada 2023 de Xcèntric - Free Impro Barcelona

La sesión inaugural de la temporada presenta un conjunto de películas para pensar la relación entre las mujeres y la composición musical. Se trata de films cuyos modelos de composición son muy cercanos a los de la música, una especie de partituras donde los sonidos se anotan a través de las imágenes, trabajando así su [&hellip;]
