{"id":3137,"date":"2023-01-10T10:34:36","date_gmt":"2023-01-10T10:34:36","guid":{"rendered":"https:\/\/freeimprobarcelona.com\/calendar\/horiginal-2023-poesia-miriam-reyes-eloy-fernandez-porta-eloi-bon-noi\/"},"modified":"2023-01-10T10:38:26","modified_gmt":"2023-01-10T10:38:26","slug":"horiginal-2023-poesia-miriam-reyes-eloy-fernandez-porta-eloi-bon-noi","status":"publish","type":"mec-events","link":"https:\/\/freeimprobarcelona.com\/es\/calendar\/horiginal-2023-poesia-miriam-reyes-eloy-fernandez-porta-eloi-bon-noi\/","title":{"rendered":"Horiginal 2023 POESIA : Miriam Reyes, Eloy Fern\u00e1ndez Porta, Eloi Bon Noi"},"content":{"rendered":"<p>Rubia + el Horiginal un local de Barcelona vuelve a activar este a\u00f1o los mi\u00e9rcoles de poes\u00eda&#8230;..en el Horiginal y desde la copia&#8230;<\/p>\n<p>M\u00cdRIAM REYES +<br \/>\nELOY FERN\u00c1NDEZ PUERTA +<br \/>\nELOI BUEN CHICO<\/p>\n<p>\u2666\ufe0f\u2666\ufe0fPoes\u00eda esc\u00e9nica y live coding. O como dice la\u00a0<a href=\"http:\/\/@insta.miriamreyes\">@insta.miriamreyes<\/a>\u00a0&#8220;ser\u00e1 un di\u00e1logo sin di\u00e1logo, haremos esas cosas sonoras, esc\u00e9nicas, exc\u00e9ntricas, que nos pierden&#8221;. \u00a1Que comience el veintitr\u00e9s!\u2663\ufe0f\u2663\ufe0f<\/p>\n<p>\u00a1NO OS PUEDES PERDER ESTA TRAKA TAAAN FUERTE\u26a1\u26a1\u26a1\u26a1 OS ESPERAMOS!<\/p>\n<p>\ud83d\udca5Cartelaasssu con piedra y cuchillo de<br \/>\nFrancesc Gelonch [<a href=\"http:\/\/aka\u00a0@loguillaire\">aka\u00a0@loguillaire<\/a>]<br \/>\n____________________________<br \/>\n<a href=\"#poes\u00edabarcelona\u00a0#poes\u00edacatalana\u00a0#horiginalhorinal\u00a0#horiginal\u00a0#mi\u00e9rcolesdepoes\u00eda\u00a0#mi\u00e9rcolesorinal\u00a0#larubia\u00a0#ilamorena\">#poes\u00edabarcelona\u00a0#poes\u00edacatalana\u00a0#horiginalhorinal\u00a0#horiginal\u00a0#mi\u00e9rcolesdepoes\u00eda\u00a0#mi\u00e9rcolesorinal\u00a0#larubia\u00a0#ilamorena<\/a><\/p>\n","protected":false},"excerpt":{"rendered":"<p>Rubia + el Horiginal un local de Barcelona vuelve a activar este a\u00f1o los mi\u00e9rcoles de poes\u00eda&#8230;..en el Horiginal y desde la copia&#8230; M\u00cdRIAM REYES + ELOY FERN\u00c1NDEZ PUERTA + ELOI BUEN CHICO \u2666\ufe0f\u2666\ufe0fPoes\u00eda esc\u00e9nica y live coding. O como dice la\u00a0@insta.miriamreyes\u00a0&#8220;ser\u00e1 un di\u00e1logo sin di\u00e1logo, haremos esas cosas sonoras, esc\u00e9nicas, exc\u00e9ntricas, que nos pierden&#8221;. [&hellip;]<\/p>\n","protected":false},"author":2,"featured_media":3131,"template":"","meta":{"_et_pb_use_builder":"","_et_pb_old_content":"","_et_gb_content_width":""},"tags":[],"mec_category":[1837],"mec_speaker":[1768,1840,1095],"class_list":["post-3137","mec-events","type-mec-events","status-publish","has-post-thumbnail","hentry","mec_category-horiginal-es"],"yoast_head":"<!-- This site is optimized with the Yoast SEO plugin v19.9 - https:\/\/yoast.com\/wordpress\/plugins\/seo\/ -->\n<title>Horiginal 2023 POESIA : Miriam Reyes, Eloy Fern\u00e1ndez Porta, Eloi Bon Noi - Free Impro Barcelona<\/title>\n<meta name=\"robots\" content=\"index, follow, max-snippet:-1, max-image-preview:large, max-video-preview:-1\" \/>\n<link rel=\"canonical\" href=\"https:\/\/freeimprobarcelona.com\/es\/calendar\/horiginal-2023-poesia-miriam-reyes-eloy-fernandez-porta-eloi-bon-noi\/\" \/>\n<meta property=\"og:locale\" content=\"es_ES\" \/>\n<meta property=\"og:type\" content=\"article\" \/>\n<meta property=\"og:title\" content=\"Horiginal 2023 POESIA : Miriam Reyes, Eloy Fern\u00e1ndez Porta, Eloi Bon Noi - Free Impro Barcelona\" \/>\n<meta property=\"og:description\" content=\"Rubia + el Horiginal un local de Barcelona vuelve a activar este a\u00f1o los mi\u00e9rcoles de poes\u00eda&#8230;..en el Horiginal y desde la copia&#8230; M\u00cdRIAM REYES + ELOY FERN\u00c1NDEZ PUERTA + ELOI BUEN CHICO \u2666\ufe0f\u2666\ufe0fPoes\u00eda esc\u00e9nica y live coding. O como dice la\u00a0@insta.miriamreyes\u00a0&#8220;ser\u00e1 un di\u00e1logo sin di\u00e1logo, haremos esas cosas sonoras, esc\u00e9nicas, exc\u00e9ntricas, que nos pierden&#8221;. [&hellip;]\" \/>\n<meta property=\"og:url\" content=\"https:\/\/freeimprobarcelona.com\/es\/calendar\/horiginal-2023-poesia-miriam-reyes-eloy-fernandez-porta-eloi-bon-noi\/\" \/>\n<meta property=\"og:site_name\" content=\"Free Impro Barcelona\" \/>\n<meta property=\"article:modified_time\" content=\"2023-01-10T10:38:26+00:00\" \/>\n<meta property=\"og:image\" content=\"https:\/\/freeimprobarcelona.com\/wp-content\/uploads\/2023\/01\/324841472_847847369839865_906290697917764286_n.jpg\" \/>\n\t<meta property=\"og:image:width\" content=\"960\" \/>\n\t<meta property=\"og:image:height\" content=\"960\" \/>\n\t<meta property=\"og:image:type\" content=\"image\/jpeg\" \/>\n<meta name=\"twitter:card\" content=\"summary_large_image\" \/>\n<meta name=\"twitter:label1\" content=\"Tiempo de lectura\" \/>\n\t<meta name=\"twitter:data1\" content=\"1 minuto\" \/>\n<script type=\"application\/ld+json\" class=\"yoast-schema-graph\">{\"@context\":\"https:\/\/schema.org\",\"@graph\":[{\"@type\":\"WebPage\",\"@id\":\"https:\/\/freeimprobarcelona.com\/es\/calendar\/horiginal-2023-poesia-miriam-reyes-eloy-fernandez-porta-eloi-bon-noi\/\",\"url\":\"https:\/\/freeimprobarcelona.com\/es\/calendar\/horiginal-2023-poesia-miriam-reyes-eloy-fernandez-porta-eloi-bon-noi\/\",\"name\":\"Horiginal 2023 POESIA : Miriam Reyes, Eloy Fern\u00e1ndez Porta, Eloi Bon Noi - Free Impro Barcelona\",\"isPartOf\":{\"@id\":\"https:\/\/freeimprobarcelona.com\/es\/#website\"},\"datePublished\":\"2023-01-10T10:34:36+00:00\",\"dateModified\":\"2023-01-10T10:38:26+00:00\",\"breadcrumb\":{\"@id\":\"https:\/\/freeimprobarcelona.com\/es\/calendar\/horiginal-2023-poesia-miriam-reyes-eloy-fernandez-porta-eloi-bon-noi\/#breadcrumb\"},\"inLanguage\":\"es\",\"potentialAction\":[{\"@type\":\"ReadAction\",\"target\":[\"https:\/\/freeimprobarcelona.com\/es\/calendar\/horiginal-2023-poesia-miriam-reyes-eloy-fernandez-porta-eloi-bon-noi\/\"]}]},{\"@type\":\"BreadcrumbList\",\"@id\":\"https:\/\/freeimprobarcelona.com\/es\/calendar\/horiginal-2023-poesia-miriam-reyes-eloy-fernandez-porta-eloi-bon-noi\/#breadcrumb\",\"itemListElement\":[{\"@type\":\"ListItem\",\"position\":1,\"name\":\"Inicio\",\"item\":\"https:\/\/freeimprobarcelona.com\/es\/\"},{\"@type\":\"ListItem\",\"position\":2,\"name\":\"Eventos\",\"item\":\"https:\/\/freeimprobarcelona.com\/es\/calendar\/\"},{\"@type\":\"ListItem\",\"position\":3,\"name\":\"Horiginal 2023 POESIA : Miriam Reyes, Eloy Fern\u00e1ndez Porta, Eloi Bon Noi\"}]},{\"@type\":\"WebSite\",\"@id\":\"https:\/\/freeimprobarcelona.com\/es\/#website\",\"url\":\"https:\/\/freeimprobarcelona.com\/es\/\",\"name\":\"Free Impro Barcelona\",\"description\":\"Free Impro Barcelona\",\"potentialAction\":[{\"@type\":\"SearchAction\",\"target\":{\"@type\":\"EntryPoint\",\"urlTemplate\":\"https:\/\/freeimprobarcelona.com\/es\/?s={search_term_string}\"},\"query-input\":\"required name=search_term_string\"}],\"inLanguage\":\"es\"}]}<\/script>\n<!-- \/ Yoast SEO plugin. -->","yoast_head_json":{"title":"Horiginal 2023 POESIA : Miriam Reyes, Eloy Fern\u00e1ndez Porta, Eloi Bon Noi - Free Impro Barcelona","robots":{"index":"index","follow":"follow","max-snippet":"max-snippet:-1","max-image-preview":"max-image-preview:large","max-video-preview":"max-video-preview:-1"},"canonical":"https:\/\/freeimprobarcelona.com\/es\/calendar\/horiginal-2023-poesia-miriam-reyes-eloy-fernandez-porta-eloi-bon-noi\/","og_locale":"es_ES","og_type":"article","og_title":"Horiginal 2023 POESIA : Miriam Reyes, Eloy Fern\u00e1ndez Porta, Eloi Bon Noi - Free Impro Barcelona","og_description":"Rubia + el Horiginal un local de Barcelona vuelve a activar este a\u00f1o los mi\u00e9rcoles de poes\u00eda&#8230;..en el Horiginal y desde la copia&#8230; M\u00cdRIAM REYES + ELOY FERN\u00c1NDEZ PUERTA + ELOI BUEN CHICO \u2666\ufe0f\u2666\ufe0fPoes\u00eda esc\u00e9nica y live coding. O como dice la\u00a0@insta.miriamreyes\u00a0&#8220;ser\u00e1 un di\u00e1logo sin di\u00e1logo, haremos esas cosas sonoras, esc\u00e9nicas, exc\u00e9ntricas, que nos pierden&#8221;. [&hellip;]","og_url":"https:\/\/freeimprobarcelona.com\/es\/calendar\/horiginal-2023-poesia-miriam-reyes-eloy-fernandez-porta-eloi-bon-noi\/","og_site_name":"Free Impro Barcelona","article_modified_time":"2023-01-10T10:38:26+00:00","og_image":[{"width":960,"height":960,"url":"https:\/\/freeimprobarcelona.com\/wp-content\/uploads\/2023\/01\/324841472_847847369839865_906290697917764286_n.jpg","type":"image\/jpeg"}],"twitter_card":"summary_large_image","twitter_misc":{"Tiempo de lectura":"1 minuto"},"schema":{"@context":"https:\/\/schema.org","@graph":[{"@type":"WebPage","@id":"https:\/\/freeimprobarcelona.com\/es\/calendar\/horiginal-2023-poesia-miriam-reyes-eloy-fernandez-porta-eloi-bon-noi\/","url":"https:\/\/freeimprobarcelona.com\/es\/calendar\/horiginal-2023-poesia-miriam-reyes-eloy-fernandez-porta-eloi-bon-noi\/","name":"Horiginal 2023 POESIA : Miriam Reyes, Eloy Fern\u00e1ndez Porta, Eloi Bon Noi - Free Impro Barcelona","isPartOf":{"@id":"https:\/\/freeimprobarcelona.com\/es\/#website"},"datePublished":"2023-01-10T10:34:36+00:00","dateModified":"2023-01-10T10:38:26+00:00","breadcrumb":{"@id":"https:\/\/freeimprobarcelona.com\/es\/calendar\/horiginal-2023-poesia-miriam-reyes-eloy-fernandez-porta-eloi-bon-noi\/#breadcrumb"},"inLanguage":"es","potentialAction":[{"@type":"ReadAction","target":["https:\/\/freeimprobarcelona.com\/es\/calendar\/horiginal-2023-poesia-miriam-reyes-eloy-fernandez-porta-eloi-bon-noi\/"]}]},{"@type":"BreadcrumbList","@id":"https:\/\/freeimprobarcelona.com\/es\/calendar\/horiginal-2023-poesia-miriam-reyes-eloy-fernandez-porta-eloi-bon-noi\/#breadcrumb","itemListElement":[{"@type":"ListItem","position":1,"name":"Inicio","item":"https:\/\/freeimprobarcelona.com\/es\/"},{"@type":"ListItem","position":2,"name":"Eventos","item":"https:\/\/freeimprobarcelona.com\/es\/calendar\/"},{"@type":"ListItem","position":3,"name":"Horiginal 2023 POESIA : Miriam Reyes, Eloy Fern\u00e1ndez Porta, Eloi Bon Noi"}]},{"@type":"WebSite","@id":"https:\/\/freeimprobarcelona.com\/es\/#website","url":"https:\/\/freeimprobarcelona.com\/es\/","name":"Free Impro Barcelona","description":"Free Impro Barcelona","potentialAction":[{"@type":"SearchAction","target":{"@type":"EntryPoint","urlTemplate":"https:\/\/freeimprobarcelona.com\/es\/?s={search_term_string}"},"query-input":"required name=search_term_string"}],"inLanguage":"es"}]}},"_links":{"self":[{"href":"https:\/\/freeimprobarcelona.com\/es\/wp-json\/wp\/v2\/mec-events\/3137","targetHints":{"allow":["GET"]}}],"collection":[{"href":"https:\/\/freeimprobarcelona.com\/es\/wp-json\/wp\/v2\/mec-events"}],"about":[{"href":"https:\/\/freeimprobarcelona.com\/es\/wp-json\/wp\/v2\/types\/mec-events"}],"author":[{"embeddable":true,"href":"https:\/\/freeimprobarcelona.com\/es\/wp-json\/wp\/v2\/users\/2"}],"wp:featuredmedia":[{"embeddable":true,"href":"https:\/\/freeimprobarcelona.com\/es\/wp-json\/wp\/v2\/media\/3131"}],"wp:attachment":[{"href":"https:\/\/freeimprobarcelona.com\/es\/wp-json\/wp\/v2\/media?parent=3137"}],"wp:term":[{"taxonomy":"post_tag","embeddable":true,"href":"https:\/\/freeimprobarcelona.com\/es\/wp-json\/wp\/v2\/tags?post=3137"},{"taxonomy":"mec_category","embeddable":true,"href":"https:\/\/freeimprobarcelona.com\/es\/wp-json\/wp\/v2\/mec_category?post=3137"},{"taxonomy":"mec_speaker","embeddable":true,"href":"https:\/\/freeimprobarcelona.com\/es\/wp-json\/wp\/v2\/mec_speaker?post=3137"}],"curies":[{"name":"wp","href":"https:\/\/api.w.org\/{rel}","templated":true}]}}

Horiginal 2023 POESIA : Miriam Reyes, Eloy Fernández Porta, Eloi Bon Noi

<p>Rubia + el Horiginal un local de Barcelona vuelve a activar este año los miércoles de poesía&#8230;..en el Horiginal y desde la copia&#8230;</p>
<p>MÍRIAM REYES +<br />
ELOY FERNÁNDEZ PUERTA +<br />
ELOI BUEN CHICO</p>
<p>♦️♦️Poesía escénica y live coding. O como dice la <a href="http://@insta.miriamreyes">@insta.miriamreyes</a> &#8220;será un diálogo sin diálogo, haremos esas cosas sonoras, escénicas, excéntricas, que nos pierden&#8221;. ¡Que comience el veintitrés!♣️♣️</p>
<p>¡NO OS PUEDES PERDER ESTA TRAKA TAAAN FUERTE⚡⚡⚡⚡ OS ESPERAMOS!</p>
<p>💥Cartelaasssu con piedra y cuchillo de<br />
Francesc Gelonch [<a href="http://aka @loguillaire">aka @loguillaire</a>]<br />
____________________________<br />
<a href="#poesíabarcelona #poesíacatalana #horiginalhorinal #horiginal #miércolesdepoesía #miércolesorinal #larubia #ilamorena">#poesíabarcelona #poesíacatalana #horiginalhorinal #horiginal #miércolesdepoesía #miércolesorinal #larubia #ilamorena</a></p>

<p>Rubia + el Horiginal un local de Barcelona vuelve a activar este año los miércoles de poesía&#8230;..en el Horiginal y desde la copia&#8230; MÍRIAM REYES + ELOY FERNÁNDEZ PUERTA + ELOI BUEN CHICO ♦️♦️Poesía escénica y live coding. O como dice la @insta.miriamreyes &#8220;será un diálogo sin diálogo, haremos esas cosas sonoras, escénicas, excéntricas, que nos pierden&#8221;. [&hellip;]</p>

<!-- This site is optimized with the Yoast SEO plugin v19.9 - https://yoast.com/wordpress/plugins/seo/ -->
<title>Horiginal 2023 POESIA : Miriam Reyes, Eloy Fernández Porta, Eloi Bon Noi - Free Impro Barcelona</title>
<meta name="robots" content="index, follow, max-snippet:-1, max-image-preview:large, max-video-preview:-1" />
<link rel="canonical" href="https://freeimprobarcelona.com/es/calendar/horiginal-2023-poesia-miriam-reyes-eloy-fernandez-porta-eloi-bon-noi/" />
<meta property="og:locale" content="es_ES" />
<meta property="og:type" content="article" />
<meta property="og:title" content="Horiginal 2023 POESIA : Miriam Reyes, Eloy Fernández Porta, Eloi Bon Noi - Free Impro Barcelona" />
<meta property="og:description" content="Rubia + el Horiginal un local de Barcelona vuelve a activar este año los miércoles de poesía&#8230;..en el Horiginal y desde la copia&#8230; MÍRIAM REYES + ELOY FERNÁNDEZ PUERTA + ELOI BUEN CHICO ♦️♦️Poesía escénica y live coding. O como dice la @insta.miriamreyes &#8220;será un diálogo sin diálogo, haremos esas cosas sonoras, escénicas, excéntricas, que nos pierden&#8221;. [&hellip;]" />
<meta property="og:url" content="https://freeimprobarcelona.com/es/calendar/horiginal-2023-poesia-miriam-reyes-eloy-fernandez-porta-eloi-bon-noi/" />
<meta property="og:site_name" content="Free Impro Barcelona" />
<meta property="article:modified_time" content="2023-01-10T10:38:26+00:00" />
<meta property="og:image" content="https://freeimprobarcelona.com/wp-content/uploads/2023/01/324841472_847847369839865_906290697917764286_n.jpg" />
	<meta property="og:image:width" content="960" />
	<meta property="og:image:height" content="960" />
	<meta property="og:image:type" content="image/jpeg" />
<meta name="twitter:card" content="summary_large_image" />
<meta name="twitter:label1" content="Tiempo de lectura" />
	<meta name="twitter:data1" content="1 minuto" />
<script type="application/ld+json" class="yoast-schema-graph">{"@context":"https://schema.org","@graph":[{"@type":"WebPage","@id":"https://freeimprobarcelona.com/es/calendar/horiginal-2023-poesia-miriam-reyes-eloy-fernandez-porta-eloi-bon-noi/","url":"https://freeimprobarcelona.com/es/calendar/horiginal-2023-poesia-miriam-reyes-eloy-fernandez-porta-eloi-bon-noi/","name":"Horiginal 2023 POESIA : Miriam Reyes, Eloy Fernández Porta, Eloi Bon Noi - Free Impro Barcelona","isPartOf":{"@id":"https://freeimprobarcelona.com/es/#website"},"datePublished":"2023-01-10T10:34:36+00:00","dateModified":"2023-01-10T10:38:26+00:00","breadcrumb":{"@id":"https://freeimprobarcelona.com/es/calendar/horiginal-2023-poesia-miriam-reyes-eloy-fernandez-porta-eloi-bon-noi/#breadcrumb"},"inLanguage":"es","potentialAction":[{"@type":"ReadAction","target":["https://freeimprobarcelona.com/es/calendar/horiginal-2023-poesia-miriam-reyes-eloy-fernandez-porta-eloi-bon-noi/"]}]},{"@type":"BreadcrumbList","@id":"https://freeimprobarcelona.com/es/calendar/horiginal-2023-poesia-miriam-reyes-eloy-fernandez-porta-eloi-bon-noi/#breadcrumb","itemListElement":[{"@type":"ListItem","position":1,"name":"Inicio","item":"https://freeimprobarcelona.com/es/"},{"@type":"ListItem","position":2,"name":"Eventos","item":"https://freeimprobarcelona.com/es/calendar/"},{"@type":"ListItem","position":3,"name":"Horiginal 2023 POESIA : Miriam Reyes, Eloy Fernández Porta, Eloi Bon Noi"}]},{"@type":"WebSite","@id":"https://freeimprobarcelona.com/es/#website","url":"https://freeimprobarcelona.com/es/","name":"Free Impro Barcelona","description":"Free Impro Barcelona","potentialAction":[{"@type":"SearchAction","target":{"@type":"EntryPoint","urlTemplate":"https://freeimprobarcelona.com/es/?s={search_term_string}"},"query-input":"required name=search_term_string"}],"inLanguage":"es"}]}</script>
<!-- / Yoast SEO plugin. -->

Horiginal 2023 POESIA : Miriam Reyes, Eloy Fernández Porta, Eloi Bon Noi - Free Impro Barcelona

Rubia + el Horiginal un local de Barcelona vuelve a activar este año los miércoles de poesía&#8230;..en el Horiginal y desde la copia&#8230; MÍRIAM REYES + ELOY FERNÁNDEZ PUERTA + ELOI BUEN CHICO ♦️♦️Poesía escénica y live coding. O como dice la @insta.miriamreyes &#8220;será un diálogo sin diálogo, haremos esas cosas sonoras, escénicas, excéntricas, que nos pierden&#8221;. [&hellip;]
