{"id":3098,"date":"2023-01-04T12:30:49","date_gmt":"2023-01-04T12:30:49","guid":{"rendered":"https:\/\/freeimprobarcelona.com\/calendar\/cicle-cuir-musiques-inclassificables-vasco-trilla\/"},"modified":"2023-01-04T12:33:08","modified_gmt":"2023-01-04T12:33:08","slug":"cicle-cuir-musiques-inclassificables-vasco-trilla","status":"publish","type":"mec-events","link":"https:\/\/freeimprobarcelona.com\/es\/calendar\/cicle-cuir-musiques-inclassificables-vasco-trilla\/","title":{"rendered":"Cicle CUIR &#8211; M\u00fasiques Inclassificables &#8211; VASCO TRILLA"},"content":{"rendered":"<p>Un nuevo ciclo nace en Igualada ciclo CUERO : M\u00fasiqes Inclassificables. Ciclo mensual de Enero a Mayo en la Adoberia C\/ del Rec 15, Igualada. Con una clara intenci\u00f3n de descentralizar la oferta cultural, el ciclo ofrece propuestas de calidad en una localizaci\u00f3n hist\u00f3rica en la ciudad de Igualada.<\/p>\n","protected":false},"excerpt":{"rendered":"<p>Un nuevo ciclo nace en Igualada ciclo CUERO : M\u00fasiqes Inclassificables. Ciclo mensual de Enero a Mayo en la Adoberia C\/ del Rec 15, Igualada. Con una clara intenci\u00f3n de descentralizar la oferta cultural, el ciclo ofrece propuestas de calidad en una localizaci\u00f3n hist\u00f3rica en la ciudad de Igualada.<\/p>\n","protected":false},"author":2,"featured_media":3096,"template":"","meta":{"_et_pb_use_builder":"","_et_pb_old_content":"","_et_gb_content_width":""},"tags":[],"mec_category":[1803],"mec_speaker":[660],"class_list":["post-3098","mec-events","type-mec-events","status-publish","has-post-thumbnail","hentry","mec_category-cicle-cuir-es"],"yoast_head":"<!-- This site is optimized with the Yoast SEO plugin v19.9 - https:\/\/yoast.com\/wordpress\/plugins\/seo\/ -->\n<title>Cicle CUIR - M\u00fasiques Inclassificables - VASCO TRILLA - Free Impro Barcelona<\/title>\n<meta name=\"robots\" content=\"index, follow, max-snippet:-1, max-image-preview:large, max-video-preview:-1\" \/>\n<link rel=\"canonical\" href=\"https:\/\/freeimprobarcelona.com\/es\/calendar\/cicle-cuir-musiques-inclassificables-vasco-trilla\/\" \/>\n<meta property=\"og:locale\" content=\"es_ES\" \/>\n<meta property=\"og:type\" content=\"article\" \/>\n<meta property=\"og:title\" content=\"Cicle CUIR - M\u00fasiques Inclassificables - VASCO TRILLA - Free Impro Barcelona\" \/>\n<meta property=\"og:description\" content=\"Un nuevo ciclo nace en Igualada ciclo CUERO : M\u00fasiqes Inclassificables. Ciclo mensual de Enero a Mayo en la Adoberia C\/ del Rec 15, Igualada. Con una clara intenci\u00f3n de descentralizar la oferta cultural, el ciclo ofrece propuestas de calidad en una localizaci\u00f3n hist\u00f3rica en la ciudad de Igualada.\" \/>\n<meta property=\"og:url\" content=\"https:\/\/freeimprobarcelona.com\/es\/calendar\/cicle-cuir-musiques-inclassificables-vasco-trilla\/\" \/>\n<meta property=\"og:site_name\" content=\"Free Impro Barcelona\" \/>\n<meta property=\"article:modified_time\" content=\"2023-01-04T12:33:08+00:00\" \/>\n<meta property=\"og:image\" content=\"https:\/\/freeimprobarcelona.com\/wp-content\/uploads\/2023\/01\/Captura-163.png\" \/>\n\t<meta property=\"og:image:width\" content=\"928\" \/>\n\t<meta property=\"og:image:height\" content=\"932\" \/>\n\t<meta property=\"og:image:type\" content=\"image\/png\" \/>\n<meta name=\"twitter:card\" content=\"summary_large_image\" \/>\n<script type=\"application\/ld+json\" class=\"yoast-schema-graph\">{\"@context\":\"https:\/\/schema.org\",\"@graph\":[{\"@type\":\"WebPage\",\"@id\":\"https:\/\/freeimprobarcelona.com\/es\/calendar\/cicle-cuir-musiques-inclassificables-vasco-trilla\/\",\"url\":\"https:\/\/freeimprobarcelona.com\/es\/calendar\/cicle-cuir-musiques-inclassificables-vasco-trilla\/\",\"name\":\"Cicle CUIR - M\u00fasiques Inclassificables - VASCO TRILLA - Free Impro Barcelona\",\"isPartOf\":{\"@id\":\"https:\/\/freeimprobarcelona.com\/es\/#website\"},\"datePublished\":\"2023-01-04T12:30:49+00:00\",\"dateModified\":\"2023-01-04T12:33:08+00:00\",\"breadcrumb\":{\"@id\":\"https:\/\/freeimprobarcelona.com\/es\/calendar\/cicle-cuir-musiques-inclassificables-vasco-trilla\/#breadcrumb\"},\"inLanguage\":\"es\",\"potentialAction\":[{\"@type\":\"ReadAction\",\"target\":[\"https:\/\/freeimprobarcelona.com\/es\/calendar\/cicle-cuir-musiques-inclassificables-vasco-trilla\/\"]}]},{\"@type\":\"BreadcrumbList\",\"@id\":\"https:\/\/freeimprobarcelona.com\/es\/calendar\/cicle-cuir-musiques-inclassificables-vasco-trilla\/#breadcrumb\",\"itemListElement\":[{\"@type\":\"ListItem\",\"position\":1,\"name\":\"Inicio\",\"item\":\"https:\/\/freeimprobarcelona.com\/es\/\"},{\"@type\":\"ListItem\",\"position\":2,\"name\":\"Eventos\",\"item\":\"https:\/\/freeimprobarcelona.com\/es\/calendar\/\"},{\"@type\":\"ListItem\",\"position\":3,\"name\":\"Cicle CUIR &#8211; M\u00fasiques Inclassificables &#8211; VASCO TRILLA\"}]},{\"@type\":\"WebSite\",\"@id\":\"https:\/\/freeimprobarcelona.com\/es\/#website\",\"url\":\"https:\/\/freeimprobarcelona.com\/es\/\",\"name\":\"Free Impro Barcelona\",\"description\":\"Free Impro Barcelona\",\"potentialAction\":[{\"@type\":\"SearchAction\",\"target\":{\"@type\":\"EntryPoint\",\"urlTemplate\":\"https:\/\/freeimprobarcelona.com\/es\/?s={search_term_string}\"},\"query-input\":\"required name=search_term_string\"}],\"inLanguage\":\"es\"}]}<\/script>\n<!-- \/ Yoast SEO plugin. -->","yoast_head_json":{"title":"Cicle CUIR - M\u00fasiques Inclassificables - VASCO TRILLA - Free Impro Barcelona","robots":{"index":"index","follow":"follow","max-snippet":"max-snippet:-1","max-image-preview":"max-image-preview:large","max-video-preview":"max-video-preview:-1"},"canonical":"https:\/\/freeimprobarcelona.com\/es\/calendar\/cicle-cuir-musiques-inclassificables-vasco-trilla\/","og_locale":"es_ES","og_type":"article","og_title":"Cicle CUIR - M\u00fasiques Inclassificables - VASCO TRILLA - Free Impro Barcelona","og_description":"Un nuevo ciclo nace en Igualada ciclo CUERO : M\u00fasiqes Inclassificables. Ciclo mensual de Enero a Mayo en la Adoberia C\/ del Rec 15, Igualada. Con una clara intenci\u00f3n de descentralizar la oferta cultural, el ciclo ofrece propuestas de calidad en una localizaci\u00f3n hist\u00f3rica en la ciudad de Igualada.","og_url":"https:\/\/freeimprobarcelona.com\/es\/calendar\/cicle-cuir-musiques-inclassificables-vasco-trilla\/","og_site_name":"Free Impro Barcelona","article_modified_time":"2023-01-04T12:33:08+00:00","og_image":[{"width":928,"height":932,"url":"https:\/\/freeimprobarcelona.com\/wp-content\/uploads\/2023\/01\/Captura-163.png","type":"image\/png"}],"twitter_card":"summary_large_image","schema":{"@context":"https:\/\/schema.org","@graph":[{"@type":"WebPage","@id":"https:\/\/freeimprobarcelona.com\/es\/calendar\/cicle-cuir-musiques-inclassificables-vasco-trilla\/","url":"https:\/\/freeimprobarcelona.com\/es\/calendar\/cicle-cuir-musiques-inclassificables-vasco-trilla\/","name":"Cicle CUIR - M\u00fasiques Inclassificables - VASCO TRILLA - Free Impro Barcelona","isPartOf":{"@id":"https:\/\/freeimprobarcelona.com\/es\/#website"},"datePublished":"2023-01-04T12:30:49+00:00","dateModified":"2023-01-04T12:33:08+00:00","breadcrumb":{"@id":"https:\/\/freeimprobarcelona.com\/es\/calendar\/cicle-cuir-musiques-inclassificables-vasco-trilla\/#breadcrumb"},"inLanguage":"es","potentialAction":[{"@type":"ReadAction","target":["https:\/\/freeimprobarcelona.com\/es\/calendar\/cicle-cuir-musiques-inclassificables-vasco-trilla\/"]}]},{"@type":"BreadcrumbList","@id":"https:\/\/freeimprobarcelona.com\/es\/calendar\/cicle-cuir-musiques-inclassificables-vasco-trilla\/#breadcrumb","itemListElement":[{"@type":"ListItem","position":1,"name":"Inicio","item":"https:\/\/freeimprobarcelona.com\/es\/"},{"@type":"ListItem","position":2,"name":"Eventos","item":"https:\/\/freeimprobarcelona.com\/es\/calendar\/"},{"@type":"ListItem","position":3,"name":"Cicle CUIR &#8211; M\u00fasiques Inclassificables &#8211; VASCO TRILLA"}]},{"@type":"WebSite","@id":"https:\/\/freeimprobarcelona.com\/es\/#website","url":"https:\/\/freeimprobarcelona.com\/es\/","name":"Free Impro Barcelona","description":"Free Impro Barcelona","potentialAction":[{"@type":"SearchAction","target":{"@type":"EntryPoint","urlTemplate":"https:\/\/freeimprobarcelona.com\/es\/?s={search_term_string}"},"query-input":"required name=search_term_string"}],"inLanguage":"es"}]}},"_links":{"self":[{"href":"https:\/\/freeimprobarcelona.com\/es\/wp-json\/wp\/v2\/mec-events\/3098","targetHints":{"allow":["GET"]}}],"collection":[{"href":"https:\/\/freeimprobarcelona.com\/es\/wp-json\/wp\/v2\/mec-events"}],"about":[{"href":"https:\/\/freeimprobarcelona.com\/es\/wp-json\/wp\/v2\/types\/mec-events"}],"author":[{"embeddable":true,"href":"https:\/\/freeimprobarcelona.com\/es\/wp-json\/wp\/v2\/users\/2"}],"wp:featuredmedia":[{"embeddable":true,"href":"https:\/\/freeimprobarcelona.com\/es\/wp-json\/wp\/v2\/media\/3096"}],"wp:attachment":[{"href":"https:\/\/freeimprobarcelona.com\/es\/wp-json\/wp\/v2\/media?parent=3098"}],"wp:term":[{"taxonomy":"post_tag","embeddable":true,"href":"https:\/\/freeimprobarcelona.com\/es\/wp-json\/wp\/v2\/tags?post=3098"},{"taxonomy":"mec_category","embeddable":true,"href":"https:\/\/freeimprobarcelona.com\/es\/wp-json\/wp\/v2\/mec_category?post=3098"},{"taxonomy":"mec_speaker","embeddable":true,"href":"https:\/\/freeimprobarcelona.com\/es\/wp-json\/wp\/v2\/mec_speaker?post=3098"}],"curies":[{"name":"wp","href":"https:\/\/api.w.org\/{rel}","templated":true}]}}

Cicle CUIR &#8211; Músiques Inclassificables &#8211; VASCO TRILLA

<p>Un nuevo ciclo nace en Igualada ciclo CUERO : Músiqes Inclassificables. Ciclo mensual de Enero a Mayo en la Adoberia C/ del Rec 15, Igualada. Con una clara intención de descentralizar la oferta cultural, el ciclo ofrece propuestas de calidad en una localización histórica en la ciudad de Igualada.</p>

<!-- This site is optimized with the Yoast SEO plugin v19.9 - https://yoast.com/wordpress/plugins/seo/ -->
<title>Cicle CUIR - Músiques Inclassificables - VASCO TRILLA - Free Impro Barcelona</title>
<meta name="robots" content="index, follow, max-snippet:-1, max-image-preview:large, max-video-preview:-1" />
<link rel="canonical" href="https://freeimprobarcelona.com/es/calendar/cicle-cuir-musiques-inclassificables-vasco-trilla/" />
<meta property="og:locale" content="es_ES" />
<meta property="og:type" content="article" />
<meta property="og:title" content="Cicle CUIR - Músiques Inclassificables - VASCO TRILLA - Free Impro Barcelona" />
<meta property="og:description" content="Un nuevo ciclo nace en Igualada ciclo CUERO : Músiqes Inclassificables. Ciclo mensual de Enero a Mayo en la Adoberia C/ del Rec 15, Igualada. Con una clara intención de descentralizar la oferta cultural, el ciclo ofrece propuestas de calidad en una localización histórica en la ciudad de Igualada." />
<meta property="og:url" content="https://freeimprobarcelona.com/es/calendar/cicle-cuir-musiques-inclassificables-vasco-trilla/" />
<meta property="og:site_name" content="Free Impro Barcelona" />
<meta property="article:modified_time" content="2023-01-04T12:33:08+00:00" />
<meta property="og:image" content="https://freeimprobarcelona.com/wp-content/uploads/2023/01/Captura-163.png" />
	<meta property="og:image:width" content="928" />
	<meta property="og:image:height" content="932" />
	<meta property="og:image:type" content="image/png" />
<meta name="twitter:card" content="summary_large_image" />
<script type="application/ld+json" class="yoast-schema-graph">{"@context":"https://schema.org","@graph":[{"@type":"WebPage","@id":"https://freeimprobarcelona.com/es/calendar/cicle-cuir-musiques-inclassificables-vasco-trilla/","url":"https://freeimprobarcelona.com/es/calendar/cicle-cuir-musiques-inclassificables-vasco-trilla/","name":"Cicle CUIR - Músiques Inclassificables - VASCO TRILLA - Free Impro Barcelona","isPartOf":{"@id":"https://freeimprobarcelona.com/es/#website"},"datePublished":"2023-01-04T12:30:49+00:00","dateModified":"2023-01-04T12:33:08+00:00","breadcrumb":{"@id":"https://freeimprobarcelona.com/es/calendar/cicle-cuir-musiques-inclassificables-vasco-trilla/#breadcrumb"},"inLanguage":"es","potentialAction":[{"@type":"ReadAction","target":["https://freeimprobarcelona.com/es/calendar/cicle-cuir-musiques-inclassificables-vasco-trilla/"]}]},{"@type":"BreadcrumbList","@id":"https://freeimprobarcelona.com/es/calendar/cicle-cuir-musiques-inclassificables-vasco-trilla/#breadcrumb","itemListElement":[{"@type":"ListItem","position":1,"name":"Inicio","item":"https://freeimprobarcelona.com/es/"},{"@type":"ListItem","position":2,"name":"Eventos","item":"https://freeimprobarcelona.com/es/calendar/"},{"@type":"ListItem","position":3,"name":"Cicle CUIR &#8211; Músiques Inclassificables &#8211; VASCO TRILLA"}]},{"@type":"WebSite","@id":"https://freeimprobarcelona.com/es/#website","url":"https://freeimprobarcelona.com/es/","name":"Free Impro Barcelona","description":"Free Impro Barcelona","potentialAction":[{"@type":"SearchAction","target":{"@type":"EntryPoint","urlTemplate":"https://freeimprobarcelona.com/es/?s={search_term_string}"},"query-input":"required name=search_term_string"}],"inLanguage":"es"}]}</script>
<!-- / Yoast SEO plugin. -->

Cicle CUIR - Músiques Inclassificables - VASCO TRILLA - Free Impro Barcelona

Un nuevo ciclo nace en Igualada ciclo CUERO : Músiqes Inclassificables. Ciclo mensual de Enero a Mayo en la Adoberia C/ del Rec 15, Igualada. Con una clara intención de descentralizar la oferta cultural, el ciclo ofrece propuestas de calidad en una localización histórica en la ciudad de Igualada.
