{"id":2480,"date":"2022-10-09T09:38:18","date_gmt":"2022-10-09T09:38:18","guid":{"rendered":"https:\/\/freeimprobarcelona.com\/calendar\/festival-mixtur-ensemble-suono-giallo\/"},"modified":"2022-10-09T09:42:57","modified_gmt":"2022-10-09T09:42:57","slug":"festival-mixtur-ensemble-suono-giallo","status":"publish","type":"mec-events","link":"https:\/\/freeimprobarcelona.com\/es\/calendar\/festival-mixtur-ensemble-suono-giallo\/","title":{"rendered":"Festival MIXTUR: Ensemble Suono Giallo"},"content":{"rendered":"<p id=\"tw-target-text\" class=\"tw-data-text tw-text-large tw-ta\" dir=\"ltr\" data-placeholder=\"Traducci\u00f3n\"><span class=\"Y2IQFc\" lang=\"es\">Sonidos fr\u00e1giles e inestables, interferencias, electr\u00f3nica\u00a0lo-fi\u00a0difuminada por transductores y filtrada por instrumentos. Este programa, construido sobre varios nuevos encargos junto a piezas de repertorio, explora todo el rango de posibilidades expresivas que esta combinaci\u00f3n inusual de instrumentos ofrece. El programa quiere ofrecer un viaje sonoro que presenta la combinaci\u00f3n de sensaciones, formulando una rica experiencia y dando m\u00faltiples perspectivas de la m\u00fasica contempor\u00e1nea. Ensemble Suono Giallo se form\u00f3 en Citt\u00e0 di Castello en 2015 como parte de las celebraciones en honor al 100 aniversario del nacimiento del pintor Alberto Burri. El colectivo ha tocado en festivales y ciclos de renombre en Italia y el extranjero, estrenando numerosas obras dedicadas y escritas para \u00e9l. Desde 2016, Ensemble Suono Giallo participa como conjunto residente en la International ilSUONO Contemporary Music Week, una academia de composici\u00f3n de verano que se celebra cada a\u00f1o en Citt\u00e0 di Castello, Italia. <\/span><\/p>\n<p class=\"tw-data-text tw-text-large tw-ta\" dir=\"ltr\" data-placeholder=\"Traducci\u00f3n\"><span class=\"Y2IQFc\" lang=\"es\">Velature\u00a0(2022),\u00a0Daniela Terranova\u00a0(IT)*\u00a0\u2013\u00a0\u00a012\u2032 Wasteland_underlife\u00a0(2022),\u00a0Maurizio Azzan\u00a0(IT)* \u2013 12\u2019 Gonolek\u00a0(2022),\u00a0Julian Lembke\u00a0(FR) \u2013 5\u2019 Ciel Rouill\u00e9\u00a0(2005),\u00a0H\u00e9ctor Parra\u00a0(Catalu\u00f1a\/FR) \u2013 11\u2032 Pausa Miniature\u00a0(2022),\u00a0Tianyu Zou\u00a0(CN) \u2013\u00a0\u00a03\u2019\u00a0\u00a0(Estudiante del Taller de Composici\u00f3n Mixtur) Clover Apes\u00a0(2022),\u00a0Jean-Patrick Besingrand\u00a0(FR) \u2013\u00a0\u00a0\u00a03\u2019\u00a0\u00a0(Estudiante del Taller de Composici\u00f3n Mixtur) Y am not a clockmaker either\u00a0(2009),\u00a0 Ann Cleare\u00a0(IE) \u2013 7\u2019\u00a0(Docente de los Talleres Mixtur) Ricami\u00a0(2022),\u00a0Rafael Murillo Rosado\u00a0(Andaluc\u00eda) \u2013 10\u2019\u00a0(Encargo de Mixtur) <\/span><\/p>\n<p class=\"tw-data-text tw-text-large tw-ta\" dir=\"ltr\" data-placeholder=\"Traducci\u00f3n\"><span class=\"Y2IQFc\" lang=\"es\">Andrea Biagini (IT), fl \/ Michele Bianchini (IT), sx \/ Laura Mancini (IT), pc \/ Simone Nocchi (IT), pn \/ Giacomo Piermatti (IT), cb *Encargo de Ensemble Suono Giallo fundado por Ernst von Siemens Music Foundation <\/span><\/p>\n<p class=\"tw-data-text tw-text-large tw-ta\" dir=\"ltr\" data-placeholder=\"Traducci\u00f3n\"><span class=\"Y2IQFc\" lang=\"es\">entradas a: <a href=\"https:\/\/entradium.com\/es\/events\/festival-mixtur-2022\/sessions\/09-10-2022-19-00-barcelona\">https:\/\/entradium.com\/es\/events\/festival-mixtur-2022\/sessions\/09-10-2022-19-00-barcelona<\/a><\/span><\/p>\n","protected":false},"excerpt":{"rendered":"<p>Sonidos fr\u00e1giles e inestables, interferencias, electr\u00f3nica\u00a0lo-fi\u00a0difuminada por transductores y filtrada por instrumentos. Este programa, construido sobre varios nuevos encargos junto a piezas de repertorio, explora todo el rango de posibilidades expresivas que esta combinaci\u00f3n inusual de instrumentos ofrece. El programa quiere ofrecer un viaje sonoro que presenta la combinaci\u00f3n de sensaciones, formulando una rica experiencia [&hellip;]<\/p>\n","protected":false},"author":2,"featured_media":2478,"template":"","meta":{"_et_pb_use_builder":"","_et_pb_old_content":"","_et_gb_content_width":""},"tags":[],"mec_category":[1335],"mec_speaker":[1356,1357,1358,1359,1360],"class_list":["post-2480","mec-events","type-mec-events","status-publish","has-post-thumbnail","hentry","mec_category-festival-mixtur-es"],"yoast_head":"<!-- This site is optimized with the Yoast SEO plugin v19.9 - https:\/\/yoast.com\/wordpress\/plugins\/seo\/ -->\n<title>Festival MIXTUR: Ensemble Suono Giallo - Free Impro Barcelona<\/title>\n<meta name=\"robots\" content=\"index, follow, max-snippet:-1, max-image-preview:large, max-video-preview:-1\" \/>\n<link rel=\"canonical\" href=\"https:\/\/freeimprobarcelona.com\/es\/calendar\/festival-mixtur-ensemble-suono-giallo\/\" \/>\n<meta property=\"og:locale\" content=\"es_ES\" \/>\n<meta property=\"og:type\" content=\"article\" \/>\n<meta property=\"og:title\" content=\"Festival MIXTUR: Ensemble Suono Giallo - Free Impro Barcelona\" \/>\n<meta property=\"og:description\" content=\"Sonidos fr\u00e1giles e inestables, interferencias, electr\u00f3nica\u00a0lo-fi\u00a0difuminada por transductores y filtrada por instrumentos. Este programa, construido sobre varios nuevos encargos junto a piezas de repertorio, explora todo el rango de posibilidades expresivas que esta combinaci\u00f3n inusual de instrumentos ofrece. El programa quiere ofrecer un viaje sonoro que presenta la combinaci\u00f3n de sensaciones, formulando una rica experiencia [&hellip;]\" \/>\n<meta property=\"og:url\" content=\"https:\/\/freeimprobarcelona.com\/es\/calendar\/festival-mixtur-ensemble-suono-giallo\/\" \/>\n<meta property=\"og:site_name\" content=\"Free Impro Barcelona\" \/>\n<meta property=\"article:modified_time\" content=\"2022-10-09T09:42:57+00:00\" \/>\n<meta property=\"og:image\" content=\"https:\/\/freeimprobarcelona.com\/wp-content\/uploads\/2022\/10\/Ensemble-Suono-Giallo-Mixtur-2022.png\" \/>\n\t<meta property=\"og:image:width\" content=\"1080\" \/>\n\t<meta property=\"og:image:height\" content=\"630\" \/>\n\t<meta property=\"og:image:type\" content=\"image\/png\" \/>\n<meta name=\"twitter:card\" content=\"summary_large_image\" \/>\n<meta name=\"twitter:label1\" content=\"Tiempo de lectura\" \/>\n\t<meta name=\"twitter:data1\" content=\"1 minuto\" \/>\n<script type=\"application\/ld+json\" class=\"yoast-schema-graph\">{\"@context\":\"https:\/\/schema.org\",\"@graph\":[{\"@type\":\"WebPage\",\"@id\":\"https:\/\/freeimprobarcelona.com\/es\/calendar\/festival-mixtur-ensemble-suono-giallo\/\",\"url\":\"https:\/\/freeimprobarcelona.com\/es\/calendar\/festival-mixtur-ensemble-suono-giallo\/\",\"name\":\"Festival MIXTUR: Ensemble Suono Giallo - Free Impro Barcelona\",\"isPartOf\":{\"@id\":\"https:\/\/freeimprobarcelona.com\/es\/#website\"},\"datePublished\":\"2022-10-09T09:38:18+00:00\",\"dateModified\":\"2022-10-09T09:42:57+00:00\",\"breadcrumb\":{\"@id\":\"https:\/\/freeimprobarcelona.com\/es\/calendar\/festival-mixtur-ensemble-suono-giallo\/#breadcrumb\"},\"inLanguage\":\"es\",\"potentialAction\":[{\"@type\":\"ReadAction\",\"target\":[\"https:\/\/freeimprobarcelona.com\/es\/calendar\/festival-mixtur-ensemble-suono-giallo\/\"]}]},{\"@type\":\"BreadcrumbList\",\"@id\":\"https:\/\/freeimprobarcelona.com\/es\/calendar\/festival-mixtur-ensemble-suono-giallo\/#breadcrumb\",\"itemListElement\":[{\"@type\":\"ListItem\",\"position\":1,\"name\":\"Inicio\",\"item\":\"https:\/\/freeimprobarcelona.com\/es\/\"},{\"@type\":\"ListItem\",\"position\":2,\"name\":\"Eventos\",\"item\":\"https:\/\/freeimprobarcelona.com\/es\/calendar\/\"},{\"@type\":\"ListItem\",\"position\":3,\"name\":\"Festival MIXTUR: Ensemble Suono Giallo\"}]},{\"@type\":\"WebSite\",\"@id\":\"https:\/\/freeimprobarcelona.com\/es\/#website\",\"url\":\"https:\/\/freeimprobarcelona.com\/es\/\",\"name\":\"Free Impro Barcelona\",\"description\":\"Free Impro Barcelona\",\"potentialAction\":[{\"@type\":\"SearchAction\",\"target\":{\"@type\":\"EntryPoint\",\"urlTemplate\":\"https:\/\/freeimprobarcelona.com\/es\/?s={search_term_string}\"},\"query-input\":\"required name=search_term_string\"}],\"inLanguage\":\"es\"}]}<\/script>\n<!-- \/ Yoast SEO plugin. -->","yoast_head_json":{"title":"Festival MIXTUR: Ensemble Suono Giallo - Free Impro Barcelona","robots":{"index":"index","follow":"follow","max-snippet":"max-snippet:-1","max-image-preview":"max-image-preview:large","max-video-preview":"max-video-preview:-1"},"canonical":"https:\/\/freeimprobarcelona.com\/es\/calendar\/festival-mixtur-ensemble-suono-giallo\/","og_locale":"es_ES","og_type":"article","og_title":"Festival MIXTUR: Ensemble Suono Giallo - Free Impro Barcelona","og_description":"Sonidos fr\u00e1giles e inestables, interferencias, electr\u00f3nica\u00a0lo-fi\u00a0difuminada por transductores y filtrada por instrumentos. Este programa, construido sobre varios nuevos encargos junto a piezas de repertorio, explora todo el rango de posibilidades expresivas que esta combinaci\u00f3n inusual de instrumentos ofrece. El programa quiere ofrecer un viaje sonoro que presenta la combinaci\u00f3n de sensaciones, formulando una rica experiencia [&hellip;]","og_url":"https:\/\/freeimprobarcelona.com\/es\/calendar\/festival-mixtur-ensemble-suono-giallo\/","og_site_name":"Free Impro Barcelona","article_modified_time":"2022-10-09T09:42:57+00:00","og_image":[{"width":1080,"height":630,"url":"https:\/\/freeimprobarcelona.com\/wp-content\/uploads\/2022\/10\/Ensemble-Suono-Giallo-Mixtur-2022.png","type":"image\/png"}],"twitter_card":"summary_large_image","twitter_misc":{"Tiempo de lectura":"1 minuto"},"schema":{"@context":"https:\/\/schema.org","@graph":[{"@type":"WebPage","@id":"https:\/\/freeimprobarcelona.com\/es\/calendar\/festival-mixtur-ensemble-suono-giallo\/","url":"https:\/\/freeimprobarcelona.com\/es\/calendar\/festival-mixtur-ensemble-suono-giallo\/","name":"Festival MIXTUR: Ensemble Suono Giallo - Free Impro Barcelona","isPartOf":{"@id":"https:\/\/freeimprobarcelona.com\/es\/#website"},"datePublished":"2022-10-09T09:38:18+00:00","dateModified":"2022-10-09T09:42:57+00:00","breadcrumb":{"@id":"https:\/\/freeimprobarcelona.com\/es\/calendar\/festival-mixtur-ensemble-suono-giallo\/#breadcrumb"},"inLanguage":"es","potentialAction":[{"@type":"ReadAction","target":["https:\/\/freeimprobarcelona.com\/es\/calendar\/festival-mixtur-ensemble-suono-giallo\/"]}]},{"@type":"BreadcrumbList","@id":"https:\/\/freeimprobarcelona.com\/es\/calendar\/festival-mixtur-ensemble-suono-giallo\/#breadcrumb","itemListElement":[{"@type":"ListItem","position":1,"name":"Inicio","item":"https:\/\/freeimprobarcelona.com\/es\/"},{"@type":"ListItem","position":2,"name":"Eventos","item":"https:\/\/freeimprobarcelona.com\/es\/calendar\/"},{"@type":"ListItem","position":3,"name":"Festival MIXTUR: Ensemble Suono Giallo"}]},{"@type":"WebSite","@id":"https:\/\/freeimprobarcelona.com\/es\/#website","url":"https:\/\/freeimprobarcelona.com\/es\/","name":"Free Impro Barcelona","description":"Free Impro Barcelona","potentialAction":[{"@type":"SearchAction","target":{"@type":"EntryPoint","urlTemplate":"https:\/\/freeimprobarcelona.com\/es\/?s={search_term_string}"},"query-input":"required name=search_term_string"}],"inLanguage":"es"}]}},"_links":{"self":[{"href":"https:\/\/freeimprobarcelona.com\/es\/wp-json\/wp\/v2\/mec-events\/2480","targetHints":{"allow":["GET"]}}],"collection":[{"href":"https:\/\/freeimprobarcelona.com\/es\/wp-json\/wp\/v2\/mec-events"}],"about":[{"href":"https:\/\/freeimprobarcelona.com\/es\/wp-json\/wp\/v2\/types\/mec-events"}],"author":[{"embeddable":true,"href":"https:\/\/freeimprobarcelona.com\/es\/wp-json\/wp\/v2\/users\/2"}],"wp:featuredmedia":[{"embeddable":true,"href":"https:\/\/freeimprobarcelona.com\/es\/wp-json\/wp\/v2\/media\/2478"}],"wp:attachment":[{"href":"https:\/\/freeimprobarcelona.com\/es\/wp-json\/wp\/v2\/media?parent=2480"}],"wp:term":[{"taxonomy":"post_tag","embeddable":true,"href":"https:\/\/freeimprobarcelona.com\/es\/wp-json\/wp\/v2\/tags?post=2480"},{"taxonomy":"mec_category","embeddable":true,"href":"https:\/\/freeimprobarcelona.com\/es\/wp-json\/wp\/v2\/mec_category?post=2480"},{"taxonomy":"mec_speaker","embeddable":true,"href":"https:\/\/freeimprobarcelona.com\/es\/wp-json\/wp\/v2\/mec_speaker?post=2480"}],"curies":[{"name":"wp","href":"https:\/\/api.w.org\/{rel}","templated":true}]}}

<p id="tw-target-text" class="tw-data-text tw-text-large tw-ta" dir="ltr" data-placeholder="Traducción"><span class="Y2IQFc" lang="es">Sonidos frágiles e inestables, interferencias, electrónica lo-fi difuminada por transductores y filtrada por instrumentos. Este programa, construido sobre varios nuevos encargos junto a piezas de repertorio, explora todo el rango de posibilidades expresivas que esta combinación inusual de instrumentos ofrece. El programa quiere ofrecer un viaje sonoro que presenta la combinación de sensaciones, formulando una rica experiencia y dando múltiples perspectivas de la música contemporánea. Ensemble Suono Giallo se formó en Città di Castello en 2015 como parte de las celebraciones en honor al 100 aniversario del nacimiento del pintor Alberto Burri. El colectivo ha tocado en festivales y ciclos de renombre en Italia y el extranjero, estrenando numerosas obras dedicadas y escritas para él. Desde 2016, Ensemble Suono Giallo participa como conjunto residente en la International ilSUONO Contemporary Music Week, una academia de composición de verano que se celebra cada año en Città di Castello, Italia. </span></p>
<p class="tw-data-text tw-text-large tw-ta" dir="ltr" data-placeholder="Traducción"><span class="Y2IQFc" lang="es">Velature (2022), Daniela Terranova (IT)* –  12′ Wasteland_underlife (2022), Maurizio Azzan (IT)* – 12’ Gonolek (2022), Julian Lembke (FR) – 5’ Ciel Rouillé (2005), Héctor Parra (Cataluña/FR) – 11′ Pausa Miniature (2022), Tianyu Zou (CN) –  3’  (Estudiante del Taller de Composición Mixtur) Clover Apes (2022), Jean-Patrick Besingrand (FR) –   3’  (Estudiante del Taller de Composición Mixtur) Y am not a clockmaker either (2009),  Ann Cleare (IE) – 7’ (Docente de los Talleres Mixtur) Ricami (2022), Rafael Murillo Rosado (Andalucía) – 10’ (Encargo de Mixtur) </span></p>
<p class="tw-data-text tw-text-large tw-ta" dir="ltr" data-placeholder="Traducción"><span class="Y2IQFc" lang="es">Andrea Biagini (IT), fl / Michele Bianchini (IT), sx / Laura Mancini (IT), pc / Simone Nocchi (IT), pn / Giacomo Piermatti (IT), cb *Encargo de Ensemble Suono Giallo fundado por Ernst von Siemens Music Foundation </span></p>
<p class="tw-data-text tw-text-large tw-ta" dir="ltr" data-placeholder="Traducción"><span class="Y2IQFc" lang="es">entradas a: <a href="https://entradium.com/es/events/festival-mixtur-2022/sessions/09-10-2022-19-00-barcelona">https://entradium.com/es/events/festival-mixtur-2022/sessions/09-10-2022-19-00-barcelona</a></span></p>

<p>Sonidos frágiles e inestables, interferencias, electrónica lo-fi difuminada por transductores y filtrada por instrumentos. Este programa, construido sobre varios nuevos encargos junto a piezas de repertorio, explora todo el rango de posibilidades expresivas que esta combinación inusual de instrumentos ofrece. El programa quiere ofrecer un viaje sonoro que presenta la combinación de sensaciones, formulando una rica experiencia [&hellip;]</p>

<!-- This site is optimized with the Yoast SEO plugin v19.9 - https://yoast.com/wordpress/plugins/seo/ -->
<title>Festival MIXTUR: Ensemble Suono Giallo - Free Impro Barcelona</title>
<meta name="robots" content="index, follow, max-snippet:-1, max-image-preview:large, max-video-preview:-1" />
<link rel="canonical" href="https://freeimprobarcelona.com/es/calendar/festival-mixtur-ensemble-suono-giallo/" />
<meta property="og:locale" content="es_ES" />
<meta property="og:type" content="article" />
<meta property="og:title" content="Festival MIXTUR: Ensemble Suono Giallo - Free Impro Barcelona" />
<meta property="og:description" content="Sonidos frágiles e inestables, interferencias, electrónica lo-fi difuminada por transductores y filtrada por instrumentos. Este programa, construido sobre varios nuevos encargos junto a piezas de repertorio, explora todo el rango de posibilidades expresivas que esta combinación inusual de instrumentos ofrece. El programa quiere ofrecer un viaje sonoro que presenta la combinación de sensaciones, formulando una rica experiencia [&hellip;]" />
<meta property="og:url" content="https://freeimprobarcelona.com/es/calendar/festival-mixtur-ensemble-suono-giallo/" />
<meta property="og:site_name" content="Free Impro Barcelona" />
<meta property="article:modified_time" content="2022-10-09T09:42:57+00:00" />
<meta property="og:image" content="https://freeimprobarcelona.com/wp-content/uploads/2022/10/Ensemble-Suono-Giallo-Mixtur-2022.png" />
	<meta property="og:image:width" content="1080" />
	<meta property="og:image:height" content="630" />
	<meta property="og:image:type" content="image/png" />
<meta name="twitter:card" content="summary_large_image" />
<meta name="twitter:label1" content="Tiempo de lectura" />
	<meta name="twitter:data1" content="1 minuto" />
<script type="application/ld+json" class="yoast-schema-graph">{"@context":"https://schema.org","@graph":[{"@type":"WebPage","@id":"https://freeimprobarcelona.com/es/calendar/festival-mixtur-ensemble-suono-giallo/","url":"https://freeimprobarcelona.com/es/calendar/festival-mixtur-ensemble-suono-giallo/","name":"Festival MIXTUR: Ensemble Suono Giallo - Free Impro Barcelona","isPartOf":{"@id":"https://freeimprobarcelona.com/es/#website"},"datePublished":"2022-10-09T09:38:18+00:00","dateModified":"2022-10-09T09:42:57+00:00","breadcrumb":{"@id":"https://freeimprobarcelona.com/es/calendar/festival-mixtur-ensemble-suono-giallo/#breadcrumb"},"inLanguage":"es","potentialAction":[{"@type":"ReadAction","target":["https://freeimprobarcelona.com/es/calendar/festival-mixtur-ensemble-suono-giallo/"]}]},{"@type":"BreadcrumbList","@id":"https://freeimprobarcelona.com/es/calendar/festival-mixtur-ensemble-suono-giallo/#breadcrumb","itemListElement":[{"@type":"ListItem","position":1,"name":"Inicio","item":"https://freeimprobarcelona.com/es/"},{"@type":"ListItem","position":2,"name":"Eventos","item":"https://freeimprobarcelona.com/es/calendar/"},{"@type":"ListItem","position":3,"name":"Festival MIXTUR: Ensemble Suono Giallo"}]},{"@type":"WebSite","@id":"https://freeimprobarcelona.com/es/#website","url":"https://freeimprobarcelona.com/es/","name":"Free Impro Barcelona","description":"Free Impro Barcelona","potentialAction":[{"@type":"SearchAction","target":{"@type":"EntryPoint","urlTemplate":"https://freeimprobarcelona.com/es/?s={search_term_string}"},"query-input":"required name=search_term_string"}],"inLanguage":"es"}]}</script>
<!-- / Yoast SEO plugin. -->

Sonidos frágiles e inestables, interferencias, electrónica lo-fi difuminada por transductores y filtrada por instrumentos. Este programa, construido sobre varios nuevos encargos junto a piezas de repertorio, explora todo el rango de posibilidades expresivas que esta combinación inusual de instrumentos ofrece. El programa quiere ofrecer un viaje sonoro que presenta la combinación de sensaciones, formulando una rica experiencia [&hellip;]
