{"id":2446,"date":"2022-10-07T10:34:17","date_gmt":"2022-10-07T10:34:17","guid":{"rendered":"https:\/\/freeimprobarcelona.com\/?post_type=mec-events&#038;p=2446"},"modified":"2022-10-07T10:38:31","modified_gmt":"2022-10-07T10:38:31","slug":"festival-mixtur-surroundings-ensemble-via-nova","status":"publish","type":"mec-events","link":"https:\/\/freeimprobarcelona.com\/es\/calendar\/festival-mixtur-surroundings-ensemble-via-nova\/","title":{"rendered":"FESTIVAL MIXTUR : SUR|:ROUND:|INGS ensemble via nova"},"content":{"rendered":"<p id=\"tw-target-text\" class=\"tw-data-text tw-text-large tw-ta\" dir=\"ltr\" data-placeholder=\"Traducci\u00f3n\"><span class=\"Y2IQFc\" lang=\"es\">SUR|:ROUND:|INGS trata de c\u00edrculos. Las estrellas orbitan sus galaxias mientras nosotros vivimos nuestras vidas en los mismos c\u00edrculos y rutinas diarias. Para representar este tema, combinamos trabajos escritos para ensemble v\u00eda nueva por compositores alemanes de renombre con composiciones propuestas por el Festival Mixtur. Esc\u00e9nicamente incorporamos la sala de conciertos e integramos v\u00eddeo y electr\u00f3nica en vivo. Fundado en 1994 por el compositor J. K. Hildebrandt con el objetivo de presentar programas de m\u00fasica de c\u00e1mara variados y con entidad propia, el ensemble ha adquirido una reputaci\u00f3n excelente como conjunto de c\u00e1mara. Tanto en conjunto como en formato de solistas, los miembros de ensemble v\u00eda nueva aparecen regularmente en escenarios y festivales de toda Europa. Cabe destacar sus giras por Suiza, Italia, Reino Unido y Corea del Sur, as\u00ed como la colaboraci\u00f3n con diferentes conjuntos de renombre en la serie de conciertos COI:N:IECT, BKA y una sesi\u00f3n de grabaci\u00f3n en WDR. <\/span><\/p>\n<p class=\"tw-data-text tw-text-large tw-ta\" dir=\"ltr\" data-placeholder=\"Traducci\u00f3n\"><span class=\"Y2IQFc\" lang=\"es\">F\u00fcnf (2017), Johannes K Hildebrandt (DE) \u2013 10\u2019 <\/span><\/p>\n<p class=\"tw-data-text tw-text-large tw-ta\" dir=\"ltr\" data-placeholder=\"Traducci\u00f3n\"><span class=\"Y2IQFc\" lang=\"es\">miniature for Accordeon (2022), Jaeduk Kim (KR) \u2013 2&#8242; (Estudiante del Taller de Composici\u00f3n Mixtur) <\/span><\/p>\n<p class=\"tw-data-text tw-text-large tw-ta\" dir=\"ltr\" data-placeholder=\"Traducci\u00f3n\"><span class=\"Y2IQFc\" lang=\"es\">Presente (2020), Oriol Saladrigues (Catalu\u00f1a) \u2013 11\u2019 <\/span><\/p>\n<p class=\"tw-data-text tw-text-large tw-ta\" dir=\"ltr\" data-placeholder=\"Traducci\u00f3n\"><span class=\"Y2IQFc\" lang=\"es\">unlocation (2022), Ni Zheng (CN) \u2013 2&#8242; (Estudiante del Taller de Composici\u00f3n Mixtur) <\/span><\/p>\n<p class=\"tw-data-text tw-text-large tw-ta\" dir=\"ltr\" data-placeholder=\"Traducci\u00f3n\"><span class=\"Y2IQFc\" lang=\"es\">Wirrwarr Song Nr.4: Verg\u00e4nglichkeit (2021), Margareta Ferek-Petric (HR) \u2013 9\u2019 <\/span><\/p>\n<p class=\"tw-data-text tw-text-large tw-ta\" dir=\"ltr\" data-placeholder=\"Traducci\u00f3n\"><span class=\"Y2IQFc\" lang=\"es\">(in) (2022), Carolina Carrizo (AR) \u2013 2&#8242; (Estudiante del Taller de Composici\u00f3n Mixtur) <\/span><\/p>\n<p class=\"tw-data-text tw-text-large tw-ta\" dir=\"ltr\" data-placeholder=\"Traducci\u00f3n\"><span class=\"Y2IQFc\" lang=\"es\">SIGHTINGS (2022), Raquel Garc\u00eda-Tom\u00e0s (music) Pere Ginard (v\u00eddeo) (Catalu\u00f1a) \u2013 10\u2019 * <\/span><\/p>\n<p class=\"tw-data-text tw-text-large tw-ta\" dir=\"ltr\" data-placeholder=\"Traducci\u00f3n\"><span class=\"Y2IQFc\" lang=\"es\">Energ\u00eda afan\u00e9s III \u2013 physis (2019) Michael Quell (DE) \u2013 12\u2019 <\/span><\/p>\n<p class=\"tw-data-text tw-text-large tw-ta\" dir=\"ltr\" data-placeholder=\"Traducci\u00f3n\"><span class=\"Y2IQFc\" lang=\"es\">Marianna Sch\u00fcrmann (DE), fl\/Ne\u017ea Torkar (SI), ac\/Nikita Geller (RU), vl\/Moritz Schneidewendt (DE), cl\/Daniel Guti\u00e9rrez (ES), vc Director invitado: Lautaro Mura <\/span><\/p>\n<p class=\"tw-data-text tw-text-large tw-ta\" dir=\"ltr\" data-placeholder=\"Traducci\u00f3n\"><span class=\"Y2IQFc\" lang=\"es\">*Coencargo de Festival Mixtur, Institut Ramon Llull &amp; H\u00e9misph\u00e8re Son. <\/span><\/p>\n<p class=\"tw-data-text tw-text-large tw-ta\" dir=\"ltr\" data-placeholder=\"Traducci\u00f3n\"><span class=\"Y2IQFc\" lang=\"es\">Compra de entradas en: <a href=\"https:\/\/entradium.com\/es\/events\/festival-mixtur-2022\/sessions\/07-10-2022-20-00-barcelona\">https:\/\/entradium.com\/es\/events\/festival-mixtur-2022\/sessions\/07-10-2022-20-00-barcelona<\/a><\/span><\/p>\n","protected":false},"excerpt":{"rendered":"<p>SUR|:ROUND:|INGS trata de c\u00edrculos. Las estrellas orbitan sus galaxias mientras nosotros vivimos nuestras vidas en los mismos c\u00edrculos y rutinas diarias. Para representar este tema, combinamos trabajos escritos para ensemble v\u00eda nueva por compositores alemanes de renombre con composiciones propuestas por el Festival Mixtur. Esc\u00e9nicamente incorporamos la sala de conciertos e integramos v\u00eddeo y electr\u00f3nica [&hellip;]<\/p>\n","protected":false},"author":2,"featured_media":2444,"template":"","meta":{"_et_pb_use_builder":"","_et_pb_old_content":"","_et_gb_content_width":""},"tags":[],"mec_category":[1335],"mec_speaker":[],"class_list":["post-2446","mec-events","type-mec-events","status-publish","has-post-thumbnail","hentry","mec_category-festival-mixtur-es"],"yoast_head":"<!-- This site is optimized with the Yoast SEO plugin v19.9 - https:\/\/yoast.com\/wordpress\/plugins\/seo\/ -->\n<title>FESTIVAL MIXTUR : SUR|:ROUND:|INGS ensemble via nova - Free Impro Barcelona<\/title>\n<meta name=\"robots\" content=\"index, follow, max-snippet:-1, max-image-preview:large, max-video-preview:-1\" \/>\n<link rel=\"canonical\" href=\"https:\/\/freeimprobarcelona.com\/es\/calendar\/festival-mixtur-surroundings-ensemble-via-nova\/\" \/>\n<meta property=\"og:locale\" content=\"es_ES\" \/>\n<meta property=\"og:type\" content=\"article\" \/>\n<meta property=\"og:title\" content=\"FESTIVAL MIXTUR : SUR|:ROUND:|INGS ensemble via nova - Free Impro Barcelona\" \/>\n<meta property=\"og:description\" content=\"SUR|:ROUND:|INGS trata de c\u00edrculos. Las estrellas orbitan sus galaxias mientras nosotros vivimos nuestras vidas en los mismos c\u00edrculos y rutinas diarias. Para representar este tema, combinamos trabajos escritos para ensemble v\u00eda nueva por compositores alemanes de renombre con composiciones propuestas por el Festival Mixtur. Esc\u00e9nicamente incorporamos la sala de conciertos e integramos v\u00eddeo y electr\u00f3nica [&hellip;]\" \/>\n<meta property=\"og:url\" content=\"https:\/\/freeimprobarcelona.com\/es\/calendar\/festival-mixtur-surroundings-ensemble-via-nova\/\" \/>\n<meta property=\"og:site_name\" content=\"Free Impro Barcelona\" \/>\n<meta property=\"article:modified_time\" content=\"2022-10-07T10:38:31+00:00\" \/>\n<meta property=\"og:image\" content=\"https:\/\/freeimprobarcelona.com\/wp-content\/uploads\/2022\/10\/Ensemble-Via-Nova-Mixtur-2022.png\" \/>\n\t<meta property=\"og:image:width\" content=\"1080\" \/>\n\t<meta property=\"og:image:height\" content=\"630\" \/>\n\t<meta property=\"og:image:type\" content=\"image\/png\" \/>\n<meta name=\"twitter:card\" content=\"summary_large_image\" \/>\n<meta name=\"twitter:label1\" content=\"Tiempo de lectura\" \/>\n\t<meta name=\"twitter:data1\" content=\"2 minutos\" \/>\n<script type=\"application\/ld+json\" class=\"yoast-schema-graph\">{\"@context\":\"https:\/\/schema.org\",\"@graph\":[{\"@type\":\"WebPage\",\"@id\":\"https:\/\/freeimprobarcelona.com\/es\/calendar\/festival-mixtur-surroundings-ensemble-via-nova\/\",\"url\":\"https:\/\/freeimprobarcelona.com\/es\/calendar\/festival-mixtur-surroundings-ensemble-via-nova\/\",\"name\":\"FESTIVAL MIXTUR : SUR|:ROUND:|INGS ensemble via nova - Free Impro Barcelona\",\"isPartOf\":{\"@id\":\"https:\/\/freeimprobarcelona.com\/es\/#website\"},\"datePublished\":\"2022-10-07T10:34:17+00:00\",\"dateModified\":\"2022-10-07T10:38:31+00:00\",\"breadcrumb\":{\"@id\":\"https:\/\/freeimprobarcelona.com\/es\/calendar\/festival-mixtur-surroundings-ensemble-via-nova\/#breadcrumb\"},\"inLanguage\":\"es\",\"potentialAction\":[{\"@type\":\"ReadAction\",\"target\":[\"https:\/\/freeimprobarcelona.com\/es\/calendar\/festival-mixtur-surroundings-ensemble-via-nova\/\"]}]},{\"@type\":\"BreadcrumbList\",\"@id\":\"https:\/\/freeimprobarcelona.com\/es\/calendar\/festival-mixtur-surroundings-ensemble-via-nova\/#breadcrumb\",\"itemListElement\":[{\"@type\":\"ListItem\",\"position\":1,\"name\":\"Inicio\",\"item\":\"https:\/\/freeimprobarcelona.com\/es\/\"},{\"@type\":\"ListItem\",\"position\":2,\"name\":\"Eventos\",\"item\":\"https:\/\/freeimprobarcelona.com\/es\/calendar\/\"},{\"@type\":\"ListItem\",\"position\":3,\"name\":\"FESTIVAL MIXTUR : SUR|:ROUND:|INGS ensemble via nova\"}]},{\"@type\":\"WebSite\",\"@id\":\"https:\/\/freeimprobarcelona.com\/es\/#website\",\"url\":\"https:\/\/freeimprobarcelona.com\/es\/\",\"name\":\"Free Impro Barcelona\",\"description\":\"Free Impro Barcelona\",\"potentialAction\":[{\"@type\":\"SearchAction\",\"target\":{\"@type\":\"EntryPoint\",\"urlTemplate\":\"https:\/\/freeimprobarcelona.com\/es\/?s={search_term_string}\"},\"query-input\":\"required name=search_term_string\"}],\"inLanguage\":\"es\"}]}<\/script>\n<!-- \/ Yoast SEO plugin. -->","yoast_head_json":{"title":"FESTIVAL MIXTUR : SUR|:ROUND:|INGS ensemble via nova - Free Impro Barcelona","robots":{"index":"index","follow":"follow","max-snippet":"max-snippet:-1","max-image-preview":"max-image-preview:large","max-video-preview":"max-video-preview:-1"},"canonical":"https:\/\/freeimprobarcelona.com\/es\/calendar\/festival-mixtur-surroundings-ensemble-via-nova\/","og_locale":"es_ES","og_type":"article","og_title":"FESTIVAL MIXTUR : SUR|:ROUND:|INGS ensemble via nova - Free Impro Barcelona","og_description":"SUR|:ROUND:|INGS trata de c\u00edrculos. Las estrellas orbitan sus galaxias mientras nosotros vivimos nuestras vidas en los mismos c\u00edrculos y rutinas diarias. Para representar este tema, combinamos trabajos escritos para ensemble v\u00eda nueva por compositores alemanes de renombre con composiciones propuestas por el Festival Mixtur. Esc\u00e9nicamente incorporamos la sala de conciertos e integramos v\u00eddeo y electr\u00f3nica [&hellip;]","og_url":"https:\/\/freeimprobarcelona.com\/es\/calendar\/festival-mixtur-surroundings-ensemble-via-nova\/","og_site_name":"Free Impro Barcelona","article_modified_time":"2022-10-07T10:38:31+00:00","og_image":[{"width":1080,"height":630,"url":"https:\/\/freeimprobarcelona.com\/wp-content\/uploads\/2022\/10\/Ensemble-Via-Nova-Mixtur-2022.png","type":"image\/png"}],"twitter_card":"summary_large_image","twitter_misc":{"Tiempo de lectura":"2 minutos"},"schema":{"@context":"https:\/\/schema.org","@graph":[{"@type":"WebPage","@id":"https:\/\/freeimprobarcelona.com\/es\/calendar\/festival-mixtur-surroundings-ensemble-via-nova\/","url":"https:\/\/freeimprobarcelona.com\/es\/calendar\/festival-mixtur-surroundings-ensemble-via-nova\/","name":"FESTIVAL MIXTUR : SUR|:ROUND:|INGS ensemble via nova - Free Impro Barcelona","isPartOf":{"@id":"https:\/\/freeimprobarcelona.com\/es\/#website"},"datePublished":"2022-10-07T10:34:17+00:00","dateModified":"2022-10-07T10:38:31+00:00","breadcrumb":{"@id":"https:\/\/freeimprobarcelona.com\/es\/calendar\/festival-mixtur-surroundings-ensemble-via-nova\/#breadcrumb"},"inLanguage":"es","potentialAction":[{"@type":"ReadAction","target":["https:\/\/freeimprobarcelona.com\/es\/calendar\/festival-mixtur-surroundings-ensemble-via-nova\/"]}]},{"@type":"BreadcrumbList","@id":"https:\/\/freeimprobarcelona.com\/es\/calendar\/festival-mixtur-surroundings-ensemble-via-nova\/#breadcrumb","itemListElement":[{"@type":"ListItem","position":1,"name":"Inicio","item":"https:\/\/freeimprobarcelona.com\/es\/"},{"@type":"ListItem","position":2,"name":"Eventos","item":"https:\/\/freeimprobarcelona.com\/es\/calendar\/"},{"@type":"ListItem","position":3,"name":"FESTIVAL MIXTUR : SUR|:ROUND:|INGS ensemble via nova"}]},{"@type":"WebSite","@id":"https:\/\/freeimprobarcelona.com\/es\/#website","url":"https:\/\/freeimprobarcelona.com\/es\/","name":"Free Impro Barcelona","description":"Free Impro Barcelona","potentialAction":[{"@type":"SearchAction","target":{"@type":"EntryPoint","urlTemplate":"https:\/\/freeimprobarcelona.com\/es\/?s={search_term_string}"},"query-input":"required name=search_term_string"}],"inLanguage":"es"}]}},"_links":{"self":[{"href":"https:\/\/freeimprobarcelona.com\/es\/wp-json\/wp\/v2\/mec-events\/2446","targetHints":{"allow":["GET"]}}],"collection":[{"href":"https:\/\/freeimprobarcelona.com\/es\/wp-json\/wp\/v2\/mec-events"}],"about":[{"href":"https:\/\/freeimprobarcelona.com\/es\/wp-json\/wp\/v2\/types\/mec-events"}],"author":[{"embeddable":true,"href":"https:\/\/freeimprobarcelona.com\/es\/wp-json\/wp\/v2\/users\/2"}],"wp:featuredmedia":[{"embeddable":true,"href":"https:\/\/freeimprobarcelona.com\/es\/wp-json\/wp\/v2\/media\/2444"}],"wp:attachment":[{"href":"https:\/\/freeimprobarcelona.com\/es\/wp-json\/wp\/v2\/media?parent=2446"}],"wp:term":[{"taxonomy":"post_tag","embeddable":true,"href":"https:\/\/freeimprobarcelona.com\/es\/wp-json\/wp\/v2\/tags?post=2446"},{"taxonomy":"mec_category","embeddable":true,"href":"https:\/\/freeimprobarcelona.com\/es\/wp-json\/wp\/v2\/mec_category?post=2446"},{"taxonomy":"mec_speaker","embeddable":true,"href":"https:\/\/freeimprobarcelona.com\/es\/wp-json\/wp\/v2\/mec_speaker?post=2446"}],"curies":[{"name":"wp","href":"https:\/\/api.w.org\/{rel}","templated":true}]}}

<p id="tw-target-text" class="tw-data-text tw-text-large tw-ta" dir="ltr" data-placeholder="Traducción"><span class="Y2IQFc" lang="es">SUR|:ROUND:|INGS trata de círculos. Las estrellas orbitan sus galaxias mientras nosotros vivimos nuestras vidas en los mismos círculos y rutinas diarias. Para representar este tema, combinamos trabajos escritos para ensemble vía nueva por compositores alemanes de renombre con composiciones propuestas por el Festival Mixtur. Escénicamente incorporamos la sala de conciertos e integramos vídeo y electrónica en vivo. Fundado en 1994 por el compositor J. K. Hildebrandt con el objetivo de presentar programas de música de cámara variados y con entidad propia, el ensemble ha adquirido una reputación excelente como conjunto de cámara. Tanto en conjunto como en formato de solistas, los miembros de ensemble vía nueva aparecen regularmente en escenarios y festivales de toda Europa. Cabe destacar sus giras por Suiza, Italia, Reino Unido y Corea del Sur, así como la colaboración con diferentes conjuntos de renombre en la serie de conciertos COI:N:IECT, BKA y una sesión de grabación en WDR. </span></p>
<p class="tw-data-text tw-text-large tw-ta" dir="ltr" data-placeholder="Traducción"><span class="Y2IQFc" lang="es">Fünf (2017), Johannes K Hildebrandt (DE) – 10’ </span></p>
<p class="tw-data-text tw-text-large tw-ta" dir="ltr" data-placeholder="Traducción"><span class="Y2IQFc" lang="es">miniature for Accordeon (2022), Jaeduk Kim (KR) – 2&#8242; (Estudiante del Taller de Composición Mixtur) </span></p>
<p class="tw-data-text tw-text-large tw-ta" dir="ltr" data-placeholder="Traducción"><span class="Y2IQFc" lang="es">Presente (2020), Oriol Saladrigues (Cataluña) – 11’ </span></p>
<p class="tw-data-text tw-text-large tw-ta" dir="ltr" data-placeholder="Traducción"><span class="Y2IQFc" lang="es">unlocation (2022), Ni Zheng (CN) – 2&#8242; (Estudiante del Taller de Composición Mixtur) </span></p>
<p class="tw-data-text tw-text-large tw-ta" dir="ltr" data-placeholder="Traducción"><span class="Y2IQFc" lang="es">Wirrwarr Song Nr.4: Vergänglichkeit (2021), Margareta Ferek-Petric (HR) – 9’ </span></p>
<p class="tw-data-text tw-text-large tw-ta" dir="ltr" data-placeholder="Traducción"><span class="Y2IQFc" lang="es">(in) (2022), Carolina Carrizo (AR) – 2&#8242; (Estudiante del Taller de Composición Mixtur) </span></p>
<p class="tw-data-text tw-text-large tw-ta" dir="ltr" data-placeholder="Traducción"><span class="Y2IQFc" lang="es">SIGHTINGS (2022), Raquel García-Tomàs (music) Pere Ginard (vídeo) (Cataluña) – 10’ * </span></p>
<p class="tw-data-text tw-text-large tw-ta" dir="ltr" data-placeholder="Traducción"><span class="Y2IQFc" lang="es">Energía afanés III – physis (2019) Michael Quell (DE) – 12’ </span></p>
<p class="tw-data-text tw-text-large tw-ta" dir="ltr" data-placeholder="Traducción"><span class="Y2IQFc" lang="es">Marianna Schürmann (DE), fl/Neža Torkar (SI), ac/Nikita Geller (RU), vl/Moritz Schneidewendt (DE), cl/Daniel Gutiérrez (ES), vc Director invitado: Lautaro Mura </span></p>
<p class="tw-data-text tw-text-large tw-ta" dir="ltr" data-placeholder="Traducción"><span class="Y2IQFc" lang="es">*Coencargo de Festival Mixtur, Institut Ramon Llull &amp; Hémisphère Son. </span></p>
<p class="tw-data-text tw-text-large tw-ta" dir="ltr" data-placeholder="Traducción"><span class="Y2IQFc" lang="es">Compra de entradas en: <a href="https://entradium.com/es/events/festival-mixtur-2022/sessions/07-10-2022-20-00-barcelona">https://entradium.com/es/events/festival-mixtur-2022/sessions/07-10-2022-20-00-barcelona</a></span></p>

<p>SUR|:ROUND:|INGS trata de círculos. Las estrellas orbitan sus galaxias mientras nosotros vivimos nuestras vidas en los mismos círculos y rutinas diarias. Para representar este tema, combinamos trabajos escritos para ensemble vía nueva por compositores alemanes de renombre con composiciones propuestas por el Festival Mixtur. Escénicamente incorporamos la sala de conciertos e integramos vídeo y electrónica [&hellip;]</p>

<!-- This site is optimized with the Yoast SEO plugin v19.9 - https://yoast.com/wordpress/plugins/seo/ -->
<title>FESTIVAL MIXTUR : SUR|:ROUND:|INGS ensemble via nova - Free Impro Barcelona</title>
<meta name="robots" content="index, follow, max-snippet:-1, max-image-preview:large, max-video-preview:-1" />
<link rel="canonical" href="https://freeimprobarcelona.com/es/calendar/festival-mixtur-surroundings-ensemble-via-nova/" />
<meta property="og:locale" content="es_ES" />
<meta property="og:type" content="article" />
<meta property="og:title" content="FESTIVAL MIXTUR : SUR|:ROUND:|INGS ensemble via nova - Free Impro Barcelona" />
<meta property="og:description" content="SUR|:ROUND:|INGS trata de círculos. Las estrellas orbitan sus galaxias mientras nosotros vivimos nuestras vidas en los mismos círculos y rutinas diarias. Para representar este tema, combinamos trabajos escritos para ensemble vía nueva por compositores alemanes de renombre con composiciones propuestas por el Festival Mixtur. Escénicamente incorporamos la sala de conciertos e integramos vídeo y electrónica [&hellip;]" />
<meta property="og:url" content="https://freeimprobarcelona.com/es/calendar/festival-mixtur-surroundings-ensemble-via-nova/" />
<meta property="og:site_name" content="Free Impro Barcelona" />
<meta property="article:modified_time" content="2022-10-07T10:38:31+00:00" />
<meta property="og:image" content="https://freeimprobarcelona.com/wp-content/uploads/2022/10/Ensemble-Via-Nova-Mixtur-2022.png" />
	<meta property="og:image:width" content="1080" />
	<meta property="og:image:height" content="630" />
	<meta property="og:image:type" content="image/png" />
<meta name="twitter:card" content="summary_large_image" />
<meta name="twitter:label1" content="Tiempo de lectura" />
	<meta name="twitter:data1" content="2 minutos" />
<script type="application/ld+json" class="yoast-schema-graph">{"@context":"https://schema.org","@graph":[{"@type":"WebPage","@id":"https://freeimprobarcelona.com/es/calendar/festival-mixtur-surroundings-ensemble-via-nova/","url":"https://freeimprobarcelona.com/es/calendar/festival-mixtur-surroundings-ensemble-via-nova/","name":"FESTIVAL MIXTUR : SUR|:ROUND:|INGS ensemble via nova - Free Impro Barcelona","isPartOf":{"@id":"https://freeimprobarcelona.com/es/#website"},"datePublished":"2022-10-07T10:34:17+00:00","dateModified":"2022-10-07T10:38:31+00:00","breadcrumb":{"@id":"https://freeimprobarcelona.com/es/calendar/festival-mixtur-surroundings-ensemble-via-nova/#breadcrumb"},"inLanguage":"es","potentialAction":[{"@type":"ReadAction","target":["https://freeimprobarcelona.com/es/calendar/festival-mixtur-surroundings-ensemble-via-nova/"]}]},{"@type":"BreadcrumbList","@id":"https://freeimprobarcelona.com/es/calendar/festival-mixtur-surroundings-ensemble-via-nova/#breadcrumb","itemListElement":[{"@type":"ListItem","position":1,"name":"Inicio","item":"https://freeimprobarcelona.com/es/"},{"@type":"ListItem","position":2,"name":"Eventos","item":"https://freeimprobarcelona.com/es/calendar/"},{"@type":"ListItem","position":3,"name":"FESTIVAL MIXTUR : SUR|:ROUND:|INGS ensemble via nova"}]},{"@type":"WebSite","@id":"https://freeimprobarcelona.com/es/#website","url":"https://freeimprobarcelona.com/es/","name":"Free Impro Barcelona","description":"Free Impro Barcelona","potentialAction":[{"@type":"SearchAction","target":{"@type":"EntryPoint","urlTemplate":"https://freeimprobarcelona.com/es/?s={search_term_string}"},"query-input":"required name=search_term_string"}],"inLanguage":"es"}]}</script>
<!-- / Yoast SEO plugin. -->

SUR|:ROUND:|INGS trata de círculos. Las estrellas orbitan sus galaxias mientras nosotros vivimos nuestras vidas en los mismos círculos y rutinas diarias. Para representar este tema, combinamos trabajos escritos para ensemble vía nueva por compositores alemanes de renombre con composiciones propuestas por el Festival Mixtur. Escénicamente incorporamos la sala de conciertos e integramos vídeo y electrónica [&hellip;]
