{"id":1913,"date":"2022-05-23T09:26:50","date_gmt":"2022-05-23T09:26:50","guid":{"rendered":"https:\/\/freeimprobarcelona.com\/?post_type=mec-events&#038;p=1913"},"modified":"2022-05-23T09:27:30","modified_gmt":"2022-05-23T09:27:30","slug":"batalla-de-bigbands-dirigida-por-ivan-gonzalez","status":"publish","type":"mec-events","link":"https:\/\/freeimprobarcelona.com\/es\/calendar\/batalla-de-bigbands-dirigida-por-ivan-gonzalez\/","title":{"rendered":"Batalla de Bigbands dirigida por Iv\u00e1n Gonz\u00e1lez"},"content":{"rendered":"<p>Las bigbands de la Escola Municipal de M\u00fasica de Banyoles y las invitadas de este a\u00f1o, las escuelas municipales de Sabadell y Matar\u00f3, ofrecer\u00e1n piezas de sus respectivos repertorios. Tambi\u00e9n habr\u00e1 espacio para la improvisaci\u00f3n conjunta, bajo la conducci\u00f3n de Iv\u00e1n Gonz\u00e1lez, que previamente habr\u00e1 impartido para los alumnos de las escuelas un taller de sound painting.<\/p>\n<p>La Muralla, Banyoles<\/p>\n<p>Entrada libre<\/p>\n","protected":false},"excerpt":{"rendered":"<p>Las bigbands de la Escola Municipal de M\u00fasica de Banyoles y las invitadas de este a\u00f1o, las escuelas municipales de Sabadell y Matar\u00f3, ofrecer\u00e1n piezas de sus respectivos repertorios. Tambi\u00e9n habr\u00e1 espacio para la improvisaci\u00f3n conjunta, bajo la conducci\u00f3n de Iv\u00e1n Gonz\u00e1lez, que previamente habr\u00e1 impartido para los alumnos de las escuelas un taller de [&hellip;]<\/p>\n","protected":false},"author":2,"featured_media":1917,"template":"","meta":{"_et_pb_use_builder":"","_et_pb_old_content":"","_et_gb_content_width":""},"tags":[960,961],"mec_category":[957],"mec_speaker":[],"class_list":["post-1913","mec-events","type-mec-events","status-publish","has-post-thumbnail","hentry","tag-bigband","tag-ivan-gonzalez-es","mec_category-festival-fem-jazz-es"],"yoast_head":"<!-- This site is optimized with the Yoast SEO plugin v19.9 - https:\/\/yoast.com\/wordpress\/plugins\/seo\/ -->\n<title>Batalla de Bigbands dirigida por Iv\u00e1n Gonz\u00e1lez - Free Impro Barcelona<\/title>\n<meta name=\"robots\" content=\"index, follow, max-snippet:-1, max-image-preview:large, max-video-preview:-1\" \/>\n<link rel=\"canonical\" href=\"https:\/\/freeimprobarcelona.com\/es\/calendar\/batalla-de-bigbands-dirigida-por-ivan-gonzalez\/\" \/>\n<meta property=\"og:locale\" content=\"es_ES\" \/>\n<meta property=\"og:type\" content=\"article\" \/>\n<meta property=\"og:title\" content=\"Batalla de Bigbands dirigida por Iv\u00e1n Gonz\u00e1lez - Free Impro Barcelona\" \/>\n<meta property=\"og:description\" content=\"Las bigbands de la Escola Municipal de M\u00fasica de Banyoles y las invitadas de este a\u00f1o, las escuelas municipales de Sabadell y Matar\u00f3, ofrecer\u00e1n piezas de sus respectivos repertorios. Tambi\u00e9n habr\u00e1 espacio para la improvisaci\u00f3n conjunta, bajo la conducci\u00f3n de Iv\u00e1n Gonz\u00e1lez, que previamente habr\u00e1 impartido para los alumnos de las escuelas un taller de [&hellip;]\" \/>\n<meta property=\"og:url\" content=\"https:\/\/freeimprobarcelona.com\/es\/calendar\/batalla-de-bigbands-dirigida-por-ivan-gonzalez\/\" \/>\n<meta property=\"og:site_name\" content=\"Free Impro Barcelona\" \/>\n<meta property=\"article:modified_time\" content=\"2022-05-23T09:27:30+00:00\" \/>\n<meta property=\"og:image\" content=\"https:\/\/freeimprobarcelona.com\/wp-content\/uploads\/2022\/05\/12143362_10153740938960909_577666780110064662_n.jpeg\" \/>\n\t<meta property=\"og:image:width\" content=\"459\" \/>\n\t<meta property=\"og:image:height\" content=\"459\" \/>\n\t<meta property=\"og:image:type\" content=\"image\/jpeg\" \/>\n<meta name=\"twitter:card\" content=\"summary_large_image\" \/>\n<script type=\"application\/ld+json\" class=\"yoast-schema-graph\">{\"@context\":\"https:\/\/schema.org\",\"@graph\":[{\"@type\":\"WebPage\",\"@id\":\"https:\/\/freeimprobarcelona.com\/es\/calendar\/batalla-de-bigbands-dirigida-por-ivan-gonzalez\/\",\"url\":\"https:\/\/freeimprobarcelona.com\/es\/calendar\/batalla-de-bigbands-dirigida-por-ivan-gonzalez\/\",\"name\":\"Batalla de Bigbands dirigida por Iv\u00e1n Gonz\u00e1lez - Free Impro Barcelona\",\"isPartOf\":{\"@id\":\"https:\/\/freeimprobarcelona.com\/es\/#website\"},\"datePublished\":\"2022-05-23T09:26:50+00:00\",\"dateModified\":\"2022-05-23T09:27:30+00:00\",\"breadcrumb\":{\"@id\":\"https:\/\/freeimprobarcelona.com\/es\/calendar\/batalla-de-bigbands-dirigida-por-ivan-gonzalez\/#breadcrumb\"},\"inLanguage\":\"es\",\"potentialAction\":[{\"@type\":\"ReadAction\",\"target\":[\"https:\/\/freeimprobarcelona.com\/es\/calendar\/batalla-de-bigbands-dirigida-por-ivan-gonzalez\/\"]}]},{\"@type\":\"BreadcrumbList\",\"@id\":\"https:\/\/freeimprobarcelona.com\/es\/calendar\/batalla-de-bigbands-dirigida-por-ivan-gonzalez\/#breadcrumb\",\"itemListElement\":[{\"@type\":\"ListItem\",\"position\":1,\"name\":\"Inicio\",\"item\":\"https:\/\/freeimprobarcelona.com\/es\/\"},{\"@type\":\"ListItem\",\"position\":2,\"name\":\"Eventos\",\"item\":\"https:\/\/freeimprobarcelona.com\/es\/calendar\/\"},{\"@type\":\"ListItem\",\"position\":3,\"name\":\"Batalla de Bigbands dirigida por Iv\u00e1n Gonz\u00e1lez\"}]},{\"@type\":\"WebSite\",\"@id\":\"https:\/\/freeimprobarcelona.com\/es\/#website\",\"url\":\"https:\/\/freeimprobarcelona.com\/es\/\",\"name\":\"Free Impro Barcelona\",\"description\":\"Free Impro Barcelona\",\"potentialAction\":[{\"@type\":\"SearchAction\",\"target\":{\"@type\":\"EntryPoint\",\"urlTemplate\":\"https:\/\/freeimprobarcelona.com\/es\/?s={search_term_string}\"},\"query-input\":\"required name=search_term_string\"}],\"inLanguage\":\"es\"}]}<\/script>\n<!-- \/ Yoast SEO plugin. -->","yoast_head_json":{"title":"Batalla de Bigbands dirigida por Iv\u00e1n Gonz\u00e1lez - Free Impro Barcelona","robots":{"index":"index","follow":"follow","max-snippet":"max-snippet:-1","max-image-preview":"max-image-preview:large","max-video-preview":"max-video-preview:-1"},"canonical":"https:\/\/freeimprobarcelona.com\/es\/calendar\/batalla-de-bigbands-dirigida-por-ivan-gonzalez\/","og_locale":"es_ES","og_type":"article","og_title":"Batalla de Bigbands dirigida por Iv\u00e1n Gonz\u00e1lez - Free Impro Barcelona","og_description":"Las bigbands de la Escola Municipal de M\u00fasica de Banyoles y las invitadas de este a\u00f1o, las escuelas municipales de Sabadell y Matar\u00f3, ofrecer\u00e1n piezas de sus respectivos repertorios. Tambi\u00e9n habr\u00e1 espacio para la improvisaci\u00f3n conjunta, bajo la conducci\u00f3n de Iv\u00e1n Gonz\u00e1lez, que previamente habr\u00e1 impartido para los alumnos de las escuelas un taller de [&hellip;]","og_url":"https:\/\/freeimprobarcelona.com\/es\/calendar\/batalla-de-bigbands-dirigida-por-ivan-gonzalez\/","og_site_name":"Free Impro Barcelona","article_modified_time":"2022-05-23T09:27:30+00:00","og_image":[{"width":459,"height":459,"url":"https:\/\/freeimprobarcelona.com\/wp-content\/uploads\/2022\/05\/12143362_10153740938960909_577666780110064662_n.jpeg","type":"image\/jpeg"}],"twitter_card":"summary_large_image","schema":{"@context":"https:\/\/schema.org","@graph":[{"@type":"WebPage","@id":"https:\/\/freeimprobarcelona.com\/es\/calendar\/batalla-de-bigbands-dirigida-por-ivan-gonzalez\/","url":"https:\/\/freeimprobarcelona.com\/es\/calendar\/batalla-de-bigbands-dirigida-por-ivan-gonzalez\/","name":"Batalla de Bigbands dirigida por Iv\u00e1n Gonz\u00e1lez - Free Impro Barcelona","isPartOf":{"@id":"https:\/\/freeimprobarcelona.com\/es\/#website"},"datePublished":"2022-05-23T09:26:50+00:00","dateModified":"2022-05-23T09:27:30+00:00","breadcrumb":{"@id":"https:\/\/freeimprobarcelona.com\/es\/calendar\/batalla-de-bigbands-dirigida-por-ivan-gonzalez\/#breadcrumb"},"inLanguage":"es","potentialAction":[{"@type":"ReadAction","target":["https:\/\/freeimprobarcelona.com\/es\/calendar\/batalla-de-bigbands-dirigida-por-ivan-gonzalez\/"]}]},{"@type":"BreadcrumbList","@id":"https:\/\/freeimprobarcelona.com\/es\/calendar\/batalla-de-bigbands-dirigida-por-ivan-gonzalez\/#breadcrumb","itemListElement":[{"@type":"ListItem","position":1,"name":"Inicio","item":"https:\/\/freeimprobarcelona.com\/es\/"},{"@type":"ListItem","position":2,"name":"Eventos","item":"https:\/\/freeimprobarcelona.com\/es\/calendar\/"},{"@type":"ListItem","position":3,"name":"Batalla de Bigbands dirigida por Iv\u00e1n Gonz\u00e1lez"}]},{"@type":"WebSite","@id":"https:\/\/freeimprobarcelona.com\/es\/#website","url":"https:\/\/freeimprobarcelona.com\/es\/","name":"Free Impro Barcelona","description":"Free Impro Barcelona","potentialAction":[{"@type":"SearchAction","target":{"@type":"EntryPoint","urlTemplate":"https:\/\/freeimprobarcelona.com\/es\/?s={search_term_string}"},"query-input":"required name=search_term_string"}],"inLanguage":"es"}]}},"_links":{"self":[{"href":"https:\/\/freeimprobarcelona.com\/es\/wp-json\/wp\/v2\/mec-events\/1913","targetHints":{"allow":["GET"]}}],"collection":[{"href":"https:\/\/freeimprobarcelona.com\/es\/wp-json\/wp\/v2\/mec-events"}],"about":[{"href":"https:\/\/freeimprobarcelona.com\/es\/wp-json\/wp\/v2\/types\/mec-events"}],"author":[{"embeddable":true,"href":"https:\/\/freeimprobarcelona.com\/es\/wp-json\/wp\/v2\/users\/2"}],"wp:featuredmedia":[{"embeddable":true,"href":"https:\/\/freeimprobarcelona.com\/es\/wp-json\/wp\/v2\/media\/1917"}],"wp:attachment":[{"href":"https:\/\/freeimprobarcelona.com\/es\/wp-json\/wp\/v2\/media?parent=1913"}],"wp:term":[{"taxonomy":"post_tag","embeddable":true,"href":"https:\/\/freeimprobarcelona.com\/es\/wp-json\/wp\/v2\/tags?post=1913"},{"taxonomy":"mec_category","embeddable":true,"href":"https:\/\/freeimprobarcelona.com\/es\/wp-json\/wp\/v2\/mec_category?post=1913"},{"taxonomy":"mec_speaker","embeddable":true,"href":"https:\/\/freeimprobarcelona.com\/es\/wp-json\/wp\/v2\/mec_speaker?post=1913"}],"curies":[{"name":"wp","href":"https:\/\/api.w.org\/{rel}","templated":true}]}}

Batalla de Bigbands dirigida por Iván González

<p>Las bigbands de la Escola Municipal de Música de Banyoles y las invitadas de este año, las escuelas municipales de Sabadell y Mataró, ofrecerán piezas de sus respectivos repertorios. También habrá espacio para la improvisación conjunta, bajo la conducción de Iván González, que previamente habrá impartido para los alumnos de las escuelas un taller de sound painting.</p>
<p>La Muralla, Banyoles</p>
<p>Entrada libre</p>

<p>Las bigbands de la Escola Municipal de Música de Banyoles y las invitadas de este año, las escuelas municipales de Sabadell y Mataró, ofrecerán piezas de sus respectivos repertorios. También habrá espacio para la improvisación conjunta, bajo la conducción de Iván González, que previamente habrá impartido para los alumnos de las escuelas un taller de [&hellip;]</p>

<!-- This site is optimized with the Yoast SEO plugin v19.9 - https://yoast.com/wordpress/plugins/seo/ -->
<title>Batalla de Bigbands dirigida por Iván González - Free Impro Barcelona</title>
<meta name="robots" content="index, follow, max-snippet:-1, max-image-preview:large, max-video-preview:-1" />
<link rel="canonical" href="https://freeimprobarcelona.com/es/calendar/batalla-de-bigbands-dirigida-por-ivan-gonzalez/" />
<meta property="og:locale" content="es_ES" />
<meta property="og:type" content="article" />
<meta property="og:title" content="Batalla de Bigbands dirigida por Iván González - Free Impro Barcelona" />
<meta property="og:description" content="Las bigbands de la Escola Municipal de Música de Banyoles y las invitadas de este año, las escuelas municipales de Sabadell y Mataró, ofrecerán piezas de sus respectivos repertorios. También habrá espacio para la improvisación conjunta, bajo la conducción de Iván González, que previamente habrá impartido para los alumnos de las escuelas un taller de [&hellip;]" />
<meta property="og:url" content="https://freeimprobarcelona.com/es/calendar/batalla-de-bigbands-dirigida-por-ivan-gonzalez/" />
<meta property="og:site_name" content="Free Impro Barcelona" />
<meta property="article:modified_time" content="2022-05-23T09:27:30+00:00" />
<meta property="og:image" content="https://freeimprobarcelona.com/wp-content/uploads/2022/05/12143362_10153740938960909_577666780110064662_n.jpeg" />
	<meta property="og:image:width" content="459" />
	<meta property="og:image:height" content="459" />
	<meta property="og:image:type" content="image/jpeg" />
<meta name="twitter:card" content="summary_large_image" />
<script type="application/ld+json" class="yoast-schema-graph">{"@context":"https://schema.org","@graph":[{"@type":"WebPage","@id":"https://freeimprobarcelona.com/es/calendar/batalla-de-bigbands-dirigida-por-ivan-gonzalez/","url":"https://freeimprobarcelona.com/es/calendar/batalla-de-bigbands-dirigida-por-ivan-gonzalez/","name":"Batalla de Bigbands dirigida por Iván González - Free Impro Barcelona","isPartOf":{"@id":"https://freeimprobarcelona.com/es/#website"},"datePublished":"2022-05-23T09:26:50+00:00","dateModified":"2022-05-23T09:27:30+00:00","breadcrumb":{"@id":"https://freeimprobarcelona.com/es/calendar/batalla-de-bigbands-dirigida-por-ivan-gonzalez/#breadcrumb"},"inLanguage":"es","potentialAction":[{"@type":"ReadAction","target":["https://freeimprobarcelona.com/es/calendar/batalla-de-bigbands-dirigida-por-ivan-gonzalez/"]}]},{"@type":"BreadcrumbList","@id":"https://freeimprobarcelona.com/es/calendar/batalla-de-bigbands-dirigida-por-ivan-gonzalez/#breadcrumb","itemListElement":[{"@type":"ListItem","position":1,"name":"Inicio","item":"https://freeimprobarcelona.com/es/"},{"@type":"ListItem","position":2,"name":"Eventos","item":"https://freeimprobarcelona.com/es/calendar/"},{"@type":"ListItem","position":3,"name":"Batalla de Bigbands dirigida por Iván González"}]},{"@type":"WebSite","@id":"https://freeimprobarcelona.com/es/#website","url":"https://freeimprobarcelona.com/es/","name":"Free Impro Barcelona","description":"Free Impro Barcelona","potentialAction":[{"@type":"SearchAction","target":{"@type":"EntryPoint","urlTemplate":"https://freeimprobarcelona.com/es/?s={search_term_string}"},"query-input":"required name=search_term_string"}],"inLanguage":"es"}]}</script>
<!-- / Yoast SEO plugin. -->

Batalla de Bigbands dirigida por Iván González - Free Impro Barcelona

Las bigbands de la Escola Municipal de Música de Banyoles y las invitadas de este año, las escuelas municipales de Sabadell y Mataró, ofrecerán piezas de sus respectivos repertorios. También habrá espacio para la improvisación conjunta, bajo la conducción de Iván González, que previamente habrá impartido para los alumnos de las escuelas un taller de [&hellip;]
