{"id":1345,"date":"2022-03-07T09:47:26","date_gmt":"2022-03-07T09:47:26","guid":{"rendered":"https:\/\/freeimprobarcelona.com\/?post_type=mec-events&#038;p=1345"},"modified":"2022-03-07T10:04:31","modified_gmt":"2022-03-07T10:04:31","slug":"fred-frith-trio-closer-to-the-ground","status":"publish","type":"mec-events","link":"https:\/\/freeimprobarcelona.com\/es\/calendar\/fred-frith-trio-closer-to-the-ground\/","title":{"rendered":"Fred Frith Trio. Closer to the Ground"},"content":{"rendered":"<p id=\"tw-target-text\" class=\"tw-data-text tw-text-large tw-ta\" dir=\"ltr\" data-placeholder=\"Traducci\u00f3n\"><span class=\"Y2IQFc\" lang=\"es\">Fred Frith Trio, visita Barcelona con un concierto en el Auditorio con su tr\u00edo. <\/span><\/p>\n<p class=\"tw-data-text tw-text-large tw-ta\" dir=\"ltr\" data-placeholder=\"Traducci\u00f3n\"><span class=\"Y2IQFc\" lang=\"es\">Closer to the Ground\u00a0es un \u00e1lbum de estudio de 2018 grabado por el Fred Frith Trio, grupo de m\u00fasica experimental e improvisaci\u00f3n del \u00e1rea de San Francisco. Es el segundo \u00e1lbum del grupo y fue grabado en Oakland, California, en enero de 2018 y publicado en septiembre de 2018 por Intakt Records en Suiza. Su primer \u00e1lbum, publicado en 2016, llevaba el t\u00edtulo de Another Day in Fucking Paradise. <\/span><\/p>\n<p class=\"tw-data-text tw-text-large tw-ta\" dir=\"ltr\" data-placeholder=\"Traducci\u00f3n\"><span class=\"Y2IQFc\" lang=\"es\">Con su segundo \u00e1lbum, Fred Frith Trio con Jason Hoopes (bajo) y Jordan Glenn (bater\u00eda) sigue explorando la magnitud del tr\u00edo de guitarra. Closer to the Ground va de sonido, humor, textura, ideas y ambiente. L\u00fadico, \u00edntimo y muy unido, Fred Frith Trio trata sobre el hecho de escuchar. Como \u00e9sta es tambi\u00e9n la formaci\u00f3n con la que Fred Frith gira, han podido probar los temas tocando en directo, por lo que incluso en los momentos m\u00e1s creativos el tr\u00edo sigue sonando denso y firme. <\/span><\/p>\n<p class=\"tw-data-text tw-text-large tw-ta\" dir=\"ltr\" data-placeholder=\"Traducci\u00f3n\"><span class=\"Y2IQFc\" lang=\"es\">Fred Frith\u00a0 Guitarra el\u00e9ctrica, Bajo el\u00e9ctrico y voz <\/span><\/p>\n<p class=\"tw-data-text tw-text-large tw-ta\" dir=\"ltr\" data-placeholder=\"Traducci\u00f3n\"><span class=\"Y2IQFc\" lang=\"es\">Jason Hoopes\u00a0 Bajo el\u00e9ctrico <\/span><\/p>\n<p class=\"tw-data-text tw-text-large tw-ta\" dir=\"ltr\" data-placeholder=\"Traducci\u00f3n\"><span class=\"Y2IQFc\" lang=\"es\">Jordan Glenn Bater\u00eda <\/span><\/p>\n<p class=\"tw-data-text tw-text-large tw-ta\" dir=\"ltr\" data-placeholder=\"Traducci\u00f3n\"><span class=\"Y2IQFc\" lang=\"es\">Sala 2 Oriol Martorell <\/span><\/p>\n<p class=\"tw-data-text tw-text-large tw-ta\" dir=\"ltr\" data-placeholder=\"Traducci\u00f3n\"><span class=\"Y2IQFc\" lang=\"es\">Dentro del Sampler SERIES<\/span><\/p>\n<p dir=\"ltr\" data-placeholder=\"Traducci\u00f3n\"><span class=\"Y2IQFc\" lang=\"es\">15\u20ac<\/span><\/p>\n<p class=\"tw-data-text tw-text-large tw-ta\" dir=\"ltr\" data-placeholder=\"Traducci\u00f3n\"><span class=\"Y2IQFc\" lang=\"es\">Auditorio de Barcelona, \u200b\u200bC\/Lepan 150.\u00a0<\/span><\/p>\n<p>&nbsp;<\/p>\n","protected":false},"excerpt":{"rendered":"<p>Fred Frith Trio, visita Barcelona con un concierto en el Auditorio con su tr\u00edo. Closer to the Ground\u00a0es un \u00e1lbum de estudio de 2018 grabado por el Fred Frith Trio, grupo de m\u00fasica experimental e improvisaci\u00f3n del \u00e1rea de San Francisco. Es el segundo \u00e1lbum del grupo y fue grabado en Oakland, California, en enero [&hellip;]<\/p>\n","protected":false},"author":2,"featured_media":1350,"template":"","meta":{"_et_pb_use_builder":"","_et_pb_old_content":"","_et_gb_content_width":""},"tags":[],"mec_category":[403],"mec_speaker":[652,653,654],"class_list":["post-1345","mec-events","type-mec-events","status-publish","has-post-thumbnail","hentry","mec_category-cicle-samplers-sessions"],"yoast_head":"<!-- This site is optimized with the Yoast SEO plugin v19.9 - https:\/\/yoast.com\/wordpress\/plugins\/seo\/ -->\n<title>Fred Frith Trio. Closer to the Ground - Free Impro Barcelona<\/title>\n<meta name=\"description\" content=\"Fred FRith Trio a l&#039;Audit\u00f2ri de Barcelona.\" \/>\n<meta name=\"robots\" content=\"index, follow, max-snippet:-1, max-image-preview:large, max-video-preview:-1\" \/>\n<link rel=\"canonical\" href=\"https:\/\/freeimprobarcelona.com\/es\/calendar\/fred-frith-trio-closer-to-the-ground\/\" \/>\n<meta property=\"og:locale\" content=\"es_ES\" \/>\n<meta property=\"og:type\" content=\"article\" \/>\n<meta property=\"og:title\" content=\"Fred Frith Trio. Closer to the Ground - Free Impro Barcelona\" \/>\n<meta property=\"og:description\" content=\"Fred FRith Trio a l&#039;Audit\u00f2ri de Barcelona.\" \/>\n<meta property=\"og:url\" content=\"https:\/\/freeimprobarcelona.com\/es\/calendar\/fred-frith-trio-closer-to-the-ground\/\" \/>\n<meta property=\"og:site_name\" content=\"Free Impro Barcelona\" \/>\n<meta property=\"article:modified_time\" content=\"2022-03-07T10:04:31+00:00\" \/>\n<meta property=\"og:image\" content=\"https:\/\/freeimprobarcelona.com\/wp-content\/uploads\/2022\/03\/fredfrith-2.jpg\" \/>\n\t<meta property=\"og:image:width\" content=\"1000\" \/>\n\t<meta property=\"og:image:height\" content=\"560\" \/>\n\t<meta property=\"og:image:type\" content=\"image\/jpeg\" \/>\n<meta name=\"twitter:card\" content=\"summary_large_image\" \/>\n<meta name=\"twitter:label1\" content=\"Tiempo de lectura\" \/>\n\t<meta name=\"twitter:data1\" content=\"1 minuto\" \/>\n<script type=\"application\/ld+json\" class=\"yoast-schema-graph\">{\"@context\":\"https:\/\/schema.org\",\"@graph\":[{\"@type\":\"WebPage\",\"@id\":\"https:\/\/freeimprobarcelona.com\/es\/calendar\/fred-frith-trio-closer-to-the-ground\/\",\"url\":\"https:\/\/freeimprobarcelona.com\/es\/calendar\/fred-frith-trio-closer-to-the-ground\/\",\"name\":\"Fred Frith Trio. Closer to the Ground - Free Impro Barcelona\",\"isPartOf\":{\"@id\":\"https:\/\/freeimprobarcelona.com\/es\/#website\"},\"datePublished\":\"2022-03-07T09:47:26+00:00\",\"dateModified\":\"2022-03-07T10:04:31+00:00\",\"description\":\"Fred FRith Trio a l'Audit\u00f2ri de Barcelona.\",\"breadcrumb\":{\"@id\":\"https:\/\/freeimprobarcelona.com\/es\/calendar\/fred-frith-trio-closer-to-the-ground\/#breadcrumb\"},\"inLanguage\":\"es\",\"potentialAction\":[{\"@type\":\"ReadAction\",\"target\":[\"https:\/\/freeimprobarcelona.com\/es\/calendar\/fred-frith-trio-closer-to-the-ground\/\"]}]},{\"@type\":\"BreadcrumbList\",\"@id\":\"https:\/\/freeimprobarcelona.com\/es\/calendar\/fred-frith-trio-closer-to-the-ground\/#breadcrumb\",\"itemListElement\":[{\"@type\":\"ListItem\",\"position\":1,\"name\":\"Inicio\",\"item\":\"https:\/\/freeimprobarcelona.com\/es\/\"},{\"@type\":\"ListItem\",\"position\":2,\"name\":\"Eventos\",\"item\":\"https:\/\/freeimprobarcelona.com\/es\/calendar\/\"},{\"@type\":\"ListItem\",\"position\":3,\"name\":\"Fred Frith Trio. Closer to the Ground\"}]},{\"@type\":\"WebSite\",\"@id\":\"https:\/\/freeimprobarcelona.com\/es\/#website\",\"url\":\"https:\/\/freeimprobarcelona.com\/es\/\",\"name\":\"Free Impro Barcelona\",\"description\":\"Free Impro Barcelona\",\"potentialAction\":[{\"@type\":\"SearchAction\",\"target\":{\"@type\":\"EntryPoint\",\"urlTemplate\":\"https:\/\/freeimprobarcelona.com\/es\/?s={search_term_string}\"},\"query-input\":\"required name=search_term_string\"}],\"inLanguage\":\"es\"}]}<\/script>\n<!-- \/ Yoast SEO plugin. -->","yoast_head_json":{"title":"Fred Frith Trio. Closer to the Ground - Free Impro Barcelona","description":"Fred FRith Trio a l'Audit\u00f2ri de Barcelona.","robots":{"index":"index","follow":"follow","max-snippet":"max-snippet:-1","max-image-preview":"max-image-preview:large","max-video-preview":"max-video-preview:-1"},"canonical":"https:\/\/freeimprobarcelona.com\/es\/calendar\/fred-frith-trio-closer-to-the-ground\/","og_locale":"es_ES","og_type":"article","og_title":"Fred Frith Trio. Closer to the Ground - Free Impro Barcelona","og_description":"Fred FRith Trio a l'Audit\u00f2ri de Barcelona.","og_url":"https:\/\/freeimprobarcelona.com\/es\/calendar\/fred-frith-trio-closer-to-the-ground\/","og_site_name":"Free Impro Barcelona","article_modified_time":"2022-03-07T10:04:31+00:00","og_image":[{"width":1000,"height":560,"url":"https:\/\/freeimprobarcelona.com\/wp-content\/uploads\/2022\/03\/fredfrith-2.jpg","type":"image\/jpeg"}],"twitter_card":"summary_large_image","twitter_misc":{"Tiempo de lectura":"1 minuto"},"schema":{"@context":"https:\/\/schema.org","@graph":[{"@type":"WebPage","@id":"https:\/\/freeimprobarcelona.com\/es\/calendar\/fred-frith-trio-closer-to-the-ground\/","url":"https:\/\/freeimprobarcelona.com\/es\/calendar\/fred-frith-trio-closer-to-the-ground\/","name":"Fred Frith Trio. Closer to the Ground - Free Impro Barcelona","isPartOf":{"@id":"https:\/\/freeimprobarcelona.com\/es\/#website"},"datePublished":"2022-03-07T09:47:26+00:00","dateModified":"2022-03-07T10:04:31+00:00","description":"Fred FRith Trio a l'Audit\u00f2ri de Barcelona.","breadcrumb":{"@id":"https:\/\/freeimprobarcelona.com\/es\/calendar\/fred-frith-trio-closer-to-the-ground\/#breadcrumb"},"inLanguage":"es","potentialAction":[{"@type":"ReadAction","target":["https:\/\/freeimprobarcelona.com\/es\/calendar\/fred-frith-trio-closer-to-the-ground\/"]}]},{"@type":"BreadcrumbList","@id":"https:\/\/freeimprobarcelona.com\/es\/calendar\/fred-frith-trio-closer-to-the-ground\/#breadcrumb","itemListElement":[{"@type":"ListItem","position":1,"name":"Inicio","item":"https:\/\/freeimprobarcelona.com\/es\/"},{"@type":"ListItem","position":2,"name":"Eventos","item":"https:\/\/freeimprobarcelona.com\/es\/calendar\/"},{"@type":"ListItem","position":3,"name":"Fred Frith Trio. Closer to the Ground"}]},{"@type":"WebSite","@id":"https:\/\/freeimprobarcelona.com\/es\/#website","url":"https:\/\/freeimprobarcelona.com\/es\/","name":"Free Impro Barcelona","description":"Free Impro Barcelona","potentialAction":[{"@type":"SearchAction","target":{"@type":"EntryPoint","urlTemplate":"https:\/\/freeimprobarcelona.com\/es\/?s={search_term_string}"},"query-input":"required name=search_term_string"}],"inLanguage":"es"}]}},"_links":{"self":[{"href":"https:\/\/freeimprobarcelona.com\/es\/wp-json\/wp\/v2\/mec-events\/1345","targetHints":{"allow":["GET"]}}],"collection":[{"href":"https:\/\/freeimprobarcelona.com\/es\/wp-json\/wp\/v2\/mec-events"}],"about":[{"href":"https:\/\/freeimprobarcelona.com\/es\/wp-json\/wp\/v2\/types\/mec-events"}],"author":[{"embeddable":true,"href":"https:\/\/freeimprobarcelona.com\/es\/wp-json\/wp\/v2\/users\/2"}],"wp:featuredmedia":[{"embeddable":true,"href":"https:\/\/freeimprobarcelona.com\/es\/wp-json\/wp\/v2\/media\/1350"}],"wp:attachment":[{"href":"https:\/\/freeimprobarcelona.com\/es\/wp-json\/wp\/v2\/media?parent=1345"}],"wp:term":[{"taxonomy":"post_tag","embeddable":true,"href":"https:\/\/freeimprobarcelona.com\/es\/wp-json\/wp\/v2\/tags?post=1345"},{"taxonomy":"mec_category","embeddable":true,"href":"https:\/\/freeimprobarcelona.com\/es\/wp-json\/wp\/v2\/mec_category?post=1345"},{"taxonomy":"mec_speaker","embeddable":true,"href":"https:\/\/freeimprobarcelona.com\/es\/wp-json\/wp\/v2\/mec_speaker?post=1345"}],"curies":[{"name":"wp","href":"https:\/\/api.w.org\/{rel}","templated":true}]}}

<p id="tw-target-text" class="tw-data-text tw-text-large tw-ta" dir="ltr" data-placeholder="Traducción"><span class="Y2IQFc" lang="es">Fred Frith Trio, visita Barcelona con un concierto en el Auditorio con su trío. </span></p>
<p class="tw-data-text tw-text-large tw-ta" dir="ltr" data-placeholder="Traducción"><span class="Y2IQFc" lang="es">Closer to the Ground es un álbum de estudio de 2018 grabado por el Fred Frith Trio, grupo de música experimental e improvisación del área de San Francisco. Es el segundo álbum del grupo y fue grabado en Oakland, California, en enero de 2018 y publicado en septiembre de 2018 por Intakt Records en Suiza. Su primer álbum, publicado en 2016, llevaba el título de Another Day in Fucking Paradise. </span></p>
<p class="tw-data-text tw-text-large tw-ta" dir="ltr" data-placeholder="Traducción"><span class="Y2IQFc" lang="es">Con su segundo álbum, Fred Frith Trio con Jason Hoopes (bajo) y Jordan Glenn (batería) sigue explorando la magnitud del trío de guitarra. Closer to the Ground va de sonido, humor, textura, ideas y ambiente. Lúdico, íntimo y muy unido, Fred Frith Trio trata sobre el hecho de escuchar. Como ésta es también la formación con la que Fred Frith gira, han podido probar los temas tocando en directo, por lo que incluso en los momentos más creativos el trío sigue sonando denso y firme. </span></p>
<p class="tw-data-text tw-text-large tw-ta" dir="ltr" data-placeholder="Traducción"><span class="Y2IQFc" lang="es">Fred Frith  Guitarra eléctrica, Bajo eléctrico y voz </span></p>
<p class="tw-data-text tw-text-large tw-ta" dir="ltr" data-placeholder="Traducción"><span class="Y2IQFc" lang="es">Jason Hoopes  Bajo eléctrico </span></p>
<p class="tw-data-text tw-text-large tw-ta" dir="ltr" data-placeholder="Traducción"><span class="Y2IQFc" lang="es">Jordan Glenn Batería </span></p>
<p class="tw-data-text tw-text-large tw-ta" dir="ltr" data-placeholder="Traducción"><span class="Y2IQFc" lang="es">Sala 2 Oriol Martorell </span></p>
<p class="tw-data-text tw-text-large tw-ta" dir="ltr" data-placeholder="Traducción"><span class="Y2IQFc" lang="es">Dentro del Sampler SERIES</span></p>
<p dir="ltr" data-placeholder="Traducción"><span class="Y2IQFc" lang="es">15€</span></p>
<p class="tw-data-text tw-text-large tw-ta" dir="ltr" data-placeholder="Traducción"><span class="Y2IQFc" lang="es">Auditorio de Barcelona, ​​C/Lepan 150. </span></p>
<p>&nbsp;</p>

<p>Fred Frith Trio, visita Barcelona con un concierto en el Auditorio con su trío. Closer to the Ground es un álbum de estudio de 2018 grabado por el Fred Frith Trio, grupo de música experimental e improvisación del área de San Francisco. Es el segundo álbum del grupo y fue grabado en Oakland, California, en enero [&hellip;]</p>

<!-- This site is optimized with the Yoast SEO plugin v19.9 - https://yoast.com/wordpress/plugins/seo/ -->
<title>Fred Frith Trio. Closer to the Ground - Free Impro Barcelona</title>
<meta name="description" content="Fred FRith Trio a l&#039;Auditòri de Barcelona." />
<meta name="robots" content="index, follow, max-snippet:-1, max-image-preview:large, max-video-preview:-1" />
<link rel="canonical" href="https://freeimprobarcelona.com/es/calendar/fred-frith-trio-closer-to-the-ground/" />
<meta property="og:locale" content="es_ES" />
<meta property="og:type" content="article" />
<meta property="og:title" content="Fred Frith Trio. Closer to the Ground - Free Impro Barcelona" />
<meta property="og:description" content="Fred FRith Trio a l&#039;Auditòri de Barcelona." />
<meta property="og:url" content="https://freeimprobarcelona.com/es/calendar/fred-frith-trio-closer-to-the-ground/" />
<meta property="og:site_name" content="Free Impro Barcelona" />
<meta property="article:modified_time" content="2022-03-07T10:04:31+00:00" />
<meta property="og:image" content="https://freeimprobarcelona.com/wp-content/uploads/2022/03/fredfrith-2.jpg" />
	<meta property="og:image:width" content="1000" />
	<meta property="og:image:height" content="560" />
	<meta property="og:image:type" content="image/jpeg" />
<meta name="twitter:card" content="summary_large_image" />
<meta name="twitter:label1" content="Tiempo de lectura" />
	<meta name="twitter:data1" content="1 minuto" />
<script type="application/ld+json" class="yoast-schema-graph">{"@context":"https://schema.org","@graph":[{"@type":"WebPage","@id":"https://freeimprobarcelona.com/es/calendar/fred-frith-trio-closer-to-the-ground/","url":"https://freeimprobarcelona.com/es/calendar/fred-frith-trio-closer-to-the-ground/","name":"Fred Frith Trio. Closer to the Ground - Free Impro Barcelona","isPartOf":{"@id":"https://freeimprobarcelona.com/es/#website"},"datePublished":"2022-03-07T09:47:26+00:00","dateModified":"2022-03-07T10:04:31+00:00","description":"Fred FRith Trio a l'Auditòri de Barcelona.","breadcrumb":{"@id":"https://freeimprobarcelona.com/es/calendar/fred-frith-trio-closer-to-the-ground/#breadcrumb"},"inLanguage":"es","potentialAction":[{"@type":"ReadAction","target":["https://freeimprobarcelona.com/es/calendar/fred-frith-trio-closer-to-the-ground/"]}]},{"@type":"BreadcrumbList","@id":"https://freeimprobarcelona.com/es/calendar/fred-frith-trio-closer-to-the-ground/#breadcrumb","itemListElement":[{"@type":"ListItem","position":1,"name":"Inicio","item":"https://freeimprobarcelona.com/es/"},{"@type":"ListItem","position":2,"name":"Eventos","item":"https://freeimprobarcelona.com/es/calendar/"},{"@type":"ListItem","position":3,"name":"Fred Frith Trio. Closer to the Ground"}]},{"@type":"WebSite","@id":"https://freeimprobarcelona.com/es/#website","url":"https://freeimprobarcelona.com/es/","name":"Free Impro Barcelona","description":"Free Impro Barcelona","potentialAction":[{"@type":"SearchAction","target":{"@type":"EntryPoint","urlTemplate":"https://freeimprobarcelona.com/es/?s={search_term_string}"},"query-input":"required name=search_term_string"}],"inLanguage":"es"}]}</script>
<!-- / Yoast SEO plugin. -->

Fred FRith Trio a l'Auditòri de Barcelona.
