{"id":4317,"date":"2023-09-06T12:47:59","date_gmt":"2023-09-06T12:47:59","guid":{"rendered":"https:\/\/freeimprobarcelona.com\/?post_type=mec-events&#038;p=4317"},"modified":"2023-09-06T12:50:37","modified_gmt":"2023-09-06T12:50:37","slug":"hector-parra-amb-pere-arquillue-lluisa-espigole-i-imma-santacreu-mixtur-2023","status":"publish","type":"mec-events","link":"https:\/\/freeimprobarcelona.com\/en\/calendar\/hector-parra-amb-pere-arquillue-lluisa-espigole-i-imma-santacreu-mixtur-2023\/","title":{"rendered":"H\u00e8ctor Parra amb Pere Arquillu\u00e9, Llu\u00efsa Espigol\u00e9 i Imma Santacreu  MIXTUR 2023"},"content":{"rendered":"<p>We find the artistic path that Joan Mir\u00f3 weaves with great tenacity during the decade of the thirties, immersed in the tumultuous political, social and economic changes that characterized her, particularly inspiring. The proclamation of the 2nd Republic, the military coup of 1936, the horror of the civil war and the advent of Francoism, a four-year exile and the subsequent flight from the Nazi invasion of France culminate, paradoxically, in the formidable series of 23 constellations that he painted between January 1940 and September 1941. With these small format gouaches Mir\u00f3 brings to the world an exemplary model of tenacity, artistic development, plastic harmony as well as human integrity in a of the darkest moments in history.<\/p>\n<p>Based on an original request by Carmen Mart\u00ednez-Pierret, between April 2020 and 2023 the composer H\u00e8ctor Parra and the poet Arnau Pons have been immersed in the composition of a poetic-musical cycle inspired by the Constellations. In the company of the pianist Imma Santacreu, H\u00e8ctor Parra has explored on the piano &#8211; first in an improvised way and then by crystallizing an adapted writing &#8211; all of a series of special techniques that use a multitude of objects in order to bring -us to a melodramatic form that arose directly from his own experience of the micro-universes suggested by each constellation, and which aims to challenge the public to experience it in the first person. Thus, this cycle is a journey into the inner world of the composer himself as well as the poet, which externalizes Mir\u00f3&#8217;s painting in the form of a complex musical canvas: ethereal or dense, smooth or rough, delicate or rough. In the hands of pianists Imma Santacreu and Llu\u00efsa Espigol\u00e9, the piano is transformed into an almost electroacoustic instrument. In combination with the poems written by Arnau Pons and performed live by the actor Pere Arquillu\u00e9, a complete and suggestive universe is born where the stars align with each sound intervention, when our own constellations of emotions shout they resonate, in turn, in the poetic-musical universe of the work.<\/p>\n<p>Hector Parra<\/p>\n<p>Biography<\/p>\n<p>https:\/\/www.lluisaespigole.com\/page2<\/p>\n<p>https:\/\/www.immasantacreu.fr\/index_es.html#seccio_1<\/p>\n<p>Llu\u00efsa Espigol\u00e9 and Imma Santacreu, piano \/ Pere Arquillu\u00e9, recital<\/p>\n","protected":false},"excerpt":{"rendered":"<p>We find the artistic path that Joan Mir\u00f3 weaves with great tenacity during the decade of the thirties, immersed in the tumultuous political, social and economic changes that characterized her, particularly inspiring. The proclamation of the 2nd Republic, the military coup of 1936, the horror of the civil war and the advent of Francoism, a [&hellip;]<\/p>\n","protected":false},"author":2,"featured_media":4315,"template":"","meta":{"_et_pb_use_builder":"","_et_pb_old_content":"","_et_gb_content_width":""},"tags":[],"mec_category":[1333],"mec_speaker":[],"class_list":["post-4317","mec-events","type-mec-events","status-publish","has-post-thumbnail","hentry","mec_category-festival-mixtur-en"],"yoast_head":"<!-- This site is optimized with the Yoast SEO plugin v19.9 - https:\/\/yoast.com\/wordpress\/plugins\/seo\/ -->\n<title>H\u00e8ctor Parra amb Pere Arquillu\u00e9, Llu\u00efsa Espigol\u00e9 i Imma Santacreu MIXTUR 2023 - Free Impro Barcelona<\/title>\n<meta name=\"robots\" content=\"index, follow, max-snippet:-1, max-image-preview:large, max-video-preview:-1\" \/>\n<link rel=\"canonical\" href=\"https:\/\/freeimprobarcelona.com\/en\/calendar\/hector-parra-amb-pere-arquillue-lluisa-espigole-i-imma-santacreu-mixtur-2023\/\" \/>\n<meta property=\"og:locale\" content=\"en_US\" \/>\n<meta property=\"og:type\" content=\"article\" \/>\n<meta property=\"og:title\" content=\"H\u00e8ctor Parra amb Pere Arquillu\u00e9, Llu\u00efsa Espigol\u00e9 i Imma Santacreu MIXTUR 2023 - Free Impro Barcelona\" \/>\n<meta property=\"og:description\" content=\"We find the artistic path that Joan Mir\u00f3 weaves with great tenacity during the decade of the thirties, immersed in the tumultuous political, social and economic changes that characterized her, particularly inspiring. The proclamation of the 2nd Republic, the military coup of 1936, the horror of the civil war and the advent of Francoism, a [&hellip;]\" \/>\n<meta property=\"og:url\" content=\"https:\/\/freeimprobarcelona.com\/en\/calendar\/hector-parra-amb-pere-arquillue-lluisa-espigole-i-imma-santacreu-mixtur-2023\/\" \/>\n<meta property=\"og:site_name\" content=\"Free Impro Barcelona\" \/>\n<meta property=\"article:modified_time\" content=\"2023-09-06T12:50:37+00:00\" \/>\n<meta property=\"og:image\" content=\"https:\/\/freeimprobarcelona.com\/wp-content\/uploads\/2023\/09\/Imma-i-Lluisa_may.jpg\" \/>\n\t<meta property=\"og:image:width\" content=\"1000\" \/>\n\t<meta property=\"og:image:height\" content=\"563\" \/>\n\t<meta property=\"og:image:type\" content=\"image\/jpeg\" \/>\n<meta name=\"twitter:card\" content=\"summary_large_image\" \/>\n<meta name=\"twitter:label1\" content=\"Est. reading time\" \/>\n\t<meta name=\"twitter:data1\" content=\"2 minutes\" \/>\n<script type=\"application\/ld+json\" class=\"yoast-schema-graph\">{\"@context\":\"https:\/\/schema.org\",\"@graph\":[{\"@type\":\"WebPage\",\"@id\":\"https:\/\/freeimprobarcelona.com\/en\/calendar\/hector-parra-amb-pere-arquillue-lluisa-espigole-i-imma-santacreu-mixtur-2023\/\",\"url\":\"https:\/\/freeimprobarcelona.com\/en\/calendar\/hector-parra-amb-pere-arquillue-lluisa-espigole-i-imma-santacreu-mixtur-2023\/\",\"name\":\"H\u00e8ctor Parra amb Pere Arquillu\u00e9, Llu\u00efsa Espigol\u00e9 i Imma Santacreu MIXTUR 2023 - Free Impro Barcelona\",\"isPartOf\":{\"@id\":\"https:\/\/freeimprobarcelona.com\/en\/#website\"},\"datePublished\":\"2023-09-06T12:47:59+00:00\",\"dateModified\":\"2023-09-06T12:50:37+00:00\",\"breadcrumb\":{\"@id\":\"https:\/\/freeimprobarcelona.com\/en\/calendar\/hector-parra-amb-pere-arquillue-lluisa-espigole-i-imma-santacreu-mixtur-2023\/#breadcrumb\"},\"inLanguage\":\"en-US\",\"potentialAction\":[{\"@type\":\"ReadAction\",\"target\":[\"https:\/\/freeimprobarcelona.com\/en\/calendar\/hector-parra-amb-pere-arquillue-lluisa-espigole-i-imma-santacreu-mixtur-2023\/\"]}]},{\"@type\":\"BreadcrumbList\",\"@id\":\"https:\/\/freeimprobarcelona.com\/en\/calendar\/hector-parra-amb-pere-arquillue-lluisa-espigole-i-imma-santacreu-mixtur-2023\/#breadcrumb\",\"itemListElement\":[{\"@type\":\"ListItem\",\"position\":1,\"name\":\"Home\",\"item\":\"https:\/\/freeimprobarcelona.com\/en\/\"},{\"@type\":\"ListItem\",\"position\":2,\"name\":\"Events\",\"item\":\"https:\/\/freeimprobarcelona.com\/en\/calendar\/\"},{\"@type\":\"ListItem\",\"position\":3,\"name\":\"H\u00e8ctor Parra amb Pere Arquillu\u00e9, Llu\u00efsa Espigol\u00e9 i Imma Santacreu MIXTUR 2023\"}]},{\"@type\":\"WebSite\",\"@id\":\"https:\/\/freeimprobarcelona.com\/en\/#website\",\"url\":\"https:\/\/freeimprobarcelona.com\/en\/\",\"name\":\"Free Impro Barcelona\",\"description\":\"Free Impro Barcelona\",\"potentialAction\":[{\"@type\":\"SearchAction\",\"target\":{\"@type\":\"EntryPoint\",\"urlTemplate\":\"https:\/\/freeimprobarcelona.com\/en\/?s={search_term_string}\"},\"query-input\":\"required name=search_term_string\"}],\"inLanguage\":\"en-US\"}]}<\/script>\n<!-- \/ Yoast SEO plugin. -->","yoast_head_json":{"title":"H\u00e8ctor Parra amb Pere Arquillu\u00e9, Llu\u00efsa Espigol\u00e9 i Imma Santacreu MIXTUR 2023 - Free Impro Barcelona","robots":{"index":"index","follow":"follow","max-snippet":"max-snippet:-1","max-image-preview":"max-image-preview:large","max-video-preview":"max-video-preview:-1"},"canonical":"https:\/\/freeimprobarcelona.com\/en\/calendar\/hector-parra-amb-pere-arquillue-lluisa-espigole-i-imma-santacreu-mixtur-2023\/","og_locale":"en_US","og_type":"article","og_title":"H\u00e8ctor Parra amb Pere Arquillu\u00e9, Llu\u00efsa Espigol\u00e9 i Imma Santacreu MIXTUR 2023 - Free Impro Barcelona","og_description":"We find the artistic path that Joan Mir\u00f3 weaves with great tenacity during the decade of the thirties, immersed in the tumultuous political, social and economic changes that characterized her, particularly inspiring. The proclamation of the 2nd Republic, the military coup of 1936, the horror of the civil war and the advent of Francoism, a [&hellip;]","og_url":"https:\/\/freeimprobarcelona.com\/en\/calendar\/hector-parra-amb-pere-arquillue-lluisa-espigole-i-imma-santacreu-mixtur-2023\/","og_site_name":"Free Impro Barcelona","article_modified_time":"2023-09-06T12:50:37+00:00","og_image":[{"width":1000,"height":563,"url":"https:\/\/freeimprobarcelona.com\/wp-content\/uploads\/2023\/09\/Imma-i-Lluisa_may.jpg","type":"image\/jpeg"}],"twitter_card":"summary_large_image","twitter_misc":{"Est. reading time":"2 minutes"},"schema":{"@context":"https:\/\/schema.org","@graph":[{"@type":"WebPage","@id":"https:\/\/freeimprobarcelona.com\/en\/calendar\/hector-parra-amb-pere-arquillue-lluisa-espigole-i-imma-santacreu-mixtur-2023\/","url":"https:\/\/freeimprobarcelona.com\/en\/calendar\/hector-parra-amb-pere-arquillue-lluisa-espigole-i-imma-santacreu-mixtur-2023\/","name":"H\u00e8ctor Parra amb Pere Arquillu\u00e9, Llu\u00efsa Espigol\u00e9 i Imma Santacreu MIXTUR 2023 - Free Impro Barcelona","isPartOf":{"@id":"https:\/\/freeimprobarcelona.com\/en\/#website"},"datePublished":"2023-09-06T12:47:59+00:00","dateModified":"2023-09-06T12:50:37+00:00","breadcrumb":{"@id":"https:\/\/freeimprobarcelona.com\/en\/calendar\/hector-parra-amb-pere-arquillue-lluisa-espigole-i-imma-santacreu-mixtur-2023\/#breadcrumb"},"inLanguage":"en-US","potentialAction":[{"@type":"ReadAction","target":["https:\/\/freeimprobarcelona.com\/en\/calendar\/hector-parra-amb-pere-arquillue-lluisa-espigole-i-imma-santacreu-mixtur-2023\/"]}]},{"@type":"BreadcrumbList","@id":"https:\/\/freeimprobarcelona.com\/en\/calendar\/hector-parra-amb-pere-arquillue-lluisa-espigole-i-imma-santacreu-mixtur-2023\/#breadcrumb","itemListElement":[{"@type":"ListItem","position":1,"name":"Home","item":"https:\/\/freeimprobarcelona.com\/en\/"},{"@type":"ListItem","position":2,"name":"Events","item":"https:\/\/freeimprobarcelona.com\/en\/calendar\/"},{"@type":"ListItem","position":3,"name":"H\u00e8ctor Parra amb Pere Arquillu\u00e9, Llu\u00efsa Espigol\u00e9 i Imma Santacreu MIXTUR 2023"}]},{"@type":"WebSite","@id":"https:\/\/freeimprobarcelona.com\/en\/#website","url":"https:\/\/freeimprobarcelona.com\/en\/","name":"Free Impro Barcelona","description":"Free Impro Barcelona","potentialAction":[{"@type":"SearchAction","target":{"@type":"EntryPoint","urlTemplate":"https:\/\/freeimprobarcelona.com\/en\/?s={search_term_string}"},"query-input":"required name=search_term_string"}],"inLanguage":"en-US"}]}},"_links":{"self":[{"href":"https:\/\/freeimprobarcelona.com\/en\/wp-json\/wp\/v2\/mec-events\/4317","targetHints":{"allow":["GET"]}}],"collection":[{"href":"https:\/\/freeimprobarcelona.com\/en\/wp-json\/wp\/v2\/mec-events"}],"about":[{"href":"https:\/\/freeimprobarcelona.com\/en\/wp-json\/wp\/v2\/types\/mec-events"}],"author":[{"embeddable":true,"href":"https:\/\/freeimprobarcelona.com\/en\/wp-json\/wp\/v2\/users\/2"}],"wp:featuredmedia":[{"embeddable":true,"href":"https:\/\/freeimprobarcelona.com\/en\/wp-json\/wp\/v2\/media\/4315"}],"wp:attachment":[{"href":"https:\/\/freeimprobarcelona.com\/en\/wp-json\/wp\/v2\/media?parent=4317"}],"wp:term":[{"taxonomy":"post_tag","embeddable":true,"href":"https:\/\/freeimprobarcelona.com\/en\/wp-json\/wp\/v2\/tags?post=4317"},{"taxonomy":"mec_category","embeddable":true,"href":"https:\/\/freeimprobarcelona.com\/en\/wp-json\/wp\/v2\/mec_category?post=4317"},{"taxonomy":"mec_speaker","embeddable":true,"href":"https:\/\/freeimprobarcelona.com\/en\/wp-json\/wp\/v2\/mec_speaker?post=4317"}],"curies":[{"name":"wp","href":"https:\/\/api.w.org\/{rel}","templated":true}]}}

Hèctor Parra amb Pere Arquillué, Lluïsa Espigolé i Imma Santacreu  MIXTUR 2023

<p>We find the artistic path that Joan Miró weaves with great tenacity during the decade of the thirties, immersed in the tumultuous political, social and economic changes that characterized her, particularly inspiring. The proclamation of the 2nd Republic, the military coup of 1936, the horror of the civil war and the advent of Francoism, a four-year exile and the subsequent flight from the Nazi invasion of France culminate, paradoxically, in the formidable series of 23 constellations that he painted between January 1940 and September 1941. With these small format gouaches Miró brings to the world an exemplary model of tenacity, artistic development, plastic harmony as well as human integrity in a of the darkest moments in history.</p>
<p>Based on an original request by Carmen Martínez-Pierret, between April 2020 and 2023 the composer Hèctor Parra and the poet Arnau Pons have been immersed in the composition of a poetic-musical cycle inspired by the Constellations. In the company of the pianist Imma Santacreu, Hèctor Parra has explored on the piano &#8211; first in an improvised way and then by crystallizing an adapted writing &#8211; all of a series of special techniques that use a multitude of objects in order to bring -us to a melodramatic form that arose directly from his own experience of the micro-universes suggested by each constellation, and which aims to challenge the public to experience it in the first person. Thus, this cycle is a journey into the inner world of the composer himself as well as the poet, which externalizes Miró&#8217;s painting in the form of a complex musical canvas: ethereal or dense, smooth or rough, delicate or rough. In the hands of pianists Imma Santacreu and Lluïsa Espigolé, the piano is transformed into an almost electroacoustic instrument. In combination with the poems written by Arnau Pons and performed live by the actor Pere Arquillué, a complete and suggestive universe is born where the stars align with each sound intervention, when our own constellations of emotions shout they resonate, in turn, in the poetic-musical universe of the work.</p>
<p>Hector Parra</p>
<p>Biography</p>
<p>https://www.lluisaespigole.com/page2</p>
<p>https://www.immasantacreu.fr/index_es.html#seccio_1</p>
<p>Lluïsa Espigolé and Imma Santacreu, piano / Pere Arquillué, recital</p>

<p>We find the artistic path that Joan Miró weaves with great tenacity during the decade of the thirties, immersed in the tumultuous political, social and economic changes that characterized her, particularly inspiring. The proclamation of the 2nd Republic, the military coup of 1936, the horror of the civil war and the advent of Francoism, a [&hellip;]</p>

<!-- This site is optimized with the Yoast SEO plugin v19.9 - https://yoast.com/wordpress/plugins/seo/ -->
<title>Hèctor Parra amb Pere Arquillué, Lluïsa Espigolé i Imma Santacreu MIXTUR 2023 - Free Impro Barcelona</title>
<meta name="robots" content="index, follow, max-snippet:-1, max-image-preview:large, max-video-preview:-1" />
<link rel="canonical" href="https://freeimprobarcelona.com/en/calendar/hector-parra-amb-pere-arquillue-lluisa-espigole-i-imma-santacreu-mixtur-2023/" />
<meta property="og:locale" content="en_US" />
<meta property="og:type" content="article" />
<meta property="og:title" content="Hèctor Parra amb Pere Arquillué, Lluïsa Espigolé i Imma Santacreu MIXTUR 2023 - Free Impro Barcelona" />
<meta property="og:description" content="We find the artistic path that Joan Miró weaves with great tenacity during the decade of the thirties, immersed in the tumultuous political, social and economic changes that characterized her, particularly inspiring. The proclamation of the 2nd Republic, the military coup of 1936, the horror of the civil war and the advent of Francoism, a [&hellip;]" />
<meta property="og:url" content="https://freeimprobarcelona.com/en/calendar/hector-parra-amb-pere-arquillue-lluisa-espigole-i-imma-santacreu-mixtur-2023/" />
<meta property="og:site_name" content="Free Impro Barcelona" />
<meta property="article:modified_time" content="2023-09-06T12:50:37+00:00" />
<meta property="og:image" content="https://freeimprobarcelona.com/wp-content/uploads/2023/09/Imma-i-Lluisa_may.jpg" />
	<meta property="og:image:width" content="1000" />
	<meta property="og:image:height" content="563" />
	<meta property="og:image:type" content="image/jpeg" />
<meta name="twitter:card" content="summary_large_image" />
<meta name="twitter:label1" content="Est. reading time" />
	<meta name="twitter:data1" content="2 minutes" />
<script type="application/ld+json" class="yoast-schema-graph">{"@context":"https://schema.org","@graph":[{"@type":"WebPage","@id":"https://freeimprobarcelona.com/en/calendar/hector-parra-amb-pere-arquillue-lluisa-espigole-i-imma-santacreu-mixtur-2023/","url":"https://freeimprobarcelona.com/en/calendar/hector-parra-amb-pere-arquillue-lluisa-espigole-i-imma-santacreu-mixtur-2023/","name":"Hèctor Parra amb Pere Arquillué, Lluïsa Espigolé i Imma Santacreu MIXTUR 2023 - Free Impro Barcelona","isPartOf":{"@id":"https://freeimprobarcelona.com/en/#website"},"datePublished":"2023-09-06T12:47:59+00:00","dateModified":"2023-09-06T12:50:37+00:00","breadcrumb":{"@id":"https://freeimprobarcelona.com/en/calendar/hector-parra-amb-pere-arquillue-lluisa-espigole-i-imma-santacreu-mixtur-2023/#breadcrumb"},"inLanguage":"en-US","potentialAction":[{"@type":"ReadAction","target":["https://freeimprobarcelona.com/en/calendar/hector-parra-amb-pere-arquillue-lluisa-espigole-i-imma-santacreu-mixtur-2023/"]}]},{"@type":"BreadcrumbList","@id":"https://freeimprobarcelona.com/en/calendar/hector-parra-amb-pere-arquillue-lluisa-espigole-i-imma-santacreu-mixtur-2023/#breadcrumb","itemListElement":[{"@type":"ListItem","position":1,"name":"Home","item":"https://freeimprobarcelona.com/en/"},{"@type":"ListItem","position":2,"name":"Events","item":"https://freeimprobarcelona.com/en/calendar/"},{"@type":"ListItem","position":3,"name":"Hèctor Parra amb Pere Arquillué, Lluïsa Espigolé i Imma Santacreu MIXTUR 2023"}]},{"@type":"WebSite","@id":"https://freeimprobarcelona.com/en/#website","url":"https://freeimprobarcelona.com/en/","name":"Free Impro Barcelona","description":"Free Impro Barcelona","potentialAction":[{"@type":"SearchAction","target":{"@type":"EntryPoint","urlTemplate":"https://freeimprobarcelona.com/en/?s={search_term_string}"},"query-input":"required name=search_term_string"}],"inLanguage":"en-US"}]}</script>
<!-- / Yoast SEO plugin. -->

Hèctor Parra amb Pere Arquillué, Lluïsa Espigolé i Imma Santacreu MIXTUR 2023 - Free Impro Barcelona

We find the artistic path that Joan Miró weaves with great tenacity during the decade of the thirties, immersed in the tumultuous political, social and economic changes that characterized her, particularly inspiring. The proclamation of the 2nd Republic, the military coup of 1936, the horror of the civil war and the advent of Francoism, a [&hellip;]

Hèctor Parra amb Pere Arquillué, Lluïsa Espigolé i Imma Santacreu MIXTUR 2023
