{"id":4058,"date":"2023-06-21T09:30:57","date_gmt":"2023-06-21T09:30:57","guid":{"rendered":"https:\/\/freeimprobarcelona.com\/?post_type=mec-events&#038;p=4058"},"modified":"2023-06-21T09:32:47","modified_gmt":"2023-06-21T09:32:47","slug":"dimecres-de-so-i-cos-nuno-rebelo-constanza-brncic-presenten-si-se-diera-un-cuerpo-al-bullicio","status":"publish","type":"mec-events","link":"https:\/\/freeimprobarcelona.com\/en\/calendar\/dimecres-de-so-i-cos-nuno-rebelo-constanza-brncic-presenten-si-se-diera-un-cuerpo-al-bullicio\/","title":{"rendered":"Dimecres de so i cos Nuno Rebelo + Constanza Brn\u010di\u0107 presenten \u201c\u00a1Si se diera un cuerpo al bullicio!\u201d"},"content":{"rendered":"<div class=\"grafic_destacat_cont_description_left col-lg-6 col-md-6 col-sm-6 col-xs-12\">\n<div class=\"grafic_description_cont\">\n<p>Nuno Rebelo and Constanza Brn\u010di\u0107 have been collaborating for several years in different works of scenic creation. Their shared interest in experimental music, improvisation and the pleasure of performative play has led them to meet on different occasions and in different contexts to improvise with sound and movement. From these encounters, some with an audience, others behind closed doors, a specific language has emerged that combines physical action and musical creation.<\/p>\n<p>Si se diera un cuerpo al bullicio\u00a0is an attempt to capture these encounters scenically. The piece explores the relationship between movement and sound production, working from the development of structures. These generate diverse compositions that fluctuate between the random and the necessary. The performers use various objects and instruments which, amplified, produce a sound space and, at the same time, make images and actions appear. The result is a piece that moves in a terrain between concert and performance.<\/p>\n<p>&nbsp;<\/p>\n<p>Links of interest:<\/p>\n<p><a href=\"http:\/\/www.constanzabrncic.net\">www.constanzabrncic.net<\/a><\/p>\n<p><a href=\"http:\/\/www.piece-bcn.org\">www.piece-bcn.org<\/a><\/p>\n<p><a href=\"http:\/\/www.youtube.com\/nunorebelomusic\">www.youtube.com\/nunorebelomusic<\/a><\/p>\n<p>Music and movement:\u00a0Nuno Rebelo\u00a0+\u00a0Constanza\u00a0 Brn\u010di\u0107<\/p>\n<p>Artistic collaboration:\u00a0Beatriz Gonz\u00e1lez Magad\u00e1n<\/p>\n<p>&nbsp;<\/p>\n<p>Constanza\u00a0Brn\u010di\u0107:\u00a0dancer and choreographer. She holds a degree in Philosophy and a master&#8217;s degree in Contemporary Thought and Classical Tradition from the UB, where she is currently working on her doctoral thesis. She combines her artistic and research work in the field of stage creation and the realization of numerous projects and commissions &#8211; including the community project PI(\u00c8)CE or her latest work\u00a0Registros Evanescentes, among others &#8211; with teaching Composition, Improvisation and Movement Techniques at the Conservatori Superior de Dansa (CSD\/Institut del Teatre).<\/p>\n<p>&nbsp;<\/p>\n<p>Nuno Rebelo: after training in architecture, he decided to devote himself to his true passion: music. From 1983 to 1989, he led the rock band Mler if Dada, which was produced in Portugal, Spain, France, Italy and Algeria. From 1988 he composes for film, theatre and dance, working with choreographers such as Joa\u00f4 Fiadeiro, Vera Mantero, Paulo Ribeiro, Mark Tompkins, Lisa Nelson, Steve Paxton, Malpelo, Constanza Brncic, among others. He improvises in concerts with musicians such as Joan Saura, Agust\u00ed Fern\u00e0ndez, Ferran Fages, Alfredo-Costa Monteiro, Lali Barri\u00e8re, Marco Franco, Carlos Zingaro, Kato Hideki, John Zorn, Peter Kowald, Evan Parker and many more.<\/p>\n<p>&nbsp;<\/p>\n<p>Wednesdays of sound and body 2023\u00a0builds on the proposals of:<\/p>\n<p>&nbsp;<\/p>\n<\/div>\n<\/div>\n<div class=\"grafic_destacat_cont_description_right col-lg-6 col-md-6 col-sm-6 col-xs-12\">\n<div class=\"grafic_exposicions_credit\">\n<p><img decoding=\"async\" title=\"Logos_DimecresSoiCos_WEB\" src=\"https:\/\/artssantamonica.gencat.cat\/web\/.content\/Imatge\/2023\/Activitats\/01-gener-2023\/Logos_DimecresSoiCos_WEB.jpg\" alt=\"Logos_DimecresSoiCos_WEB\" \/><\/p>\n<\/div>\n<\/div>\n","protected":false},"excerpt":{"rendered":"<p>Nuno Rebelo and Constanza Brn\u010di\u0107 have been collaborating for several years in different works of scenic creation. Their shared interest in experimental music, improvisation and the pleasure of performative play has led them to meet on different occasions and in different contexts to improvise with sound and movement. From these encounters, some with an audience, [&hellip;]<\/p>\n","protected":false},"author":2,"featured_media":4056,"template":"","meta":{"_et_pb_use_builder":"","_et_pb_old_content":"","_et_gb_content_width":""},"tags":[],"mec_category":[711],"mec_speaker":[1925,970],"class_list":["post-4058","mec-events","type-mec-events","status-publish","has-post-thumbnail","hentry","mec_category-dimecres-de-so-i-cos-en"],"yoast_head":"<!-- This site is optimized with the Yoast SEO plugin v19.9 - https:\/\/yoast.com\/wordpress\/plugins\/seo\/ -->\n<title>Dimecres de so i cos Nuno Rebelo + Constanza Brn\u010di\u0107 presenten \u201c\u00a1Si se diera un cuerpo al bullicio!\u201d - Free Impro Barcelona<\/title>\n<meta name=\"robots\" content=\"index, follow, max-snippet:-1, max-image-preview:large, max-video-preview:-1\" \/>\n<link rel=\"canonical\" href=\"https:\/\/freeimprobarcelona.com\/en\/calendar\/dimecres-de-so-i-cos-nuno-rebelo-constanza-brncic-presenten-si-se-diera-un-cuerpo-al-bullicio\/\" \/>\n<meta property=\"og:locale\" content=\"en_US\" \/>\n<meta property=\"og:type\" content=\"article\" \/>\n<meta property=\"og:title\" content=\"Dimecres de so i cos Nuno Rebelo + Constanza Brn\u010di\u0107 presenten \u201c\u00a1Si se diera un cuerpo al bullicio!\u201d - Free Impro Barcelona\" \/>\n<meta property=\"og:description\" content=\"Nuno Rebelo and Constanza Brn\u010di\u0107 have been collaborating for several years in different works of scenic creation. Their shared interest in experimental music, improvisation and the pleasure of performative play has led them to meet on different occasions and in different contexts to improvise with sound and movement. From these encounters, some with an audience, [&hellip;]\" \/>\n<meta property=\"og:url\" content=\"https:\/\/freeimprobarcelona.com\/en\/calendar\/dimecres-de-so-i-cos-nuno-rebelo-constanza-brncic-presenten-si-se-diera-un-cuerpo-al-bullicio\/\" \/>\n<meta property=\"og:site_name\" content=\"Free Impro Barcelona\" \/>\n<meta property=\"article:modified_time\" content=\"2023-06-21T09:32:47+00:00\" \/>\n<meta property=\"og:image\" content=\"https:\/\/freeimprobarcelona.com\/wp-content\/uploads\/2023\/06\/Dar-a-Ouvir-Se-se-desse-um-corpo-ao-ruido-46-606x366-1.jpg\" \/>\n\t<meta property=\"og:image:width\" content=\"606\" \/>\n\t<meta property=\"og:image:height\" content=\"366\" \/>\n\t<meta property=\"og:image:type\" content=\"image\/jpeg\" \/>\n<meta name=\"twitter:card\" content=\"summary_large_image\" \/>\n<meta name=\"twitter:label1\" content=\"Est. reading time\" \/>\n\t<meta name=\"twitter:data1\" content=\"2 minutes\" \/>\n<script type=\"application\/ld+json\" class=\"yoast-schema-graph\">{\"@context\":\"https:\/\/schema.org\",\"@graph\":[{\"@type\":\"WebPage\",\"@id\":\"https:\/\/freeimprobarcelona.com\/en\/calendar\/dimecres-de-so-i-cos-nuno-rebelo-constanza-brncic-presenten-si-se-diera-un-cuerpo-al-bullicio\/\",\"url\":\"https:\/\/freeimprobarcelona.com\/en\/calendar\/dimecres-de-so-i-cos-nuno-rebelo-constanza-brncic-presenten-si-se-diera-un-cuerpo-al-bullicio\/\",\"name\":\"Dimecres de so i cos Nuno Rebelo + Constanza Brn\u010di\u0107 presenten \u201c\u00a1Si se diera un cuerpo al bullicio!\u201d - Free Impro Barcelona\",\"isPartOf\":{\"@id\":\"https:\/\/freeimprobarcelona.com\/en\/#website\"},\"datePublished\":\"2023-06-21T09:30:57+00:00\",\"dateModified\":\"2023-06-21T09:32:47+00:00\",\"breadcrumb\":{\"@id\":\"https:\/\/freeimprobarcelona.com\/en\/calendar\/dimecres-de-so-i-cos-nuno-rebelo-constanza-brncic-presenten-si-se-diera-un-cuerpo-al-bullicio\/#breadcrumb\"},\"inLanguage\":\"en-US\",\"potentialAction\":[{\"@type\":\"ReadAction\",\"target\":[\"https:\/\/freeimprobarcelona.com\/en\/calendar\/dimecres-de-so-i-cos-nuno-rebelo-constanza-brncic-presenten-si-se-diera-un-cuerpo-al-bullicio\/\"]}]},{\"@type\":\"BreadcrumbList\",\"@id\":\"https:\/\/freeimprobarcelona.com\/en\/calendar\/dimecres-de-so-i-cos-nuno-rebelo-constanza-brncic-presenten-si-se-diera-un-cuerpo-al-bullicio\/#breadcrumb\",\"itemListElement\":[{\"@type\":\"ListItem\",\"position\":1,\"name\":\"Home\",\"item\":\"https:\/\/freeimprobarcelona.com\/en\/\"},{\"@type\":\"ListItem\",\"position\":2,\"name\":\"Events\",\"item\":\"https:\/\/freeimprobarcelona.com\/en\/calendar\/\"},{\"@type\":\"ListItem\",\"position\":3,\"name\":\"Dimecres de so i cos Nuno Rebelo + Constanza Brn\u010di\u0107 presenten \u201c\u00a1Si se diera un cuerpo al bullicio!\u201d\"}]},{\"@type\":\"WebSite\",\"@id\":\"https:\/\/freeimprobarcelona.com\/en\/#website\",\"url\":\"https:\/\/freeimprobarcelona.com\/en\/\",\"name\":\"Free Impro Barcelona\",\"description\":\"Free Impro Barcelona\",\"potentialAction\":[{\"@type\":\"SearchAction\",\"target\":{\"@type\":\"EntryPoint\",\"urlTemplate\":\"https:\/\/freeimprobarcelona.com\/en\/?s={search_term_string}\"},\"query-input\":\"required name=search_term_string\"}],\"inLanguage\":\"en-US\"}]}<\/script>\n<!-- \/ Yoast SEO plugin. -->","yoast_head_json":{"title":"Dimecres de so i cos Nuno Rebelo + Constanza Brn\u010di\u0107 presenten \u201c\u00a1Si se diera un cuerpo al bullicio!\u201d - Free Impro Barcelona","robots":{"index":"index","follow":"follow","max-snippet":"max-snippet:-1","max-image-preview":"max-image-preview:large","max-video-preview":"max-video-preview:-1"},"canonical":"https:\/\/freeimprobarcelona.com\/en\/calendar\/dimecres-de-so-i-cos-nuno-rebelo-constanza-brncic-presenten-si-se-diera-un-cuerpo-al-bullicio\/","og_locale":"en_US","og_type":"article","og_title":"Dimecres de so i cos Nuno Rebelo + Constanza Brn\u010di\u0107 presenten \u201c\u00a1Si se diera un cuerpo al bullicio!\u201d - Free Impro Barcelona","og_description":"Nuno Rebelo and Constanza Brn\u010di\u0107 have been collaborating for several years in different works of scenic creation. Their shared interest in experimental music, improvisation and the pleasure of performative play has led them to meet on different occasions and in different contexts to improvise with sound and movement. From these encounters, some with an audience, [&hellip;]","og_url":"https:\/\/freeimprobarcelona.com\/en\/calendar\/dimecres-de-so-i-cos-nuno-rebelo-constanza-brncic-presenten-si-se-diera-un-cuerpo-al-bullicio\/","og_site_name":"Free Impro Barcelona","article_modified_time":"2023-06-21T09:32:47+00:00","og_image":[{"width":606,"height":366,"url":"https:\/\/freeimprobarcelona.com\/wp-content\/uploads\/2023\/06\/Dar-a-Ouvir-Se-se-desse-um-corpo-ao-ruido-46-606x366-1.jpg","type":"image\/jpeg"}],"twitter_card":"summary_large_image","twitter_misc":{"Est. reading time":"2 minutes"},"schema":{"@context":"https:\/\/schema.org","@graph":[{"@type":"WebPage","@id":"https:\/\/freeimprobarcelona.com\/en\/calendar\/dimecres-de-so-i-cos-nuno-rebelo-constanza-brncic-presenten-si-se-diera-un-cuerpo-al-bullicio\/","url":"https:\/\/freeimprobarcelona.com\/en\/calendar\/dimecres-de-so-i-cos-nuno-rebelo-constanza-brncic-presenten-si-se-diera-un-cuerpo-al-bullicio\/","name":"Dimecres de so i cos Nuno Rebelo + Constanza Brn\u010di\u0107 presenten \u201c\u00a1Si se diera un cuerpo al bullicio!\u201d - Free Impro Barcelona","isPartOf":{"@id":"https:\/\/freeimprobarcelona.com\/en\/#website"},"datePublished":"2023-06-21T09:30:57+00:00","dateModified":"2023-06-21T09:32:47+00:00","breadcrumb":{"@id":"https:\/\/freeimprobarcelona.com\/en\/calendar\/dimecres-de-so-i-cos-nuno-rebelo-constanza-brncic-presenten-si-se-diera-un-cuerpo-al-bullicio\/#breadcrumb"},"inLanguage":"en-US","potentialAction":[{"@type":"ReadAction","target":["https:\/\/freeimprobarcelona.com\/en\/calendar\/dimecres-de-so-i-cos-nuno-rebelo-constanza-brncic-presenten-si-se-diera-un-cuerpo-al-bullicio\/"]}]},{"@type":"BreadcrumbList","@id":"https:\/\/freeimprobarcelona.com\/en\/calendar\/dimecres-de-so-i-cos-nuno-rebelo-constanza-brncic-presenten-si-se-diera-un-cuerpo-al-bullicio\/#breadcrumb","itemListElement":[{"@type":"ListItem","position":1,"name":"Home","item":"https:\/\/freeimprobarcelona.com\/en\/"},{"@type":"ListItem","position":2,"name":"Events","item":"https:\/\/freeimprobarcelona.com\/en\/calendar\/"},{"@type":"ListItem","position":3,"name":"Dimecres de so i cos Nuno Rebelo + Constanza Brn\u010di\u0107 presenten \u201c\u00a1Si se diera un cuerpo al bullicio!\u201d"}]},{"@type":"WebSite","@id":"https:\/\/freeimprobarcelona.com\/en\/#website","url":"https:\/\/freeimprobarcelona.com\/en\/","name":"Free Impro Barcelona","description":"Free Impro Barcelona","potentialAction":[{"@type":"SearchAction","target":{"@type":"EntryPoint","urlTemplate":"https:\/\/freeimprobarcelona.com\/en\/?s={search_term_string}"},"query-input":"required name=search_term_string"}],"inLanguage":"en-US"}]}},"_links":{"self":[{"href":"https:\/\/freeimprobarcelona.com\/en\/wp-json\/wp\/v2\/mec-events\/4058","targetHints":{"allow":["GET"]}}],"collection":[{"href":"https:\/\/freeimprobarcelona.com\/en\/wp-json\/wp\/v2\/mec-events"}],"about":[{"href":"https:\/\/freeimprobarcelona.com\/en\/wp-json\/wp\/v2\/types\/mec-events"}],"author":[{"embeddable":true,"href":"https:\/\/freeimprobarcelona.com\/en\/wp-json\/wp\/v2\/users\/2"}],"wp:featuredmedia":[{"embeddable":true,"href":"https:\/\/freeimprobarcelona.com\/en\/wp-json\/wp\/v2\/media\/4056"}],"wp:attachment":[{"href":"https:\/\/freeimprobarcelona.com\/en\/wp-json\/wp\/v2\/media?parent=4058"}],"wp:term":[{"taxonomy":"post_tag","embeddable":true,"href":"https:\/\/freeimprobarcelona.com\/en\/wp-json\/wp\/v2\/tags?post=4058"},{"taxonomy":"mec_category","embeddable":true,"href":"https:\/\/freeimprobarcelona.com\/en\/wp-json\/wp\/v2\/mec_category?post=4058"},{"taxonomy":"mec_speaker","embeddable":true,"href":"https:\/\/freeimprobarcelona.com\/en\/wp-json\/wp\/v2\/mec_speaker?post=4058"}],"curies":[{"name":"wp","href":"https:\/\/api.w.org\/{rel}","templated":true}]}}

Dimecres de so i cos Nuno Rebelo + Constanza Brnčić presenten “¡Si se diera un cuerpo al bullicio!”

<div class="grafic_destacat_cont_description_left col-lg-6 col-md-6 col-sm-6 col-xs-12">
<div class="grafic_description_cont">
<p>Nuno Rebelo and Constanza Brnčić have been collaborating for several years in different works of scenic creation. Their shared interest in experimental music, improvisation and the pleasure of performative play has led them to meet on different occasions and in different contexts to improvise with sound and movement. From these encounters, some with an audience, others behind closed doors, a specific language has emerged that combines physical action and musical creation.</p>
<p>Si se diera un cuerpo al bullicio is an attempt to capture these encounters scenically. The piece explores the relationship between movement and sound production, working from the development of structures. These generate diverse compositions that fluctuate between the random and the necessary. The performers use various objects and instruments which, amplified, produce a sound space and, at the same time, make images and actions appear. The result is a piece that moves in a terrain between concert and performance.</p>
<p>&nbsp;</p>
<p>Links of interest:</p>
<p><a href="http://www.constanzabrncic.net">www.constanzabrncic.net</a></p>
<p><a href="http://www.piece-bcn.org">www.piece-bcn.org</a></p>
<p><a href="http://www.youtube.com/nunorebelomusic">www.youtube.com/nunorebelomusic</a></p>
<p>Music and movement: Nuno Rebelo + Constanza  Brnčić</p>
<p>Artistic collaboration: Beatriz González Magadán</p>
<p>&nbsp;</p>
<p>Constanza Brnčić: dancer and choreographer. She holds a degree in Philosophy and a master&#8217;s degree in Contemporary Thought and Classical Tradition from the UB, where she is currently working on her doctoral thesis. She combines her artistic and research work in the field of stage creation and the realization of numerous projects and commissions &#8211; including the community project PI(È)CE or her latest work Registros Evanescentes, among others &#8211; with teaching Composition, Improvisation and Movement Techniques at the Conservatori Superior de Dansa (CSD/Institut del Teatre).</p>
<p>&nbsp;</p>
<p>Nuno Rebelo: after training in architecture, he decided to devote himself to his true passion: music. From 1983 to 1989, he led the rock band Mler if Dada, which was produced in Portugal, Spain, France, Italy and Algeria. From 1988 he composes for film, theatre and dance, working with choreographers such as Joaô Fiadeiro, Vera Mantero, Paulo Ribeiro, Mark Tompkins, Lisa Nelson, Steve Paxton, Malpelo, Constanza Brncic, among others. He improvises in concerts with musicians such as Joan Saura, Agustí Fernàndez, Ferran Fages, Alfredo-Costa Monteiro, Lali Barrière, Marco Franco, Carlos Zingaro, Kato Hideki, John Zorn, Peter Kowald, Evan Parker and many more.</p>
<p>&nbsp;</p>
<p>Wednesdays of sound and body 2023 builds on the proposals of:</p>
<p>&nbsp;</p>
</div>
</div>
<div class="grafic_destacat_cont_description_right col-lg-6 col-md-6 col-sm-6 col-xs-12">
<div class="grafic_exposicions_credit">
<p><img decoding="async" title="Logos_DimecresSoiCos_WEB" src="https://artssantamonica.gencat.cat/web/.content/Imatge/2023/Activitats/01-gener-2023/Logos_DimecresSoiCos_WEB.jpg" alt="Logos_DimecresSoiCos_WEB" /></p>
</div>
</div>

<p>Nuno Rebelo and Constanza Brnčić have been collaborating for several years in different works of scenic creation. Their shared interest in experimental music, improvisation and the pleasure of performative play has led them to meet on different occasions and in different contexts to improvise with sound and movement. From these encounters, some with an audience, [&hellip;]</p>

<!-- This site is optimized with the Yoast SEO plugin v19.9 - https://yoast.com/wordpress/plugins/seo/ -->
<title>Dimecres de so i cos Nuno Rebelo + Constanza Brnčić presenten “¡Si se diera un cuerpo al bullicio!” - Free Impro Barcelona</title>
<meta name="robots" content="index, follow, max-snippet:-1, max-image-preview:large, max-video-preview:-1" />
<link rel="canonical" href="https://freeimprobarcelona.com/en/calendar/dimecres-de-so-i-cos-nuno-rebelo-constanza-brncic-presenten-si-se-diera-un-cuerpo-al-bullicio/" />
<meta property="og:locale" content="en_US" />
<meta property="og:type" content="article" />
<meta property="og:title" content="Dimecres de so i cos Nuno Rebelo + Constanza Brnčić presenten “¡Si se diera un cuerpo al bullicio!” - Free Impro Barcelona" />
<meta property="og:description" content="Nuno Rebelo and Constanza Brnčić have been collaborating for several years in different works of scenic creation. Their shared interest in experimental music, improvisation and the pleasure of performative play has led them to meet on different occasions and in different contexts to improvise with sound and movement. From these encounters, some with an audience, [&hellip;]" />
<meta property="og:url" content="https://freeimprobarcelona.com/en/calendar/dimecres-de-so-i-cos-nuno-rebelo-constanza-brncic-presenten-si-se-diera-un-cuerpo-al-bullicio/" />
<meta property="og:site_name" content="Free Impro Barcelona" />
<meta property="article:modified_time" content="2023-06-21T09:32:47+00:00" />
<meta property="og:image" content="https://freeimprobarcelona.com/wp-content/uploads/2023/06/Dar-a-Ouvir-Se-se-desse-um-corpo-ao-ruido-46-606x366-1.jpg" />
	<meta property="og:image:width" content="606" />
	<meta property="og:image:height" content="366" />
	<meta property="og:image:type" content="image/jpeg" />
<meta name="twitter:card" content="summary_large_image" />
<meta name="twitter:label1" content="Est. reading time" />
	<meta name="twitter:data1" content="2 minutes" />
<script type="application/ld+json" class="yoast-schema-graph">{"@context":"https://schema.org","@graph":[{"@type":"WebPage","@id":"https://freeimprobarcelona.com/en/calendar/dimecres-de-so-i-cos-nuno-rebelo-constanza-brncic-presenten-si-se-diera-un-cuerpo-al-bullicio/","url":"https://freeimprobarcelona.com/en/calendar/dimecres-de-so-i-cos-nuno-rebelo-constanza-brncic-presenten-si-se-diera-un-cuerpo-al-bullicio/","name":"Dimecres de so i cos Nuno Rebelo + Constanza Brnčić presenten “¡Si se diera un cuerpo al bullicio!” - Free Impro Barcelona","isPartOf":{"@id":"https://freeimprobarcelona.com/en/#website"},"datePublished":"2023-06-21T09:30:57+00:00","dateModified":"2023-06-21T09:32:47+00:00","breadcrumb":{"@id":"https://freeimprobarcelona.com/en/calendar/dimecres-de-so-i-cos-nuno-rebelo-constanza-brncic-presenten-si-se-diera-un-cuerpo-al-bullicio/#breadcrumb"},"inLanguage":"en-US","potentialAction":[{"@type":"ReadAction","target":["https://freeimprobarcelona.com/en/calendar/dimecres-de-so-i-cos-nuno-rebelo-constanza-brncic-presenten-si-se-diera-un-cuerpo-al-bullicio/"]}]},{"@type":"BreadcrumbList","@id":"https://freeimprobarcelona.com/en/calendar/dimecres-de-so-i-cos-nuno-rebelo-constanza-brncic-presenten-si-se-diera-un-cuerpo-al-bullicio/#breadcrumb","itemListElement":[{"@type":"ListItem","position":1,"name":"Home","item":"https://freeimprobarcelona.com/en/"},{"@type":"ListItem","position":2,"name":"Events","item":"https://freeimprobarcelona.com/en/calendar/"},{"@type":"ListItem","position":3,"name":"Dimecres de so i cos Nuno Rebelo + Constanza Brnčić presenten “¡Si se diera un cuerpo al bullicio!”"}]},{"@type":"WebSite","@id":"https://freeimprobarcelona.com/en/#website","url":"https://freeimprobarcelona.com/en/","name":"Free Impro Barcelona","description":"Free Impro Barcelona","potentialAction":[{"@type":"SearchAction","target":{"@type":"EntryPoint","urlTemplate":"https://freeimprobarcelona.com/en/?s={search_term_string}"},"query-input":"required name=search_term_string"}],"inLanguage":"en-US"}]}</script>
<!-- / Yoast SEO plugin. -->

Dimecres de so i cos Nuno Rebelo + Constanza Brnčić presenten “¡Si se diera un cuerpo al bullicio!” - Free Impro Barcelona

Nuno Rebelo and Constanza Brnčić have been collaborating for several years in different works of scenic creation. Their shared interest in experimental music, improvisation and the pleasure of performative play has led them to meet on different occasions and in different contexts to improvise with sound and movement. From these encounters, some with an audience, [&hellip;]
