{"id":3873,"date":"2023-05-10T09:01:12","date_gmt":"2023-05-10T09:01:12","guid":{"rendered":"https:\/\/freeimprobarcelona.com\/?post_type=mec-events&#038;p=3873"},"modified":"2023-05-10T09:09:32","modified_gmt":"2023-05-10T09:09:32","slug":"dimecres-de-so-i-cos-marc-egea-solo-acustic-a-la-viola-de-roda-i-mes-enlla","status":"publish","type":"mec-events","link":"https:\/\/freeimprobarcelona.com\/en\/calendar\/dimecres-de-so-i-cos-marc-egea-solo-acustic-a-la-viola-de-roda-i-mes-enlla\/","title":{"rendered":"Dimecres de so i cos Marc Egea, solo ac\u00fastic: a la viola de roda i m\u00e9s enll\u00e0"},"content":{"rendered":"<div class=\"grafic_destacat_cont_description_left col-lg-6 col-md-6 col-sm-6 col-xs-12\">\n<div class=\"grafic_description_cont\">\n<p>The viola de roda is a very old instrument. Its history dates back to before the year 1000 and it has been played, is played and will be played in all kinds of contexts around the world. A timeless instrument, it offers inexhaustible sound possibilities. It is not only curiosity or strangeness that makes one feel attracted to the wheel viola but also for its mysterious, peculiar and unusual sound.<\/p>\n<p>Creation and improvisation: a repertoire in which you can hear reworked traditional songs and your own compositions. You will hear how Marc Egea goes from more popular music to jazz and rock. In short, you will hear what you have never heard before and much more.<\/p>\n<p>Links of interest:<\/p>\n<p>www.marcegea.com<\/p>\n<p><iframe loading=\"lazy\" title=\"Marc Egea - &quot;Madranque&quot; by Valentin Clastrier\" width=\"1080\" height=\"810\" src=\"https:\/\/www.youtube.com\/embed\/mkxAJHDYA5k?feature=oembed\"  allow=\"accelerometer; autoplay; clipboard-write; encrypted-media; gyroscope; picture-in-picture; web-share\" allowfullscreen><\/iframe><\/p>\n<p><iframe loading=\"lazy\" title=\"Marc Egea [III Ciclo de Experimentaci\u00f3n Sonora]\" width=\"1080\" height=\"608\" src=\"https:\/\/www.youtube.com\/embed\/aTYtG1FDTfU?feature=oembed\"  allow=\"accelerometer; autoplay; clipboard-write; encrypted-media; gyroscope; picture-in-picture; web-share\" allowfullscreen><\/iframe><\/p>\n<p>&nbsp;<\/p>\n<p>With the participation of Miquel Jord\u00e0 interviewing Marc Egea<\/p>\n<p>Marc Egea (Barcelona, \u200b\u200b1973)<br \/>\nMusician and philosopher. Studies in Philosophy, flabiol, guitar, viola and harmony. He began his career as a professional musician in 1990 with the trio M\u00fasics de Safeu and later with the group &#8220;El Pont d&#8217;Arcal\u00eds&#8221;. From 2005 he is a musician on his own account and collaborates in numerous formations and national and international artists of many different musical styles. Founder of several instrumental groups in addition to developing a musical task as a composer and performer in the field of dance, theater and poetry recitals. He has performed on stages all over the world. He has recorded more than thirty discs. Composer of works for brass ensemble, couplet, symphony band, chamber music, choir, electronic music, etc. He is currently a teacher of instrumental groups at the Arenys de Mar School of Music, a musician in several artistic projects and a professor of Philosophy.<\/p>\n<\/div>\n<\/div>\n","protected":false},"excerpt":{"rendered":"<p>The viola de roda is a very old instrument. Its history dates back to before the year 1000 and it has been played, is played and will be played in all kinds of contexts around the world. A timeless instrument, it offers inexhaustible sound possibilities. It is not only curiosity or strangeness that makes one [&hellip;]<\/p>\n","protected":false},"author":2,"featured_media":3871,"template":"","meta":{"_et_pb_use_builder":"","_et_pb_old_content":"","_et_gb_content_width":""},"tags":[],"mec_category":[711],"mec_speaker":[691],"class_list":["post-3873","mec-events","type-mec-events","status-publish","has-post-thumbnail","hentry","mec_category-dimecres-de-so-i-cos-en"],"yoast_head":"<!-- This site is optimized with the Yoast SEO plugin v19.9 - https:\/\/yoast.com\/wordpress\/plugins\/seo\/ -->\n<title>Dimecres de so i cos Marc Egea, solo ac\u00fastic: a la viola de roda i m\u00e9s enll\u00e0 - Free Impro Barcelona<\/title>\n<meta name=\"robots\" content=\"index, follow, max-snippet:-1, max-image-preview:large, max-video-preview:-1\" \/>\n<link rel=\"canonical\" href=\"https:\/\/freeimprobarcelona.com\/en\/calendar\/dimecres-de-so-i-cos-marc-egea-solo-acustic-a-la-viola-de-roda-i-mes-enlla\/\" \/>\n<meta property=\"og:locale\" content=\"en_US\" \/>\n<meta property=\"og:type\" content=\"article\" \/>\n<meta property=\"og:title\" content=\"Dimecres de so i cos Marc Egea, solo ac\u00fastic: a la viola de roda i m\u00e9s enll\u00e0 - Free Impro Barcelona\" \/>\n<meta property=\"og:description\" content=\"The viola de roda is a very old instrument. Its history dates back to before the year 1000 and it has been played, is played and will be played in all kinds of contexts around the world. A timeless instrument, it offers inexhaustible sound possibilities. It is not only curiosity or strangeness that makes one [&hellip;]\" \/>\n<meta property=\"og:url\" content=\"https:\/\/freeimprobarcelona.com\/en\/calendar\/dimecres-de-so-i-cos-marc-egea-solo-acustic-a-la-viola-de-roda-i-mes-enlla\/\" \/>\n<meta property=\"og:site_name\" content=\"Free Impro Barcelona\" \/>\n<meta property=\"article:modified_time\" content=\"2023-05-10T09:09:32+00:00\" \/>\n<meta property=\"og:image\" content=\"https:\/\/freeimprobarcelona.com\/wp-content\/uploads\/2023\/05\/egea-web-1.jpg\" \/>\n\t<meta property=\"og:image:width\" content=\"606\" \/>\n\t<meta property=\"og:image:height\" content=\"366\" \/>\n\t<meta property=\"og:image:type\" content=\"image\/jpeg\" \/>\n<meta name=\"twitter:card\" content=\"summary_large_image\" \/>\n<meta name=\"twitter:label1\" content=\"Est. reading time\" \/>\n\t<meta name=\"twitter:data1\" content=\"1 minute\" \/>\n<script type=\"application\/ld+json\" class=\"yoast-schema-graph\">{\"@context\":\"https:\/\/schema.org\",\"@graph\":[{\"@type\":\"WebPage\",\"@id\":\"https:\/\/freeimprobarcelona.com\/en\/calendar\/dimecres-de-so-i-cos-marc-egea-solo-acustic-a-la-viola-de-roda-i-mes-enlla\/\",\"url\":\"https:\/\/freeimprobarcelona.com\/en\/calendar\/dimecres-de-so-i-cos-marc-egea-solo-acustic-a-la-viola-de-roda-i-mes-enlla\/\",\"name\":\"Dimecres de so i cos Marc Egea, solo ac\u00fastic: a la viola de roda i m\u00e9s enll\u00e0 - Free Impro Barcelona\",\"isPartOf\":{\"@id\":\"https:\/\/freeimprobarcelona.com\/en\/#website\"},\"datePublished\":\"2023-05-10T09:01:12+00:00\",\"dateModified\":\"2023-05-10T09:09:32+00:00\",\"breadcrumb\":{\"@id\":\"https:\/\/freeimprobarcelona.com\/en\/calendar\/dimecres-de-so-i-cos-marc-egea-solo-acustic-a-la-viola-de-roda-i-mes-enlla\/#breadcrumb\"},\"inLanguage\":\"en-US\",\"potentialAction\":[{\"@type\":\"ReadAction\",\"target\":[\"https:\/\/freeimprobarcelona.com\/en\/calendar\/dimecres-de-so-i-cos-marc-egea-solo-acustic-a-la-viola-de-roda-i-mes-enlla\/\"]}]},{\"@type\":\"BreadcrumbList\",\"@id\":\"https:\/\/freeimprobarcelona.com\/en\/calendar\/dimecres-de-so-i-cos-marc-egea-solo-acustic-a-la-viola-de-roda-i-mes-enlla\/#breadcrumb\",\"itemListElement\":[{\"@type\":\"ListItem\",\"position\":1,\"name\":\"Home\",\"item\":\"https:\/\/freeimprobarcelona.com\/en\/\"},{\"@type\":\"ListItem\",\"position\":2,\"name\":\"Events\",\"item\":\"https:\/\/freeimprobarcelona.com\/en\/calendar\/\"},{\"@type\":\"ListItem\",\"position\":3,\"name\":\"Dimecres de so i cos Marc Egea, solo ac\u00fastic: a la viola de roda i m\u00e9s enll\u00e0\"}]},{\"@type\":\"WebSite\",\"@id\":\"https:\/\/freeimprobarcelona.com\/en\/#website\",\"url\":\"https:\/\/freeimprobarcelona.com\/en\/\",\"name\":\"Free Impro Barcelona\",\"description\":\"Free Impro Barcelona\",\"potentialAction\":[{\"@type\":\"SearchAction\",\"target\":{\"@type\":\"EntryPoint\",\"urlTemplate\":\"https:\/\/freeimprobarcelona.com\/en\/?s={search_term_string}\"},\"query-input\":\"required name=search_term_string\"}],\"inLanguage\":\"en-US\"}]}<\/script>\n<!-- \/ Yoast SEO plugin. -->","yoast_head_json":{"title":"Dimecres de so i cos Marc Egea, solo ac\u00fastic: a la viola de roda i m\u00e9s enll\u00e0 - Free Impro Barcelona","robots":{"index":"index","follow":"follow","max-snippet":"max-snippet:-1","max-image-preview":"max-image-preview:large","max-video-preview":"max-video-preview:-1"},"canonical":"https:\/\/freeimprobarcelona.com\/en\/calendar\/dimecres-de-so-i-cos-marc-egea-solo-acustic-a-la-viola-de-roda-i-mes-enlla\/","og_locale":"en_US","og_type":"article","og_title":"Dimecres de so i cos Marc Egea, solo ac\u00fastic: a la viola de roda i m\u00e9s enll\u00e0 - Free Impro Barcelona","og_description":"The viola de roda is a very old instrument. Its history dates back to before the year 1000 and it has been played, is played and will be played in all kinds of contexts around the world. A timeless instrument, it offers inexhaustible sound possibilities. It is not only curiosity or strangeness that makes one [&hellip;]","og_url":"https:\/\/freeimprobarcelona.com\/en\/calendar\/dimecres-de-so-i-cos-marc-egea-solo-acustic-a-la-viola-de-roda-i-mes-enlla\/","og_site_name":"Free Impro Barcelona","article_modified_time":"2023-05-10T09:09:32+00:00","og_image":[{"width":606,"height":366,"url":"https:\/\/freeimprobarcelona.com\/wp-content\/uploads\/2023\/05\/egea-web-1.jpg","type":"image\/jpeg"}],"twitter_card":"summary_large_image","twitter_misc":{"Est. reading time":"1 minute"},"schema":{"@context":"https:\/\/schema.org","@graph":[{"@type":"WebPage","@id":"https:\/\/freeimprobarcelona.com\/en\/calendar\/dimecres-de-so-i-cos-marc-egea-solo-acustic-a-la-viola-de-roda-i-mes-enlla\/","url":"https:\/\/freeimprobarcelona.com\/en\/calendar\/dimecres-de-so-i-cos-marc-egea-solo-acustic-a-la-viola-de-roda-i-mes-enlla\/","name":"Dimecres de so i cos Marc Egea, solo ac\u00fastic: a la viola de roda i m\u00e9s enll\u00e0 - Free Impro Barcelona","isPartOf":{"@id":"https:\/\/freeimprobarcelona.com\/en\/#website"},"datePublished":"2023-05-10T09:01:12+00:00","dateModified":"2023-05-10T09:09:32+00:00","breadcrumb":{"@id":"https:\/\/freeimprobarcelona.com\/en\/calendar\/dimecres-de-so-i-cos-marc-egea-solo-acustic-a-la-viola-de-roda-i-mes-enlla\/#breadcrumb"},"inLanguage":"en-US","potentialAction":[{"@type":"ReadAction","target":["https:\/\/freeimprobarcelona.com\/en\/calendar\/dimecres-de-so-i-cos-marc-egea-solo-acustic-a-la-viola-de-roda-i-mes-enlla\/"]}]},{"@type":"BreadcrumbList","@id":"https:\/\/freeimprobarcelona.com\/en\/calendar\/dimecres-de-so-i-cos-marc-egea-solo-acustic-a-la-viola-de-roda-i-mes-enlla\/#breadcrumb","itemListElement":[{"@type":"ListItem","position":1,"name":"Home","item":"https:\/\/freeimprobarcelona.com\/en\/"},{"@type":"ListItem","position":2,"name":"Events","item":"https:\/\/freeimprobarcelona.com\/en\/calendar\/"},{"@type":"ListItem","position":3,"name":"Dimecres de so i cos Marc Egea, solo ac\u00fastic: a la viola de roda i m\u00e9s enll\u00e0"}]},{"@type":"WebSite","@id":"https:\/\/freeimprobarcelona.com\/en\/#website","url":"https:\/\/freeimprobarcelona.com\/en\/","name":"Free Impro Barcelona","description":"Free Impro Barcelona","potentialAction":[{"@type":"SearchAction","target":{"@type":"EntryPoint","urlTemplate":"https:\/\/freeimprobarcelona.com\/en\/?s={search_term_string}"},"query-input":"required name=search_term_string"}],"inLanguage":"en-US"}]}},"_links":{"self":[{"href":"https:\/\/freeimprobarcelona.com\/en\/wp-json\/wp\/v2\/mec-events\/3873","targetHints":{"allow":["GET"]}}],"collection":[{"href":"https:\/\/freeimprobarcelona.com\/en\/wp-json\/wp\/v2\/mec-events"}],"about":[{"href":"https:\/\/freeimprobarcelona.com\/en\/wp-json\/wp\/v2\/types\/mec-events"}],"author":[{"embeddable":true,"href":"https:\/\/freeimprobarcelona.com\/en\/wp-json\/wp\/v2\/users\/2"}],"wp:featuredmedia":[{"embeddable":true,"href":"https:\/\/freeimprobarcelona.com\/en\/wp-json\/wp\/v2\/media\/3871"}],"wp:attachment":[{"href":"https:\/\/freeimprobarcelona.com\/en\/wp-json\/wp\/v2\/media?parent=3873"}],"wp:term":[{"taxonomy":"post_tag","embeddable":true,"href":"https:\/\/freeimprobarcelona.com\/en\/wp-json\/wp\/v2\/tags?post=3873"},{"taxonomy":"mec_category","embeddable":true,"href":"https:\/\/freeimprobarcelona.com\/en\/wp-json\/wp\/v2\/mec_category?post=3873"},{"taxonomy":"mec_speaker","embeddable":true,"href":"https:\/\/freeimprobarcelona.com\/en\/wp-json\/wp\/v2\/mec_speaker?post=3873"}],"curies":[{"name":"wp","href":"https:\/\/api.w.org\/{rel}","templated":true}]}}

Dimecres de so i cos Marc Egea, solo acústic: a la viola de roda i més enllà

<div class="grafic_destacat_cont_description_left col-lg-6 col-md-6 col-sm-6 col-xs-12">
<div class="grafic_description_cont">
<p>The viola de roda is a very old instrument. Its history dates back to before the year 1000 and it has been played, is played and will be played in all kinds of contexts around the world. A timeless instrument, it offers inexhaustible sound possibilities. It is not only curiosity or strangeness that makes one feel attracted to the wheel viola but also for its mysterious, peculiar and unusual sound.</p>
<p>Creation and improvisation: a repertoire in which you can hear reworked traditional songs and your own compositions. You will hear how Marc Egea goes from more popular music to jazz and rock. In short, you will hear what you have never heard before and much more.</p>
<p>Links of interest:</p>
<p>www.marcegea.com</p>
<p><iframe loading="lazy" title="Marc Egea - &quot;Madranque&quot; by Valentin Clastrier" width="1080" height="810" src="https://www.youtube.com/embed/mkxAJHDYA5k?feature=oembed"  allow="accelerometer; autoplay; clipboard-write; encrypted-media; gyroscope; picture-in-picture; web-share" allowfullscreen></iframe></p>
<p><iframe loading="lazy" title="Marc Egea [III Ciclo de Experimentación Sonora]" width="1080" height="608" src="https://www.youtube.com/embed/aTYtG1FDTfU?feature=oembed"  allow="accelerometer; autoplay; clipboard-write; encrypted-media; gyroscope; picture-in-picture; web-share" allowfullscreen></iframe></p>
<p>&nbsp;</p>
<p>With the participation of Miquel Jordà interviewing Marc Egea</p>
<p>Marc Egea (Barcelona, ​​1973)<br />
Musician and philosopher. Studies in Philosophy, flabiol, guitar, viola and harmony. He began his career as a professional musician in 1990 with the trio Músics de Safeu and later with the group &#8220;El Pont d&#8217;Arcalís&#8221;. From 2005 he is a musician on his own account and collaborates in numerous formations and national and international artists of many different musical styles. Founder of several instrumental groups in addition to developing a musical task as a composer and performer in the field of dance, theater and poetry recitals. He has performed on stages all over the world. He has recorded more than thirty discs. Composer of works for brass ensemble, couplet, symphony band, chamber music, choir, electronic music, etc. He is currently a teacher of instrumental groups at the Arenys de Mar School of Music, a musician in several artistic projects and a professor of Philosophy.</p>
</div>
</div>

<!-- This site is optimized with the Yoast SEO plugin v19.9 - https://yoast.com/wordpress/plugins/seo/ -->
<title>Dimecres de so i cos Marc Egea, solo acústic: a la viola de roda i més enllà - Free Impro Barcelona</title>
<meta name="robots" content="index, follow, max-snippet:-1, max-image-preview:large, max-video-preview:-1" />
<link rel="canonical" href="https://freeimprobarcelona.com/en/calendar/dimecres-de-so-i-cos-marc-egea-solo-acustic-a-la-viola-de-roda-i-mes-enlla/" />
<meta property="og:locale" content="en_US" />
<meta property="og:type" content="article" />
<meta property="og:title" content="Dimecres de so i cos Marc Egea, solo acústic: a la viola de roda i més enllà - Free Impro Barcelona" />
<meta property="og:description" content="The viola de roda is a very old instrument. Its history dates back to before the year 1000 and it has been played, is played and will be played in all kinds of contexts around the world. A timeless instrument, it offers inexhaustible sound possibilities. It is not only curiosity or strangeness that makes one [&hellip;]" />
<meta property="og:url" content="https://freeimprobarcelona.com/en/calendar/dimecres-de-so-i-cos-marc-egea-solo-acustic-a-la-viola-de-roda-i-mes-enlla/" />
<meta property="og:site_name" content="Free Impro Barcelona" />
<meta property="article:modified_time" content="2023-05-10T09:09:32+00:00" />
<meta property="og:image" content="https://freeimprobarcelona.com/wp-content/uploads/2023/05/egea-web-1.jpg" />
	<meta property="og:image:width" content="606" />
	<meta property="og:image:height" content="366" />
	<meta property="og:image:type" content="image/jpeg" />
<meta name="twitter:card" content="summary_large_image" />
<meta name="twitter:label1" content="Est. reading time" />
	<meta name="twitter:data1" content="1 minute" />
<script type="application/ld+json" class="yoast-schema-graph">{"@context":"https://schema.org","@graph":[{"@type":"WebPage","@id":"https://freeimprobarcelona.com/en/calendar/dimecres-de-so-i-cos-marc-egea-solo-acustic-a-la-viola-de-roda-i-mes-enlla/","url":"https://freeimprobarcelona.com/en/calendar/dimecres-de-so-i-cos-marc-egea-solo-acustic-a-la-viola-de-roda-i-mes-enlla/","name":"Dimecres de so i cos Marc Egea, solo acústic: a la viola de roda i més enllà - Free Impro Barcelona","isPartOf":{"@id":"https://freeimprobarcelona.com/en/#website"},"datePublished":"2023-05-10T09:01:12+00:00","dateModified":"2023-05-10T09:09:32+00:00","breadcrumb":{"@id":"https://freeimprobarcelona.com/en/calendar/dimecres-de-so-i-cos-marc-egea-solo-acustic-a-la-viola-de-roda-i-mes-enlla/#breadcrumb"},"inLanguage":"en-US","potentialAction":[{"@type":"ReadAction","target":["https://freeimprobarcelona.com/en/calendar/dimecres-de-so-i-cos-marc-egea-solo-acustic-a-la-viola-de-roda-i-mes-enlla/"]}]},{"@type":"BreadcrumbList","@id":"https://freeimprobarcelona.com/en/calendar/dimecres-de-so-i-cos-marc-egea-solo-acustic-a-la-viola-de-roda-i-mes-enlla/#breadcrumb","itemListElement":[{"@type":"ListItem","position":1,"name":"Home","item":"https://freeimprobarcelona.com/en/"},{"@type":"ListItem","position":2,"name":"Events","item":"https://freeimprobarcelona.com/en/calendar/"},{"@type":"ListItem","position":3,"name":"Dimecres de so i cos Marc Egea, solo acústic: a la viola de roda i més enllà"}]},{"@type":"WebSite","@id":"https://freeimprobarcelona.com/en/#website","url":"https://freeimprobarcelona.com/en/","name":"Free Impro Barcelona","description":"Free Impro Barcelona","potentialAction":[{"@type":"SearchAction","target":{"@type":"EntryPoint","urlTemplate":"https://freeimprobarcelona.com/en/?s={search_term_string}"},"query-input":"required name=search_term_string"}],"inLanguage":"en-US"}]}</script>
<!-- / Yoast SEO plugin. -->

Dimecres de so i cos Marc Egea, solo acústic: a la viola de roda i més enllà - Free Impro Barcelona
