{"id":3766,"date":"2023-04-18T11:05:31","date_gmt":"2023-04-18T11:05:31","guid":{"rendered":"https:\/\/freeimprobarcelona.com\/?post_type=mec-events&#038;p=3766"},"modified":"2023-04-18T11:10:00","modified_gmt":"2023-04-18T11:10:00","slug":"jazz-vilafranca-nu-nuria-andorra-i-sonia-sanchez","status":"publish","type":"mec-events","link":"https:\/\/freeimprobarcelona.com\/en\/calendar\/jazz-vilafranca-nu-nuria-andorra-i-sonia-sanchez\/","title":{"rendered":"Jazz Vilafranca &#8211; NU- N\u00faria Andorr\u00e0 i S\u00f2nia S\u00e1nchez"},"content":{"rendered":"<div>\n<p>Sonia S\u00e1nchez, dance, voice and percussion<br \/>\nN\u00faria Andorr\u00e0, percussions<\/p>\n<p>The inaugural concert of this 2on NU transports us to the world of free improvisation, at the hands of a percussion and dance duo. S\u00f2nia S\u00e1nchez and N\u00faria Andorr\u00e0 are on stage freely, searching for sounds that move and movements that ring. It&#8217;s a duo that touches the extremes and goes through all the textures. From purely rhythmic passages, forceful and powerful, to delicate moments where fragility comes alive and evokes melodies and gestures that hang by a thread, a space where caresses, gestures and subtle sounds come to life.<\/p>\n<p>N\u00faria Andorr\u00e0, classical and contemporary percussionist, has played with the greatest of free improvisation and accompanied a good number of dancers. She has also worked with Carles Santos and H\u00e9ctor Parra, and is a teacher of improvisation at the ESMuC and of percussion at the Reus Conservatory, as well as artistic director of the MontMusic Festival and the Improject Ensemble.<\/p>\n<p>S\u00f2nia S\u00e1nchez is a dancer who combines flamenco, free improvisation and Japanese dance. His career is almost unattainable, with performances all over the world and episodes such as his intervention in the opera Carmen de Bizet in 1992 at the Teatre del Liceu, or in 2014 with the piece &#8220;Le \u00c7a&#8221; at the Art Museum Chicago modern. His teaching activity has led him to give workshops at the University of Fine Arts and the Master of Sound Art, at ESMuC in Barcelona, \u200b\u200band to spread his masterclasses and workshops in cities such as Mexico City, Seoul, Chicago or Stockholm , others.<\/p>\n<\/div>\n<p>&nbsp;<\/p>\n<p><a href=\"http:\/\/www.enlairevins.cat\/\" target=\"_blank\" rel=\"noopener\"><img loading=\"lazy\" decoding=\"async\" src=\"https:\/\/www.jazzclubvilafranca.cat\/images\/NU\/Cellers\/EnlaireVins.jpeg\" alt=\"EnlaireVins\" width=\"193\" height=\"164\" \/><\/a>\u00a0 \u00a0 \u00a0 \u00a0 \u00a0 \u00a0 \u00a0 \u00a0 \u00a0 \u00a0 \u00a0 \u00a0 \u00a0\u00a0<a href=\"https:\/\/cultura.vilafranca.cat\/espais-culturals\/capella-de-sant-joan\" target=\"_blank\" rel=\"noopener\"><img loading=\"lazy\" decoding=\"async\" src=\"https:\/\/www.jazzclubvilafranca.cat\/images\/NU\/Entitats\/logo-capellasantjoan-gros.jpg\" alt=\"logo capellasantjoan gros\" width=\"175\" height=\"165\" \/><\/a>\u00a0 \u00a0 \u00a0 \u00a0 \u00a0 \u00a0<a href=\"https:\/\/incavi.gencat.cat\/ca\/inici\" target=\"_blank\" rel=\"noopener\"><img loading=\"lazy\" decoding=\"async\" src=\"https:\/\/www.jazzclubvilafranca.cat\/images\/NU\/Entitats\/incavi.jpeg\" alt=\"incavi\" width=\"185\" height=\"45\" \/><\/a><\/p>\n","protected":false},"excerpt":{"rendered":"<p>Sonia S\u00e1nchez, dance, voice and percussion N\u00faria Andorr\u00e0, percussions The inaugural concert of this 2on NU transports us to the world of free improvisation, at the hands of a percussion and dance duo. S\u00f2nia S\u00e1nchez and N\u00faria Andorr\u00e0 are on stage freely, searching for sounds that move and movements that ring. It&#8217;s a duo that [&hellip;]<\/p>\n","protected":false},"author":2,"featured_media":3761,"template":"","meta":{"_et_pb_use_builder":"","_et_pb_old_content":"","_et_gb_content_width":""},"tags":[],"mec_category":[2167],"mec_speaker":[293,420],"class_list":["post-3766","mec-events","type-mec-events","status-publish","has-post-thumbnail","hentry","mec_category-festival-de-jazz-de-vilafranca-nu-en"],"yoast_head":"<!-- This site is optimized with the Yoast SEO plugin v19.9 - https:\/\/yoast.com\/wordpress\/plugins\/seo\/ -->\n<title>Jazz Vilafranca - NU- N\u00faria Andorr\u00e0 i S\u00f2nia S\u00e1nchez - Free Impro Barcelona<\/title>\n<meta name=\"robots\" content=\"index, follow, max-snippet:-1, max-image-preview:large, max-video-preview:-1\" \/>\n<link rel=\"canonical\" href=\"https:\/\/freeimprobarcelona.com\/en\/calendar\/jazz-vilafranca-nu-nuria-andorra-i-sonia-sanchez\/\" \/>\n<meta property=\"og:locale\" content=\"en_US\" \/>\n<meta property=\"og:type\" content=\"article\" \/>\n<meta property=\"og:title\" content=\"Jazz Vilafranca - NU- N\u00faria Andorr\u00e0 i S\u00f2nia S\u00e1nchez - Free Impro Barcelona\" \/>\n<meta property=\"og:description\" content=\"Sonia S\u00e1nchez, dance, voice and percussion N\u00faria Andorr\u00e0, percussions The inaugural concert of this 2on NU transports us to the world of free improvisation, at the hands of a percussion and dance duo. S\u00f2nia S\u00e1nchez and N\u00faria Andorr\u00e0 are on stage freely, searching for sounds that move and movements that ring. It&#8217;s a duo that [&hellip;]\" \/>\n<meta property=\"og:url\" content=\"https:\/\/freeimprobarcelona.com\/en\/calendar\/jazz-vilafranca-nu-nuria-andorra-i-sonia-sanchez\/\" \/>\n<meta property=\"og:site_name\" content=\"Free Impro Barcelona\" \/>\n<meta property=\"article:modified_time\" content=\"2023-04-18T11:10:00+00:00\" \/>\n<meta property=\"og:image\" content=\"https:\/\/freeimprobarcelona.com\/wp-content\/uploads\/2023\/04\/Captura-233.png\" \/>\n\t<meta property=\"og:image:width\" content=\"500\" \/>\n\t<meta property=\"og:image:height\" content=\"618\" \/>\n\t<meta property=\"og:image:type\" content=\"image\/png\" \/>\n<meta name=\"twitter:card\" content=\"summary_large_image\" \/>\n<meta name=\"twitter:label1\" content=\"Est. reading time\" \/>\n\t<meta name=\"twitter:data1\" content=\"1 minute\" \/>\n<script type=\"application\/ld+json\" class=\"yoast-schema-graph\">{\"@context\":\"https:\/\/schema.org\",\"@graph\":[{\"@type\":\"WebPage\",\"@id\":\"https:\/\/freeimprobarcelona.com\/en\/calendar\/jazz-vilafranca-nu-nuria-andorra-i-sonia-sanchez\/\",\"url\":\"https:\/\/freeimprobarcelona.com\/en\/calendar\/jazz-vilafranca-nu-nuria-andorra-i-sonia-sanchez\/\",\"name\":\"Jazz Vilafranca - NU- N\u00faria Andorr\u00e0 i S\u00f2nia S\u00e1nchez - Free Impro Barcelona\",\"isPartOf\":{\"@id\":\"https:\/\/freeimprobarcelona.com\/en\/#website\"},\"datePublished\":\"2023-04-18T11:05:31+00:00\",\"dateModified\":\"2023-04-18T11:10:00+00:00\",\"breadcrumb\":{\"@id\":\"https:\/\/freeimprobarcelona.com\/en\/calendar\/jazz-vilafranca-nu-nuria-andorra-i-sonia-sanchez\/#breadcrumb\"},\"inLanguage\":\"en-US\",\"potentialAction\":[{\"@type\":\"ReadAction\",\"target\":[\"https:\/\/freeimprobarcelona.com\/en\/calendar\/jazz-vilafranca-nu-nuria-andorra-i-sonia-sanchez\/\"]}]},{\"@type\":\"BreadcrumbList\",\"@id\":\"https:\/\/freeimprobarcelona.com\/en\/calendar\/jazz-vilafranca-nu-nuria-andorra-i-sonia-sanchez\/#breadcrumb\",\"itemListElement\":[{\"@type\":\"ListItem\",\"position\":1,\"name\":\"Home\",\"item\":\"https:\/\/freeimprobarcelona.com\/en\/\"},{\"@type\":\"ListItem\",\"position\":2,\"name\":\"Events\",\"item\":\"https:\/\/freeimprobarcelona.com\/en\/calendar\/\"},{\"@type\":\"ListItem\",\"position\":3,\"name\":\"Jazz Vilafranca &#8211; NU- N\u00faria Andorr\u00e0 i S\u00f2nia S\u00e1nchez\"}]},{\"@type\":\"WebSite\",\"@id\":\"https:\/\/freeimprobarcelona.com\/en\/#website\",\"url\":\"https:\/\/freeimprobarcelona.com\/en\/\",\"name\":\"Free Impro Barcelona\",\"description\":\"Free Impro Barcelona\",\"potentialAction\":[{\"@type\":\"SearchAction\",\"target\":{\"@type\":\"EntryPoint\",\"urlTemplate\":\"https:\/\/freeimprobarcelona.com\/en\/?s={search_term_string}\"},\"query-input\":\"required name=search_term_string\"}],\"inLanguage\":\"en-US\"}]}<\/script>\n<!-- \/ Yoast SEO plugin. -->","yoast_head_json":{"title":"Jazz Vilafranca - NU- N\u00faria Andorr\u00e0 i S\u00f2nia S\u00e1nchez - Free Impro Barcelona","robots":{"index":"index","follow":"follow","max-snippet":"max-snippet:-1","max-image-preview":"max-image-preview:large","max-video-preview":"max-video-preview:-1"},"canonical":"https:\/\/freeimprobarcelona.com\/en\/calendar\/jazz-vilafranca-nu-nuria-andorra-i-sonia-sanchez\/","og_locale":"en_US","og_type":"article","og_title":"Jazz Vilafranca - NU- N\u00faria Andorr\u00e0 i S\u00f2nia S\u00e1nchez - Free Impro Barcelona","og_description":"Sonia S\u00e1nchez, dance, voice and percussion N\u00faria Andorr\u00e0, percussions The inaugural concert of this 2on NU transports us to the world of free improvisation, at the hands of a percussion and dance duo. S\u00f2nia S\u00e1nchez and N\u00faria Andorr\u00e0 are on stage freely, searching for sounds that move and movements that ring. It&#8217;s a duo that [&hellip;]","og_url":"https:\/\/freeimprobarcelona.com\/en\/calendar\/jazz-vilafranca-nu-nuria-andorra-i-sonia-sanchez\/","og_site_name":"Free Impro Barcelona","article_modified_time":"2023-04-18T11:10:00+00:00","og_image":[{"width":500,"height":618,"url":"https:\/\/freeimprobarcelona.com\/wp-content\/uploads\/2023\/04\/Captura-233.png","type":"image\/png"}],"twitter_card":"summary_large_image","twitter_misc":{"Est. reading time":"1 minute"},"schema":{"@context":"https:\/\/schema.org","@graph":[{"@type":"WebPage","@id":"https:\/\/freeimprobarcelona.com\/en\/calendar\/jazz-vilafranca-nu-nuria-andorra-i-sonia-sanchez\/","url":"https:\/\/freeimprobarcelona.com\/en\/calendar\/jazz-vilafranca-nu-nuria-andorra-i-sonia-sanchez\/","name":"Jazz Vilafranca - NU- N\u00faria Andorr\u00e0 i S\u00f2nia S\u00e1nchez - Free Impro Barcelona","isPartOf":{"@id":"https:\/\/freeimprobarcelona.com\/en\/#website"},"datePublished":"2023-04-18T11:05:31+00:00","dateModified":"2023-04-18T11:10:00+00:00","breadcrumb":{"@id":"https:\/\/freeimprobarcelona.com\/en\/calendar\/jazz-vilafranca-nu-nuria-andorra-i-sonia-sanchez\/#breadcrumb"},"inLanguage":"en-US","potentialAction":[{"@type":"ReadAction","target":["https:\/\/freeimprobarcelona.com\/en\/calendar\/jazz-vilafranca-nu-nuria-andorra-i-sonia-sanchez\/"]}]},{"@type":"BreadcrumbList","@id":"https:\/\/freeimprobarcelona.com\/en\/calendar\/jazz-vilafranca-nu-nuria-andorra-i-sonia-sanchez\/#breadcrumb","itemListElement":[{"@type":"ListItem","position":1,"name":"Home","item":"https:\/\/freeimprobarcelona.com\/en\/"},{"@type":"ListItem","position":2,"name":"Events","item":"https:\/\/freeimprobarcelona.com\/en\/calendar\/"},{"@type":"ListItem","position":3,"name":"Jazz Vilafranca &#8211; NU- N\u00faria Andorr\u00e0 i S\u00f2nia S\u00e1nchez"}]},{"@type":"WebSite","@id":"https:\/\/freeimprobarcelona.com\/en\/#website","url":"https:\/\/freeimprobarcelona.com\/en\/","name":"Free Impro Barcelona","description":"Free Impro Barcelona","potentialAction":[{"@type":"SearchAction","target":{"@type":"EntryPoint","urlTemplate":"https:\/\/freeimprobarcelona.com\/en\/?s={search_term_string}"},"query-input":"required name=search_term_string"}],"inLanguage":"en-US"}]}},"_links":{"self":[{"href":"https:\/\/freeimprobarcelona.com\/en\/wp-json\/wp\/v2\/mec-events\/3766","targetHints":{"allow":["GET"]}}],"collection":[{"href":"https:\/\/freeimprobarcelona.com\/en\/wp-json\/wp\/v2\/mec-events"}],"about":[{"href":"https:\/\/freeimprobarcelona.com\/en\/wp-json\/wp\/v2\/types\/mec-events"}],"author":[{"embeddable":true,"href":"https:\/\/freeimprobarcelona.com\/en\/wp-json\/wp\/v2\/users\/2"}],"wp:featuredmedia":[{"embeddable":true,"href":"https:\/\/freeimprobarcelona.com\/en\/wp-json\/wp\/v2\/media\/3761"}],"wp:attachment":[{"href":"https:\/\/freeimprobarcelona.com\/en\/wp-json\/wp\/v2\/media?parent=3766"}],"wp:term":[{"taxonomy":"post_tag","embeddable":true,"href":"https:\/\/freeimprobarcelona.com\/en\/wp-json\/wp\/v2\/tags?post=3766"},{"taxonomy":"mec_category","embeddable":true,"href":"https:\/\/freeimprobarcelona.com\/en\/wp-json\/wp\/v2\/mec_category?post=3766"},{"taxonomy":"mec_speaker","embeddable":true,"href":"https:\/\/freeimprobarcelona.com\/en\/wp-json\/wp\/v2\/mec_speaker?post=3766"}],"curies":[{"name":"wp","href":"https:\/\/api.w.org\/{rel}","templated":true}]}}

Jazz Vilafranca &#8211; NU- Núria Andorrà i Sònia Sánchez

<div>
<p>Sonia Sánchez, dance, voice and percussion<br />
Núria Andorrà, percussions</p>
<p>The inaugural concert of this 2on NU transports us to the world of free improvisation, at the hands of a percussion and dance duo. Sònia Sánchez and Núria Andorrà are on stage freely, searching for sounds that move and movements that ring. It&#8217;s a duo that touches the extremes and goes through all the textures. From purely rhythmic passages, forceful and powerful, to delicate moments where fragility comes alive and evokes melodies and gestures that hang by a thread, a space where caresses, gestures and subtle sounds come to life.</p>
<p>Núria Andorrà, classical and contemporary percussionist, has played with the greatest of free improvisation and accompanied a good number of dancers. She has also worked with Carles Santos and Héctor Parra, and is a teacher of improvisation at the ESMuC and of percussion at the Reus Conservatory, as well as artistic director of the MontMusic Festival and the Improject Ensemble.</p>
<p>Sònia Sánchez is a dancer who combines flamenco, free improvisation and Japanese dance. His career is almost unattainable, with performances all over the world and episodes such as his intervention in the opera Carmen de Bizet in 1992 at the Teatre del Liceu, or in 2014 with the piece &#8220;Le Ça&#8221; at the Art Museum Chicago modern. His teaching activity has led him to give workshops at the University of Fine Arts and the Master of Sound Art, at ESMuC in Barcelona, ​​and to spread his masterclasses and workshops in cities such as Mexico City, Seoul, Chicago or Stockholm , others.</p>
</div>
<p>&nbsp;</p>
<p><a href="http://www.enlairevins.cat/" target="_blank" rel="noopener"><img loading="lazy" decoding="async" src="https://www.jazzclubvilafranca.cat/images/NU/Cellers/EnlaireVins.jpeg" alt="EnlaireVins" width="193" height="164" /></a>                          <a href="https://cultura.vilafranca.cat/espais-culturals/capella-de-sant-joan" target="_blank" rel="noopener"><img loading="lazy" decoding="async" src="https://www.jazzclubvilafranca.cat/images/NU/Entitats/logo-capellasantjoan-gros.jpg" alt="logo capellasantjoan gros" width="175" height="165" /></a>           <a href="https://incavi.gencat.cat/ca/inici" target="_blank" rel="noopener"><img loading="lazy" decoding="async" src="https://www.jazzclubvilafranca.cat/images/NU/Entitats/incavi.jpeg" alt="incavi" width="185" height="45" /></a></p>

<p>Sonia Sánchez, dance, voice and percussion Núria Andorrà, percussions The inaugural concert of this 2on NU transports us to the world of free improvisation, at the hands of a percussion and dance duo. Sònia Sánchez and Núria Andorrà are on stage freely, searching for sounds that move and movements that ring. It&#8217;s a duo that [&hellip;]</p>

<!-- This site is optimized with the Yoast SEO plugin v19.9 - https://yoast.com/wordpress/plugins/seo/ -->
<title>Jazz Vilafranca - NU- Núria Andorrà i Sònia Sánchez - Free Impro Barcelona</title>
<meta name="robots" content="index, follow, max-snippet:-1, max-image-preview:large, max-video-preview:-1" />
<link rel="canonical" href="https://freeimprobarcelona.com/en/calendar/jazz-vilafranca-nu-nuria-andorra-i-sonia-sanchez/" />
<meta property="og:locale" content="en_US" />
<meta property="og:type" content="article" />
<meta property="og:title" content="Jazz Vilafranca - NU- Núria Andorrà i Sònia Sánchez - Free Impro Barcelona" />
<meta property="og:description" content="Sonia Sánchez, dance, voice and percussion Núria Andorrà, percussions The inaugural concert of this 2on NU transports us to the world of free improvisation, at the hands of a percussion and dance duo. Sònia Sánchez and Núria Andorrà are on stage freely, searching for sounds that move and movements that ring. It&#8217;s a duo that [&hellip;]" />
<meta property="og:url" content="https://freeimprobarcelona.com/en/calendar/jazz-vilafranca-nu-nuria-andorra-i-sonia-sanchez/" />
<meta property="og:site_name" content="Free Impro Barcelona" />
<meta property="article:modified_time" content="2023-04-18T11:10:00+00:00" />
<meta property="og:image" content="https://freeimprobarcelona.com/wp-content/uploads/2023/04/Captura-233.png" />
	<meta property="og:image:width" content="500" />
	<meta property="og:image:height" content="618" />
	<meta property="og:image:type" content="image/png" />
<meta name="twitter:card" content="summary_large_image" />
<meta name="twitter:label1" content="Est. reading time" />
	<meta name="twitter:data1" content="1 minute" />
<script type="application/ld+json" class="yoast-schema-graph">{"@context":"https://schema.org","@graph":[{"@type":"WebPage","@id":"https://freeimprobarcelona.com/en/calendar/jazz-vilafranca-nu-nuria-andorra-i-sonia-sanchez/","url":"https://freeimprobarcelona.com/en/calendar/jazz-vilafranca-nu-nuria-andorra-i-sonia-sanchez/","name":"Jazz Vilafranca - NU- Núria Andorrà i Sònia Sánchez - Free Impro Barcelona","isPartOf":{"@id":"https://freeimprobarcelona.com/en/#website"},"datePublished":"2023-04-18T11:05:31+00:00","dateModified":"2023-04-18T11:10:00+00:00","breadcrumb":{"@id":"https://freeimprobarcelona.com/en/calendar/jazz-vilafranca-nu-nuria-andorra-i-sonia-sanchez/#breadcrumb"},"inLanguage":"en-US","potentialAction":[{"@type":"ReadAction","target":["https://freeimprobarcelona.com/en/calendar/jazz-vilafranca-nu-nuria-andorra-i-sonia-sanchez/"]}]},{"@type":"BreadcrumbList","@id":"https://freeimprobarcelona.com/en/calendar/jazz-vilafranca-nu-nuria-andorra-i-sonia-sanchez/#breadcrumb","itemListElement":[{"@type":"ListItem","position":1,"name":"Home","item":"https://freeimprobarcelona.com/en/"},{"@type":"ListItem","position":2,"name":"Events","item":"https://freeimprobarcelona.com/en/calendar/"},{"@type":"ListItem","position":3,"name":"Jazz Vilafranca &#8211; NU- Núria Andorrà i Sònia Sánchez"}]},{"@type":"WebSite","@id":"https://freeimprobarcelona.com/en/#website","url":"https://freeimprobarcelona.com/en/","name":"Free Impro Barcelona","description":"Free Impro Barcelona","potentialAction":[{"@type":"SearchAction","target":{"@type":"EntryPoint","urlTemplate":"https://freeimprobarcelona.com/en/?s={search_term_string}"},"query-input":"required name=search_term_string"}],"inLanguage":"en-US"}]}</script>
<!-- / Yoast SEO plugin. -->

Jazz Vilafranca - NU- Núria Andorrà i Sònia Sánchez - Free Impro Barcelona

Sonia Sánchez, dance, voice and percussion Núria Andorrà, percussions The inaugural concert of this 2on NU transports us to the world of free improvisation, at the hands of a percussion and dance duo. Sònia Sánchez and Núria Andorrà are on stage freely, searching for sounds that move and movements that ring. It&#8217;s a duo that [&hellip;]
