{"id":3602,"date":"2023-03-20T11:12:03","date_gmt":"2023-03-20T11:12:03","guid":{"rendered":"https:\/\/freeimprobarcelona.com\/calendar\/inspiracio-i-genesi-mostra-de-residencia-alex-rigol-i-sonia-sanchez\/"},"modified":"2023-03-20T11:13:42","modified_gmt":"2023-03-20T11:13:42","slug":"inspiracio-i-genesi-mostra-de-residencia-alex-rigol-i-sonia-sanchez","status":"publish","type":"mec-events","link":"https:\/\/freeimprobarcelona.com\/en\/calendar\/inspiracio-i-genesi-mostra-de-residencia-alex-rigol-i-sonia-sanchez\/","title":{"rendered":"INSPIRACI\u00d3 i G\u00c8NESI (mostra de resid\u00e8ncia): \u00c0lex Rigol i S\u00f2nia S\u00e1nchez"},"content":{"rendered":"<p>\u00c0lex Rigol, sound space and creation of the instruments.<\/p>\n<p>S\u00f2nia S\u00e1nchez, sound movement and dance.<\/p>\n<p>We met at the 22 Mont M\u00fasic Festival in Sant Esteve de Palautordera. Then we met, we made instant composition with all that we are. And now we would like to share creative time to refine, move, inspire and get to the genesis of this common project.<\/p>\n<p>We are moved by the same concerns and emotions to create a piece of sound movement with a whole collection of instruments of our own creation, which fill the space with textures and sounds interpreted by \u00c0lex Rigol, which will merge with the sound movement and the dance of S\u00f2nia S\u00e1nchez, looking for a common dream, full of gaps and paths to visit. We have raw material to start with, the shared look of our imaginary micro and macro, of what is not seen, of what remains to be said and is often forgotten. Wood, tendons, iron, muscles, intuition, pulsation, impulse&#8230;<\/p>\n<p>Once again, silence embraces us to continue creating.<\/p>\n<p>Every meeting always leads to different visions and that is why we want to share this first creative residency with everyone interested, closing this process with an open house on the 18th at 7:30 pm at Les Escoles Velles, a space that welcomes us for this new adventure.<\/p>\n","protected":false},"excerpt":{"rendered":"<p>\u00c0lex Rigol, sound space and creation of the instruments. S\u00f2nia S\u00e1nchez, sound movement and dance. We met at the 22 Mont M\u00fasic Festival in Sant Esteve de Palautordera. Then we met, we made instant composition with all that we are. And now we would like to share creative time to refine, move, inspire and get [&hellip;]<\/p>\n","protected":false},"author":2,"featured_media":3597,"template":"","meta":{"_et_pb_use_builder":"","_et_pb_old_content":"","_et_gb_content_width":""},"tags":[],"mec_category":[2105],"mec_speaker":[2108,420],"class_list":["post-3602","mec-events","type-mec-events","status-publish","has-post-thumbnail","hentry","mec_category-taula-de-cultura-sant-esteve-de-palautordera-en"],"yoast_head":"<!-- This site is optimized with the Yoast SEO plugin v19.9 - https:\/\/yoast.com\/wordpress\/plugins\/seo\/ -->\n<title>INSPIRACI\u00d3 i G\u00c8NESI (mostra de resid\u00e8ncia): \u00c0lex Rigol i S\u00f2nia S\u00e1nchez - Free Impro Barcelona<\/title>\n<meta name=\"robots\" content=\"index, follow, max-snippet:-1, max-image-preview:large, max-video-preview:-1\" \/>\n<link rel=\"canonical\" href=\"https:\/\/freeimprobarcelona.com\/en\/calendar\/inspiracio-i-genesi-mostra-de-residencia-alex-rigol-i-sonia-sanchez\/\" \/>\n<meta property=\"og:locale\" content=\"en_US\" \/>\n<meta property=\"og:type\" content=\"article\" \/>\n<meta property=\"og:title\" content=\"INSPIRACI\u00d3 i G\u00c8NESI (mostra de resid\u00e8ncia): \u00c0lex Rigol i S\u00f2nia S\u00e1nchez - Free Impro Barcelona\" \/>\n<meta property=\"og:description\" content=\"\u00c0lex Rigol, sound space and creation of the instruments. S\u00f2nia S\u00e1nchez, sound movement and dance. We met at the 22 Mont M\u00fasic Festival in Sant Esteve de Palautordera. Then we met, we made instant composition with all that we are. And now we would like to share creative time to refine, move, inspire and get [&hellip;]\" \/>\n<meta property=\"og:url\" content=\"https:\/\/freeimprobarcelona.com\/en\/calendar\/inspiracio-i-genesi-mostra-de-residencia-alex-rigol-i-sonia-sanchez\/\" \/>\n<meta property=\"og:site_name\" content=\"Free Impro Barcelona\" \/>\n<meta property=\"article:modified_time\" content=\"2023-03-20T11:13:42+00:00\" \/>\n<meta property=\"og:image\" content=\"https:\/\/freeimprobarcelona.com\/wp-content\/uploads\/2023\/03\/332181616_209248228356187_5207039090968819264_n.jpg\" \/>\n\t<meta property=\"og:image:width\" content=\"1080\" \/>\n\t<meta property=\"og:image:height\" content=\"1080\" \/>\n\t<meta property=\"og:image:type\" content=\"image\/jpeg\" \/>\n<meta name=\"twitter:card\" content=\"summary_large_image\" \/>\n<meta name=\"twitter:label1\" content=\"Est. reading time\" \/>\n\t<meta name=\"twitter:data1\" content=\"1 minute\" \/>\n<script type=\"application\/ld+json\" class=\"yoast-schema-graph\">{\"@context\":\"https:\/\/schema.org\",\"@graph\":[{\"@type\":\"WebPage\",\"@id\":\"https:\/\/freeimprobarcelona.com\/en\/calendar\/inspiracio-i-genesi-mostra-de-residencia-alex-rigol-i-sonia-sanchez\/\",\"url\":\"https:\/\/freeimprobarcelona.com\/en\/calendar\/inspiracio-i-genesi-mostra-de-residencia-alex-rigol-i-sonia-sanchez\/\",\"name\":\"INSPIRACI\u00d3 i G\u00c8NESI (mostra de resid\u00e8ncia): \u00c0lex Rigol i S\u00f2nia S\u00e1nchez - Free Impro Barcelona\",\"isPartOf\":{\"@id\":\"https:\/\/freeimprobarcelona.com\/en\/#website\"},\"datePublished\":\"2023-03-20T11:12:03+00:00\",\"dateModified\":\"2023-03-20T11:13:42+00:00\",\"breadcrumb\":{\"@id\":\"https:\/\/freeimprobarcelona.com\/en\/calendar\/inspiracio-i-genesi-mostra-de-residencia-alex-rigol-i-sonia-sanchez\/#breadcrumb\"},\"inLanguage\":\"en-US\",\"potentialAction\":[{\"@type\":\"ReadAction\",\"target\":[\"https:\/\/freeimprobarcelona.com\/en\/calendar\/inspiracio-i-genesi-mostra-de-residencia-alex-rigol-i-sonia-sanchez\/\"]}]},{\"@type\":\"BreadcrumbList\",\"@id\":\"https:\/\/freeimprobarcelona.com\/en\/calendar\/inspiracio-i-genesi-mostra-de-residencia-alex-rigol-i-sonia-sanchez\/#breadcrumb\",\"itemListElement\":[{\"@type\":\"ListItem\",\"position\":1,\"name\":\"Home\",\"item\":\"https:\/\/freeimprobarcelona.com\/en\/\"},{\"@type\":\"ListItem\",\"position\":2,\"name\":\"Events\",\"item\":\"https:\/\/freeimprobarcelona.com\/en\/calendar\/\"},{\"@type\":\"ListItem\",\"position\":3,\"name\":\"INSPIRACI\u00d3 i G\u00c8NESI (mostra de resid\u00e8ncia): \u00c0lex Rigol i S\u00f2nia S\u00e1nchez\"}]},{\"@type\":\"WebSite\",\"@id\":\"https:\/\/freeimprobarcelona.com\/en\/#website\",\"url\":\"https:\/\/freeimprobarcelona.com\/en\/\",\"name\":\"Free Impro Barcelona\",\"description\":\"Free Impro Barcelona\",\"potentialAction\":[{\"@type\":\"SearchAction\",\"target\":{\"@type\":\"EntryPoint\",\"urlTemplate\":\"https:\/\/freeimprobarcelona.com\/en\/?s={search_term_string}\"},\"query-input\":\"required name=search_term_string\"}],\"inLanguage\":\"en-US\"}]}<\/script>\n<!-- \/ Yoast SEO plugin. -->","yoast_head_json":{"title":"INSPIRACI\u00d3 i G\u00c8NESI (mostra de resid\u00e8ncia): \u00c0lex Rigol i S\u00f2nia S\u00e1nchez - Free Impro Barcelona","robots":{"index":"index","follow":"follow","max-snippet":"max-snippet:-1","max-image-preview":"max-image-preview:large","max-video-preview":"max-video-preview:-1"},"canonical":"https:\/\/freeimprobarcelona.com\/en\/calendar\/inspiracio-i-genesi-mostra-de-residencia-alex-rigol-i-sonia-sanchez\/","og_locale":"en_US","og_type":"article","og_title":"INSPIRACI\u00d3 i G\u00c8NESI (mostra de resid\u00e8ncia): \u00c0lex Rigol i S\u00f2nia S\u00e1nchez - Free Impro Barcelona","og_description":"\u00c0lex Rigol, sound space and creation of the instruments. S\u00f2nia S\u00e1nchez, sound movement and dance. We met at the 22 Mont M\u00fasic Festival in Sant Esteve de Palautordera. Then we met, we made instant composition with all that we are. And now we would like to share creative time to refine, move, inspire and get [&hellip;]","og_url":"https:\/\/freeimprobarcelona.com\/en\/calendar\/inspiracio-i-genesi-mostra-de-residencia-alex-rigol-i-sonia-sanchez\/","og_site_name":"Free Impro Barcelona","article_modified_time":"2023-03-20T11:13:42+00:00","og_image":[{"width":1080,"height":1080,"url":"https:\/\/freeimprobarcelona.com\/wp-content\/uploads\/2023\/03\/332181616_209248228356187_5207039090968819264_n.jpg","type":"image\/jpeg"}],"twitter_card":"summary_large_image","twitter_misc":{"Est. reading time":"1 minute"},"schema":{"@context":"https:\/\/schema.org","@graph":[{"@type":"WebPage","@id":"https:\/\/freeimprobarcelona.com\/en\/calendar\/inspiracio-i-genesi-mostra-de-residencia-alex-rigol-i-sonia-sanchez\/","url":"https:\/\/freeimprobarcelona.com\/en\/calendar\/inspiracio-i-genesi-mostra-de-residencia-alex-rigol-i-sonia-sanchez\/","name":"INSPIRACI\u00d3 i G\u00c8NESI (mostra de resid\u00e8ncia): \u00c0lex Rigol i S\u00f2nia S\u00e1nchez - Free Impro Barcelona","isPartOf":{"@id":"https:\/\/freeimprobarcelona.com\/en\/#website"},"datePublished":"2023-03-20T11:12:03+00:00","dateModified":"2023-03-20T11:13:42+00:00","breadcrumb":{"@id":"https:\/\/freeimprobarcelona.com\/en\/calendar\/inspiracio-i-genesi-mostra-de-residencia-alex-rigol-i-sonia-sanchez\/#breadcrumb"},"inLanguage":"en-US","potentialAction":[{"@type":"ReadAction","target":["https:\/\/freeimprobarcelona.com\/en\/calendar\/inspiracio-i-genesi-mostra-de-residencia-alex-rigol-i-sonia-sanchez\/"]}]},{"@type":"BreadcrumbList","@id":"https:\/\/freeimprobarcelona.com\/en\/calendar\/inspiracio-i-genesi-mostra-de-residencia-alex-rigol-i-sonia-sanchez\/#breadcrumb","itemListElement":[{"@type":"ListItem","position":1,"name":"Home","item":"https:\/\/freeimprobarcelona.com\/en\/"},{"@type":"ListItem","position":2,"name":"Events","item":"https:\/\/freeimprobarcelona.com\/en\/calendar\/"},{"@type":"ListItem","position":3,"name":"INSPIRACI\u00d3 i G\u00c8NESI (mostra de resid\u00e8ncia): \u00c0lex Rigol i S\u00f2nia S\u00e1nchez"}]},{"@type":"WebSite","@id":"https:\/\/freeimprobarcelona.com\/en\/#website","url":"https:\/\/freeimprobarcelona.com\/en\/","name":"Free Impro Barcelona","description":"Free Impro Barcelona","potentialAction":[{"@type":"SearchAction","target":{"@type":"EntryPoint","urlTemplate":"https:\/\/freeimprobarcelona.com\/en\/?s={search_term_string}"},"query-input":"required name=search_term_string"}],"inLanguage":"en-US"}]}},"_links":{"self":[{"href":"https:\/\/freeimprobarcelona.com\/en\/wp-json\/wp\/v2\/mec-events\/3602","targetHints":{"allow":["GET"]}}],"collection":[{"href":"https:\/\/freeimprobarcelona.com\/en\/wp-json\/wp\/v2\/mec-events"}],"about":[{"href":"https:\/\/freeimprobarcelona.com\/en\/wp-json\/wp\/v2\/types\/mec-events"}],"author":[{"embeddable":true,"href":"https:\/\/freeimprobarcelona.com\/en\/wp-json\/wp\/v2\/users\/2"}],"wp:featuredmedia":[{"embeddable":true,"href":"https:\/\/freeimprobarcelona.com\/en\/wp-json\/wp\/v2\/media\/3597"}],"wp:attachment":[{"href":"https:\/\/freeimprobarcelona.com\/en\/wp-json\/wp\/v2\/media?parent=3602"}],"wp:term":[{"taxonomy":"post_tag","embeddable":true,"href":"https:\/\/freeimprobarcelona.com\/en\/wp-json\/wp\/v2\/tags?post=3602"},{"taxonomy":"mec_category","embeddable":true,"href":"https:\/\/freeimprobarcelona.com\/en\/wp-json\/wp\/v2\/mec_category?post=3602"},{"taxonomy":"mec_speaker","embeddable":true,"href":"https:\/\/freeimprobarcelona.com\/en\/wp-json\/wp\/v2\/mec_speaker?post=3602"}],"curies":[{"name":"wp","href":"https:\/\/api.w.org\/{rel}","templated":true}]}}

INSPIRACIÓ i GÈNESI (mostra de residència): Àlex Rigol i Sònia Sánchez

<p>Àlex Rigol, sound space and creation of the instruments.</p>
<p>Sònia Sánchez, sound movement and dance.</p>
<p>We met at the 22 Mont Músic Festival in Sant Esteve de Palautordera. Then we met, we made instant composition with all that we are. And now we would like to share creative time to refine, move, inspire and get to the genesis of this common project.</p>
<p>We are moved by the same concerns and emotions to create a piece of sound movement with a whole collection of instruments of our own creation, which fill the space with textures and sounds interpreted by Àlex Rigol, which will merge with the sound movement and the dance of Sònia Sánchez, looking for a common dream, full of gaps and paths to visit. We have raw material to start with, the shared look of our imaginary micro and macro, of what is not seen, of what remains to be said and is often forgotten. Wood, tendons, iron, muscles, intuition, pulsation, impulse&#8230;</p>
<p>Once again, silence embraces us to continue creating.</p>
<p>Every meeting always leads to different visions and that is why we want to share this first creative residency with everyone interested, closing this process with an open house on the 18th at 7:30 pm at Les Escoles Velles, a space that welcomes us for this new adventure.</p>

<p>Àlex Rigol, sound space and creation of the instruments. Sònia Sánchez, sound movement and dance. We met at the 22 Mont Músic Festival in Sant Esteve de Palautordera. Then we met, we made instant composition with all that we are. And now we would like to share creative time to refine, move, inspire and get [&hellip;]</p>

<!-- This site is optimized with the Yoast SEO plugin v19.9 - https://yoast.com/wordpress/plugins/seo/ -->
<title>INSPIRACIÓ i GÈNESI (mostra de residència): Àlex Rigol i Sònia Sánchez - Free Impro Barcelona</title>
<meta name="robots" content="index, follow, max-snippet:-1, max-image-preview:large, max-video-preview:-1" />
<link rel="canonical" href="https://freeimprobarcelona.com/en/calendar/inspiracio-i-genesi-mostra-de-residencia-alex-rigol-i-sonia-sanchez/" />
<meta property="og:locale" content="en_US" />
<meta property="og:type" content="article" />
<meta property="og:title" content="INSPIRACIÓ i GÈNESI (mostra de residència): Àlex Rigol i Sònia Sánchez - Free Impro Barcelona" />
<meta property="og:description" content="Àlex Rigol, sound space and creation of the instruments. Sònia Sánchez, sound movement and dance. We met at the 22 Mont Músic Festival in Sant Esteve de Palautordera. Then we met, we made instant composition with all that we are. And now we would like to share creative time to refine, move, inspire and get [&hellip;]" />
<meta property="og:url" content="https://freeimprobarcelona.com/en/calendar/inspiracio-i-genesi-mostra-de-residencia-alex-rigol-i-sonia-sanchez/" />
<meta property="og:site_name" content="Free Impro Barcelona" />
<meta property="article:modified_time" content="2023-03-20T11:13:42+00:00" />
<meta property="og:image" content="https://freeimprobarcelona.com/wp-content/uploads/2023/03/332181616_209248228356187_5207039090968819264_n.jpg" />
	<meta property="og:image:width" content="1080" />
	<meta property="og:image:height" content="1080" />
	<meta property="og:image:type" content="image/jpeg" />
<meta name="twitter:card" content="summary_large_image" />
<meta name="twitter:label1" content="Est. reading time" />
	<meta name="twitter:data1" content="1 minute" />
<script type="application/ld+json" class="yoast-schema-graph">{"@context":"https://schema.org","@graph":[{"@type":"WebPage","@id":"https://freeimprobarcelona.com/en/calendar/inspiracio-i-genesi-mostra-de-residencia-alex-rigol-i-sonia-sanchez/","url":"https://freeimprobarcelona.com/en/calendar/inspiracio-i-genesi-mostra-de-residencia-alex-rigol-i-sonia-sanchez/","name":"INSPIRACIÓ i GÈNESI (mostra de residència): Àlex Rigol i Sònia Sánchez - Free Impro Barcelona","isPartOf":{"@id":"https://freeimprobarcelona.com/en/#website"},"datePublished":"2023-03-20T11:12:03+00:00","dateModified":"2023-03-20T11:13:42+00:00","breadcrumb":{"@id":"https://freeimprobarcelona.com/en/calendar/inspiracio-i-genesi-mostra-de-residencia-alex-rigol-i-sonia-sanchez/#breadcrumb"},"inLanguage":"en-US","potentialAction":[{"@type":"ReadAction","target":["https://freeimprobarcelona.com/en/calendar/inspiracio-i-genesi-mostra-de-residencia-alex-rigol-i-sonia-sanchez/"]}]},{"@type":"BreadcrumbList","@id":"https://freeimprobarcelona.com/en/calendar/inspiracio-i-genesi-mostra-de-residencia-alex-rigol-i-sonia-sanchez/#breadcrumb","itemListElement":[{"@type":"ListItem","position":1,"name":"Home","item":"https://freeimprobarcelona.com/en/"},{"@type":"ListItem","position":2,"name":"Events","item":"https://freeimprobarcelona.com/en/calendar/"},{"@type":"ListItem","position":3,"name":"INSPIRACIÓ i GÈNESI (mostra de residència): Àlex Rigol i Sònia Sánchez"}]},{"@type":"WebSite","@id":"https://freeimprobarcelona.com/en/#website","url":"https://freeimprobarcelona.com/en/","name":"Free Impro Barcelona","description":"Free Impro Barcelona","potentialAction":[{"@type":"SearchAction","target":{"@type":"EntryPoint","urlTemplate":"https://freeimprobarcelona.com/en/?s={search_term_string}"},"query-input":"required name=search_term_string"}],"inLanguage":"en-US"}]}</script>
<!-- / Yoast SEO plugin. -->

INSPIRACIÓ i GÈNESI (mostra de residència): Àlex Rigol i Sònia Sánchez - Free Impro Barcelona

Àlex Rigol, sound space and creation of the instruments. Sònia Sánchez, sound movement and dance. We met at the 22 Mont Músic Festival in Sant Esteve de Palautordera. Then we met, we made instant composition with all that we are. And now we would like to share creative time to refine, move, inspire and get [&hellip;]
