{"id":2511,"date":"2022-10-11T09:14:36","date_gmt":"2022-10-11T09:14:36","guid":{"rendered":"https:\/\/freeimprobarcelona.com\/calendar\/musiques-al-carrer-hortes-sings-of-freedom\/"},"modified":"2022-10-11T09:17:33","modified_gmt":"2022-10-11T09:17:33","slug":"musiques-al-carrer-hortes-sings-of-freedom","status":"publish","type":"mec-events","link":"https:\/\/freeimprobarcelona.com\/en\/calendar\/musiques-al-carrer-hortes-sings-of-freedom\/","title":{"rendered":"M\u00fasiques al carrer Hortes: Sings Of Freedom"},"content":{"rendered":"<p id=\"tw-target-text\" class=\"tw-data-text tw-text-large tw-ta\" dir=\"ltr\" data-placeholder=\"Traducci\u00f3n\"><span class=\"Y2IQFc\" lang=\"en\">New edition of M\u00fasiques on Carrer Hortes. This time the Ensemble SINGS OF FREEDOM. <\/span><\/p>\n<p class=\"tw-data-text tw-text-large tw-ta\" dir=\"ltr\" data-placeholder=\"Traducci\u00f3n\"><span class=\"Y2IQFc\" lang=\"en\">Jordi Pallar\u00e8s Percussion and Electronics <\/span><\/p>\n<p class=\"tw-data-text tw-text-large tw-ta\" dir=\"ltr\" data-placeholder=\"Traducci\u00f3n\"><span class=\"Y2IQFc\" lang=\"en\">Amidea Clotet Electric Guitar <\/span><\/p>\n<p class=\"tw-data-text tw-text-large tw-ta\" dir=\"ltr\" data-placeholder=\"Traducci\u00f3n\"><span class=\"Y2IQFc\" lang=\"en\">Javi Garrabella Electric Bass <\/span><\/p>\n<p class=\"tw-data-text tw-text-large tw-ta\" dir=\"ltr\" data-placeholder=\"Traducci\u00f3n\"><span class=\"Y2IQFc\" lang=\"en\">V\u00edctor Colomer Trombone <\/span><\/p>\n<p class=\"tw-data-text tw-text-large tw-ta\" dir=\"ltr\" data-placeholder=\"Traducci\u00f3n\"><span class=\"Y2IQFc\" lang=\"en\">Anngie flute <\/span><\/p>\n<p class=\"tw-data-text tw-text-large tw-ta\" dir=\"ltr\" data-placeholder=\"Traducci\u00f3n\"><span class=\"Y2IQFc\" lang=\"en\">Raimon Mol\u00e0 piano <\/span><\/p>\n<p class=\"tw-data-text tw-text-large tw-ta\" dir=\"ltr\" data-placeholder=\"Traducci\u00f3n\"><span class=\"Y2IQFc\" lang=\"en\">Marcelli Bayer Sax <\/span><\/p>\n<p class=\"tw-data-text tw-text-large tw-ta\" dir=\"ltr\" data-placeholder=\"Traducci\u00f3n\"><span class=\"Y2IQFc\" lang=\"en\">Jonas (we are not very clear) <\/span><\/p>\n<p class=\"tw-data-text tw-text-large tw-ta\" dir=\"ltr\" data-placeholder=\"Traducci\u00f3n\"><span class=\"Y2IQFc\" lang=\"en\">Clara Torner Cello <\/span><\/p>\n<p class=\"tw-data-text tw-text-large tw-ta\" dir=\"ltr\" data-placeholder=\"Traducci\u00f3n\"><span class=\"Y2IQFc\" lang=\"en\">Iv\u00e1n Gonz\u00e1lez Conductor<\/span><\/p>\n<p class=\"tw-data-text tw-text-large tw-ta\" dir=\"ltr\" data-placeholder=\"Traducci\u00f3n\"><span class=\"Y2IQFc\" lang=\"en\">C\/ de les Hortes 5, Poble Sec<\/span><\/p>\n","protected":false},"excerpt":{"rendered":"<p>New edition of M\u00fasiques on Carrer Hortes. This time the Ensemble SINGS OF FREEDOM. Jordi Pallar\u00e8s Percussion and Electronics Amidea Clotet Electric Guitar Javi Garrabella Electric Bass V\u00edctor Colomer Trombone Anngie flute Raimon Mol\u00e0 piano Marcelli Bayer Sax Jonas (we are not very clear) Clara Torner Cello Iv\u00e1n Gonz\u00e1lez Conductor C\/ de les Hortes 5, [&hellip;]<\/p>\n","protected":false},"author":2,"featured_media":2509,"template":"","meta":{"_et_pb_use_builder":"","_et_pb_old_content":"","_et_gb_content_width":""},"tags":[],"mec_category":[383],"mec_speaker":[184,745,362,503,386,400,776,367],"class_list":["post-2511","mec-events","type-mec-events","status-publish","has-post-thumbnail","hentry","mec_category-cicle-la-base-en"],"yoast_head":"<!-- This site is optimized with the Yoast SEO plugin v19.9 - https:\/\/yoast.com\/wordpress\/plugins\/seo\/ -->\n<title>M\u00fasiques al carrer Hortes: Sings Of Freedom - Free Impro Barcelona<\/title>\n<meta name=\"robots\" content=\"index, follow, max-snippet:-1, max-image-preview:large, max-video-preview:-1\" \/>\n<link rel=\"canonical\" href=\"https:\/\/freeimprobarcelona.com\/en\/calendar\/musiques-al-carrer-hortes-sings-of-freedom\/\" \/>\n<meta property=\"og:locale\" content=\"en_US\" \/>\n<meta property=\"og:type\" content=\"article\" \/>\n<meta property=\"og:title\" content=\"M\u00fasiques al carrer Hortes: Sings Of Freedom - Free Impro Barcelona\" \/>\n<meta property=\"og:description\" content=\"New edition of M\u00fasiques on Carrer Hortes. This time the Ensemble SINGS OF FREEDOM. Jordi Pallar\u00e8s Percussion and Electronics Amidea Clotet Electric Guitar Javi Garrabella Electric Bass V\u00edctor Colomer Trombone Anngie flute Raimon Mol\u00e0 piano Marcelli Bayer Sax Jonas (we are not very clear) Clara Torner Cello Iv\u00e1n Gonz\u00e1lez Conductor C\/ de les Hortes 5, [&hellip;]\" \/>\n<meta property=\"og:url\" content=\"https:\/\/freeimprobarcelona.com\/en\/calendar\/musiques-al-carrer-hortes-sings-of-freedom\/\" \/>\n<meta property=\"og:site_name\" content=\"Free Impro Barcelona\" \/>\n<meta property=\"article:modified_time\" content=\"2022-10-11T09:17:33+00:00\" \/>\n<meta property=\"og:image\" content=\"https:\/\/freeimprobarcelona.com\/wp-content\/uploads\/2022\/10\/WhatsApp-Image-2022-10-11-at-10.40.02.jpeg\" \/>\n\t<meta property=\"og:image:width\" content=\"452\" \/>\n\t<meta property=\"og:image:height\" content=\"640\" \/>\n\t<meta property=\"og:image:type\" content=\"image\/jpeg\" \/>\n<meta name=\"twitter:card\" content=\"summary_large_image\" \/>\n<script type=\"application\/ld+json\" class=\"yoast-schema-graph\">{\"@context\":\"https:\/\/schema.org\",\"@graph\":[{\"@type\":\"WebPage\",\"@id\":\"https:\/\/freeimprobarcelona.com\/en\/calendar\/musiques-al-carrer-hortes-sings-of-freedom\/\",\"url\":\"https:\/\/freeimprobarcelona.com\/en\/calendar\/musiques-al-carrer-hortes-sings-of-freedom\/\",\"name\":\"M\u00fasiques al carrer Hortes: Sings Of Freedom - Free Impro Barcelona\",\"isPartOf\":{\"@id\":\"https:\/\/freeimprobarcelona.com\/en\/#website\"},\"datePublished\":\"2022-10-11T09:14:36+00:00\",\"dateModified\":\"2022-10-11T09:17:33+00:00\",\"breadcrumb\":{\"@id\":\"https:\/\/freeimprobarcelona.com\/en\/calendar\/musiques-al-carrer-hortes-sings-of-freedom\/#breadcrumb\"},\"inLanguage\":\"en-US\",\"potentialAction\":[{\"@type\":\"ReadAction\",\"target\":[\"https:\/\/freeimprobarcelona.com\/en\/calendar\/musiques-al-carrer-hortes-sings-of-freedom\/\"]}]},{\"@type\":\"BreadcrumbList\",\"@id\":\"https:\/\/freeimprobarcelona.com\/en\/calendar\/musiques-al-carrer-hortes-sings-of-freedom\/#breadcrumb\",\"itemListElement\":[{\"@type\":\"ListItem\",\"position\":1,\"name\":\"Home\",\"item\":\"https:\/\/freeimprobarcelona.com\/en\/\"},{\"@type\":\"ListItem\",\"position\":2,\"name\":\"Events\",\"item\":\"https:\/\/freeimprobarcelona.com\/en\/calendar\/\"},{\"@type\":\"ListItem\",\"position\":3,\"name\":\"M\u00fasiques al carrer Hortes: Sings Of Freedom\"}]},{\"@type\":\"WebSite\",\"@id\":\"https:\/\/freeimprobarcelona.com\/en\/#website\",\"url\":\"https:\/\/freeimprobarcelona.com\/en\/\",\"name\":\"Free Impro Barcelona\",\"description\":\"Free Impro Barcelona\",\"potentialAction\":[{\"@type\":\"SearchAction\",\"target\":{\"@type\":\"EntryPoint\",\"urlTemplate\":\"https:\/\/freeimprobarcelona.com\/en\/?s={search_term_string}\"},\"query-input\":\"required name=search_term_string\"}],\"inLanguage\":\"en-US\"}]}<\/script>\n<!-- \/ Yoast SEO plugin. -->","yoast_head_json":{"title":"M\u00fasiques al carrer Hortes: Sings Of Freedom - Free Impro Barcelona","robots":{"index":"index","follow":"follow","max-snippet":"max-snippet:-1","max-image-preview":"max-image-preview:large","max-video-preview":"max-video-preview:-1"},"canonical":"https:\/\/freeimprobarcelona.com\/en\/calendar\/musiques-al-carrer-hortes-sings-of-freedom\/","og_locale":"en_US","og_type":"article","og_title":"M\u00fasiques al carrer Hortes: Sings Of Freedom - Free Impro Barcelona","og_description":"New edition of M\u00fasiques on Carrer Hortes. This time the Ensemble SINGS OF FREEDOM. Jordi Pallar\u00e8s Percussion and Electronics Amidea Clotet Electric Guitar Javi Garrabella Electric Bass V\u00edctor Colomer Trombone Anngie flute Raimon Mol\u00e0 piano Marcelli Bayer Sax Jonas (we are not very clear) Clara Torner Cello Iv\u00e1n Gonz\u00e1lez Conductor C\/ de les Hortes 5, [&hellip;]","og_url":"https:\/\/freeimprobarcelona.com\/en\/calendar\/musiques-al-carrer-hortes-sings-of-freedom\/","og_site_name":"Free Impro Barcelona","article_modified_time":"2022-10-11T09:17:33+00:00","og_image":[{"width":452,"height":640,"url":"https:\/\/freeimprobarcelona.com\/wp-content\/uploads\/2022\/10\/WhatsApp-Image-2022-10-11-at-10.40.02.jpeg","type":"image\/jpeg"}],"twitter_card":"summary_large_image","schema":{"@context":"https:\/\/schema.org","@graph":[{"@type":"WebPage","@id":"https:\/\/freeimprobarcelona.com\/en\/calendar\/musiques-al-carrer-hortes-sings-of-freedom\/","url":"https:\/\/freeimprobarcelona.com\/en\/calendar\/musiques-al-carrer-hortes-sings-of-freedom\/","name":"M\u00fasiques al carrer Hortes: Sings Of Freedom - Free Impro Barcelona","isPartOf":{"@id":"https:\/\/freeimprobarcelona.com\/en\/#website"},"datePublished":"2022-10-11T09:14:36+00:00","dateModified":"2022-10-11T09:17:33+00:00","breadcrumb":{"@id":"https:\/\/freeimprobarcelona.com\/en\/calendar\/musiques-al-carrer-hortes-sings-of-freedom\/#breadcrumb"},"inLanguage":"en-US","potentialAction":[{"@type":"ReadAction","target":["https:\/\/freeimprobarcelona.com\/en\/calendar\/musiques-al-carrer-hortes-sings-of-freedom\/"]}]},{"@type":"BreadcrumbList","@id":"https:\/\/freeimprobarcelona.com\/en\/calendar\/musiques-al-carrer-hortes-sings-of-freedom\/#breadcrumb","itemListElement":[{"@type":"ListItem","position":1,"name":"Home","item":"https:\/\/freeimprobarcelona.com\/en\/"},{"@type":"ListItem","position":2,"name":"Events","item":"https:\/\/freeimprobarcelona.com\/en\/calendar\/"},{"@type":"ListItem","position":3,"name":"M\u00fasiques al carrer Hortes: Sings Of Freedom"}]},{"@type":"WebSite","@id":"https:\/\/freeimprobarcelona.com\/en\/#website","url":"https:\/\/freeimprobarcelona.com\/en\/","name":"Free Impro Barcelona","description":"Free Impro Barcelona","potentialAction":[{"@type":"SearchAction","target":{"@type":"EntryPoint","urlTemplate":"https:\/\/freeimprobarcelona.com\/en\/?s={search_term_string}"},"query-input":"required name=search_term_string"}],"inLanguage":"en-US"}]}},"_links":{"self":[{"href":"https:\/\/freeimprobarcelona.com\/en\/wp-json\/wp\/v2\/mec-events\/2511","targetHints":{"allow":["GET"]}}],"collection":[{"href":"https:\/\/freeimprobarcelona.com\/en\/wp-json\/wp\/v2\/mec-events"}],"about":[{"href":"https:\/\/freeimprobarcelona.com\/en\/wp-json\/wp\/v2\/types\/mec-events"}],"author":[{"embeddable":true,"href":"https:\/\/freeimprobarcelona.com\/en\/wp-json\/wp\/v2\/users\/2"}],"wp:featuredmedia":[{"embeddable":true,"href":"https:\/\/freeimprobarcelona.com\/en\/wp-json\/wp\/v2\/media\/2509"}],"wp:attachment":[{"href":"https:\/\/freeimprobarcelona.com\/en\/wp-json\/wp\/v2\/media?parent=2511"}],"wp:term":[{"taxonomy":"post_tag","embeddable":true,"href":"https:\/\/freeimprobarcelona.com\/en\/wp-json\/wp\/v2\/tags?post=2511"},{"taxonomy":"mec_category","embeddable":true,"href":"https:\/\/freeimprobarcelona.com\/en\/wp-json\/wp\/v2\/mec_category?post=2511"},{"taxonomy":"mec_speaker","embeddable":true,"href":"https:\/\/freeimprobarcelona.com\/en\/wp-json\/wp\/v2\/mec_speaker?post=2511"}],"curies":[{"name":"wp","href":"https:\/\/api.w.org\/{rel}","templated":true}]}}

Músiques al carrer Hortes: Sings Of Freedom

<p id="tw-target-text" class="tw-data-text tw-text-large tw-ta" dir="ltr" data-placeholder="Traducción"><span class="Y2IQFc" lang="en">New edition of Músiques on Carrer Hortes. This time the Ensemble SINGS OF FREEDOM. </span></p>
<p class="tw-data-text tw-text-large tw-ta" dir="ltr" data-placeholder="Traducción"><span class="Y2IQFc" lang="en">Jordi Pallarès Percussion and Electronics </span></p>
<p class="tw-data-text tw-text-large tw-ta" dir="ltr" data-placeholder="Traducción"><span class="Y2IQFc" lang="en">Amidea Clotet Electric Guitar </span></p>
<p class="tw-data-text tw-text-large tw-ta" dir="ltr" data-placeholder="Traducción"><span class="Y2IQFc" lang="en">Javi Garrabella Electric Bass </span></p>
<p class="tw-data-text tw-text-large tw-ta" dir="ltr" data-placeholder="Traducción"><span class="Y2IQFc" lang="en">Víctor Colomer Trombone </span></p>
<p class="tw-data-text tw-text-large tw-ta" dir="ltr" data-placeholder="Traducción"><span class="Y2IQFc" lang="en">Anngie flute </span></p>
<p class="tw-data-text tw-text-large tw-ta" dir="ltr" data-placeholder="Traducción"><span class="Y2IQFc" lang="en">Raimon Molà piano </span></p>
<p class="tw-data-text tw-text-large tw-ta" dir="ltr" data-placeholder="Traducción"><span class="Y2IQFc" lang="en">Marcelli Bayer Sax </span></p>
<p class="tw-data-text tw-text-large tw-ta" dir="ltr" data-placeholder="Traducción"><span class="Y2IQFc" lang="en">Jonas (we are not very clear) </span></p>
<p class="tw-data-text tw-text-large tw-ta" dir="ltr" data-placeholder="Traducción"><span class="Y2IQFc" lang="en">Clara Torner Cello </span></p>
<p class="tw-data-text tw-text-large tw-ta" dir="ltr" data-placeholder="Traducción"><span class="Y2IQFc" lang="en">Iván González Conductor</span></p>
<p class="tw-data-text tw-text-large tw-ta" dir="ltr" data-placeholder="Traducción"><span class="Y2IQFc" lang="en">C/ de les Hortes 5, Poble Sec</span></p>

<p>New edition of Músiques on Carrer Hortes. This time the Ensemble SINGS OF FREEDOM. Jordi Pallarès Percussion and Electronics Amidea Clotet Electric Guitar Javi Garrabella Electric Bass Víctor Colomer Trombone Anngie flute Raimon Molà piano Marcelli Bayer Sax Jonas (we are not very clear) Clara Torner Cello Iván González Conductor C/ de les Hortes 5, [&hellip;]</p>

<!-- This site is optimized with the Yoast SEO plugin v19.9 - https://yoast.com/wordpress/plugins/seo/ -->
<title>Músiques al carrer Hortes: Sings Of Freedom - Free Impro Barcelona</title>
<meta name="robots" content="index, follow, max-snippet:-1, max-image-preview:large, max-video-preview:-1" />
<link rel="canonical" href="https://freeimprobarcelona.com/en/calendar/musiques-al-carrer-hortes-sings-of-freedom/" />
<meta property="og:locale" content="en_US" />
<meta property="og:type" content="article" />
<meta property="og:title" content="Músiques al carrer Hortes: Sings Of Freedom - Free Impro Barcelona" />
<meta property="og:description" content="New edition of Músiques on Carrer Hortes. This time the Ensemble SINGS OF FREEDOM. Jordi Pallarès Percussion and Electronics Amidea Clotet Electric Guitar Javi Garrabella Electric Bass Víctor Colomer Trombone Anngie flute Raimon Molà piano Marcelli Bayer Sax Jonas (we are not very clear) Clara Torner Cello Iván González Conductor C/ de les Hortes 5, [&hellip;]" />
<meta property="og:url" content="https://freeimprobarcelona.com/en/calendar/musiques-al-carrer-hortes-sings-of-freedom/" />
<meta property="og:site_name" content="Free Impro Barcelona" />
<meta property="article:modified_time" content="2022-10-11T09:17:33+00:00" />
<meta property="og:image" content="https://freeimprobarcelona.com/wp-content/uploads/2022/10/WhatsApp-Image-2022-10-11-at-10.40.02.jpeg" />
	<meta property="og:image:width" content="452" />
	<meta property="og:image:height" content="640" />
	<meta property="og:image:type" content="image/jpeg" />
<meta name="twitter:card" content="summary_large_image" />
<script type="application/ld+json" class="yoast-schema-graph">{"@context":"https://schema.org","@graph":[{"@type":"WebPage","@id":"https://freeimprobarcelona.com/en/calendar/musiques-al-carrer-hortes-sings-of-freedom/","url":"https://freeimprobarcelona.com/en/calendar/musiques-al-carrer-hortes-sings-of-freedom/","name":"Músiques al carrer Hortes: Sings Of Freedom - Free Impro Barcelona","isPartOf":{"@id":"https://freeimprobarcelona.com/en/#website"},"datePublished":"2022-10-11T09:14:36+00:00","dateModified":"2022-10-11T09:17:33+00:00","breadcrumb":{"@id":"https://freeimprobarcelona.com/en/calendar/musiques-al-carrer-hortes-sings-of-freedom/#breadcrumb"},"inLanguage":"en-US","potentialAction":[{"@type":"ReadAction","target":["https://freeimprobarcelona.com/en/calendar/musiques-al-carrer-hortes-sings-of-freedom/"]}]},{"@type":"BreadcrumbList","@id":"https://freeimprobarcelona.com/en/calendar/musiques-al-carrer-hortes-sings-of-freedom/#breadcrumb","itemListElement":[{"@type":"ListItem","position":1,"name":"Home","item":"https://freeimprobarcelona.com/en/"},{"@type":"ListItem","position":2,"name":"Events","item":"https://freeimprobarcelona.com/en/calendar/"},{"@type":"ListItem","position":3,"name":"Músiques al carrer Hortes: Sings Of Freedom"}]},{"@type":"WebSite","@id":"https://freeimprobarcelona.com/en/#website","url":"https://freeimprobarcelona.com/en/","name":"Free Impro Barcelona","description":"Free Impro Barcelona","potentialAction":[{"@type":"SearchAction","target":{"@type":"EntryPoint","urlTemplate":"https://freeimprobarcelona.com/en/?s={search_term_string}"},"query-input":"required name=search_term_string"}],"inLanguage":"en-US"}]}</script>
<!-- / Yoast SEO plugin. -->

Músiques al carrer Hortes: Sings Of Freedom - Free Impro Barcelona

New edition of Músiques on Carrer Hortes. This time the Ensemble SINGS OF FREEDOM. Jordi Pallarès Percussion and Electronics Amidea Clotet Electric Guitar Javi Garrabella Electric Bass Víctor Colomer Trombone Anngie flute Raimon Molà piano Marcelli Bayer Sax Jonas (we are not very clear) Clara Torner Cello Iván González Conductor C/ de les Hortes 5, [&hellip;]
